{"id":32,"date":"2014-09-18T12:31:33","date_gmt":"2014-09-18T11:31:33","guid":{"rendered":"http:\/\/agora.xtec.cat\/esc-la-cabana\/?page_id=32"},"modified":"2025-06-28T12:42:48","modified_gmt":"2025-06-28T10:42:48","slug":"calendari-del-curs","status":"publish","type":"page","link":"https:\/\/agora.xtec.cat\/esc-la-cabana\/lescola\/calendari-del-curs\/","title":{"rendered":"Calendari del curs 2025-2026"},"content":{"rendered":"<h4><strong>Inici de curs:<\/strong><\/h4>\n<p>8 de setembre de 2025<\/p>\n<h4><strong>Acabament del curs:<\/strong><\/h4>\n<p>19 de juny de 2026<\/p>\n<h4><strong>Vacances:<\/strong><\/h4>\n<p>Nadal: Del 22 de desembre de 2025 al 7 de gener de 2026 (ambd\u00f3s inclosos)<\/p>\n<p>Setmana santa: Del 28 de mar\u00e7 al 6 d&#8217;abril de 2026 (ambd\u00f3s inclosos)<\/p>\n<h4><strong>Dies festius de lliure disposici\u00f3:<\/strong><\/h4>\n<p>03 de novembre de 2025<\/p>\n<p>09 de desembre de 2025<\/p>\n<p>16 de febrer de 2026<\/p>\n<p>13 de mar\u00e7 de 2026<\/p>\n<p>30 d&#8217;abril de 2026<\/p>\n<p>25 de maig de 2026<\/p>\n<h4><strong>Festa de la comunitat:<\/strong><\/h4>\n<p>11 de setembre de 2025<\/p>\n<p>8 de desembre de 2025<\/p>\n<p>1 de maig de 2026<\/p>\n<h4><strong>Jornada continuada (08:30h-12:30h):<\/strong><\/h4>\n<p>19 de desembre de 2025<\/p>\n<p>Del 8 al 19 de juny de 2026<\/p>\n<h4><\/h4>\n<h4 style=\"text-align: center;\"><strong>Us deixem el link per si us el voleu descarregar<\/strong><\/h4>\n<h4 style=\"text-align: center;\"><strong><a href=\"https:\/\/agora.xtec.cat\/esc-la-cabana\/wp-content\/uploads\/usu849\/2025\/06\/Calendari-2025-2026.pdf\" target=\"_blank\" rel=\"noopener\">Calendari 2025- 2026<\/a><\/strong><\/h4>\n<p>&nbsp;<\/p>\n<h4><strong>Horari:<\/strong><\/h4>\n<p><a href=\"https:\/\/agora.xtec.cat\/esc-la-cabana\/wp-content\/uploads\/usu849\/2021\/11\/rellotge.png\"><img loading=\"lazy\" decoding=\"async\" class=\" wp-image-18201 alignleft\" src=\"https:\/\/agora.xtec.cat\/esc-la-cabana\/wp-content\/uploads\/usu849\/2021\/11\/rellotge.png\" alt=\"\" width=\"63\" height=\"63\" srcset=\"https:\/\/agora.xtec.cat\/esc-la-cabana\/wp-content\/uploads\/usu849\/2021\/11\/rellotge.png 225w, https:\/\/agora.xtec.cat\/esc-la-cabana\/wp-content\/uploads\/usu849\/2021\/11\/rellotge-150x150.png 150w\" sizes=\"auto, (max-width: 63px) 100vw, 63px\" \/><\/a><\/p>\n<p>L\u2019<b>horari lectiu<\/b> del centre \u00e9s de 8:30h a 12:00h i de 15:00h a 16:30 h per a tot l&#8217;alumnat<br \/>\nL&#8217;<strong>horari compactat<\/strong> de 8:30h a 12:30h. Els alumnes que utilitzen el servei de menjador surten a les 15:30h.<\/p>\n<p>&nbsp;<\/p>\n<p style=\"text-align: center;\">Per l&#8217;alumnat d&#8217;I3, s\u2019organitza un breu per\u00edode d\u2019adaptaci\u00f3 que suposa una certa modificaci\u00f3 dels horaris dels primers dies de classe i que es fa saber a les fam\u00edlies en la reuni\u00f3 de matriculaci\u00f3.<\/p>\n","protected":false},"excerpt":{"rendered":"<p>Inici de curs: 8 de setembre de 2025 Acabament del curs: 19 de juny de 2026 Vacances: Nadal: Del 22 de desembre de 2025 al 7 de gener de 2026 (ambd\u00f3s inclosos) Setmana santa: Del 28 de mar\u00e7 al 6 d&#8217;abril de 2026 (ambd\u00f3s inclosos) Dies festius de lliure disposici\u00f3: 03 de novembre de 2025 [&hellip;]<\/p>\n","protected":false},"author":1,"featured_media":0,"parent":22,"menu_order":50,"comment_status":"closed","ping_status":"closed","template":"page-templates\/side-menu.php","meta":{"_bbp_topic_count":0,"_bbp_reply_count":0,"_bbp_total_topic_count":0,"_bbp_total_reply_count":0,"_bbp_voice_count":0,"_bbp_anonymous_reply_count":0,"_bbp_topic_count_hidden":0,"_bbp_reply_count_hidden":0,"_bbp_forum_subforum_count":0,"site-sidebar-layout":"default","site-content-layout":"","ast-site-content-layout":"","site-content-style":"default","site-sidebar-style":"default","ast-global-header-display":"","ast-banner-title-visibility":"","ast-main-header-display":"","ast-hfb-above-header-display":"","ast-hfb-below-header-display":"","ast-hfb-mobile-header-display":"","site-post-title":"","ast-breadcrumbs-content":"","ast-featured-img":"","footer-sml-layout":"","theme-transparent-header-meta":"","adv-header-id-meta":"","stick-header-meta":"","header-above-stick-meta":"","header-main-stick-meta":"","header-below-stick-meta":"","astra-migrate-meta-layouts":"default","ast-page-background-enabled":"default","ast-page-background-meta":{"desktop":{"background-color":"var(--ast-global-color-4)","background-image":"","background-repeat":"repeat","background-position":"center center","background-size":"auto","background-attachment":"scroll","background-type":"","background-media":"","overlay-type":"","overlay-color":"","overlay-opacity":"","overlay-gradient":""},"tablet":{"background-color":"","background-image":"","background-repeat":"repeat","background-position":"center center","background-size":"auto","background-attachment":"scroll","background-type":"","background-media":"","overlay-type":"","overlay-color":"","overlay-opacity":"","overlay-gradient":""},"mobile":{"background-color":"","background-image":"","background-repeat":"repeat","background-position":"center center","background-size":"auto","background-attachment":"scroll","background-type":"","background-media":"","overlay-type":"","overlay-color":"","overlay-opacity":"","overlay-gradient":""}},"ast-content-background-meta":{"desktop":{"background-color":"var(--ast-global-color-5)","background-image":"","background-repeat":"repeat","background-position":"center center","background-size":"auto","background-attachment":"scroll","background-type":"","background-media":"","overlay-type":"","overlay-color":"","overlay-opacity":"","overlay-gradient":""},"tablet":{"background-color":"var(--ast-global-color-5)","background-image":"","background-repeat":"repeat","background-position":"center center","background-size":"auto","background-attachment":"scroll","background-type":"","background-media":"","overlay-type":"","overlay-color":"","overlay-opacity":"","overlay-gradient":""},"mobile":{"background-color":"var(--ast-global-color-5)","background-image":"","background-repeat":"repeat","background-position":"center center","background-size":"auto","background-attachment":"scroll","background-type":"","background-media":"","overlay-type":"","overlay-color":"","overlay-opacity":"","overlay-gradient":""}},"footnotes":""},"class_list":["post-32","page","type-page","status-publish","hentry"],"post_mailing_queue_ids":[],"_links":{"self":[{"href":"https:\/\/agora.xtec.cat\/esc-la-cabana\/wp-json\/wp\/v2\/pages\/32","targetHints":{"allow":["GET"]}}],"collection":[{"href":"https:\/\/agora.xtec.cat\/esc-la-cabana\/wp-json\/wp\/v2\/pages"}],"about":[{"href":"https:\/\/agora.xtec.cat\/esc-la-cabana\/wp-json\/wp\/v2\/types\/page"}],"author":[{"embeddable":true,"href":"https:\/\/agora.xtec.cat\/esc-la-cabana\/wp-json\/wp\/v2\/users\/1"}],"replies":[{"embeddable":true,"href":"https:\/\/agora.xtec.cat\/esc-la-cabana\/wp-json\/wp\/v2\/comments?post=32"}],"version-history":[{"count":6,"href":"https:\/\/agora.xtec.cat\/esc-la-cabana\/wp-json\/wp\/v2\/pages\/32\/revisions"}],"predecessor-version":[{"id":21480,"href":"https:\/\/agora.xtec.cat\/esc-la-cabana\/wp-json\/wp\/v2\/pages\/32\/revisions\/21480"}],"up":[{"embeddable":true,"href":"https:\/\/agora.xtec.cat\/esc-la-cabana\/wp-json\/wp\/v2\/pages\/22"}],"wp:attachment":[{"href":"https:\/\/agora.xtec.cat\/esc-la-cabana\/wp-json\/wp\/v2\/media?parent=32"}],"curies":[{"name":"wp","href":"https:\/\/api.w.org\/{rel}","templated":true}]}}

<h4><strong>Inici de curs:</strong></h4>
<p>8 de setembre de 2025</p>
<h4><strong>Acabament del curs:</strong></h4>
<p>19 de juny de 2026</p>
<h4><strong>Vacances:</strong></h4>
<p>Nadal: Del 22 de desembre de 2025 al 7 de gener de 2026 (ambdós inclosos)</p>
<p>Setmana santa: Del 28 de març al 6 d&#8217;abril de 2026 (ambdós inclosos)</p>
<h4><strong>Dies festius de lliure disposició:</strong></h4>
<p>03 de novembre de 2025</p>
<p>09 de desembre de 2025</p>
<p>16 de febrer de 2026</p>
<p>13 de març de 2026</p>
<p>30 d&#8217;abril de 2026</p>
<p>25 de maig de 2026</p>
<h4><strong>Festa de la comunitat:</strong></h4>
<p>11 de setembre de 2025</p>
<p>8 de desembre de 2025</p>
<p>1 de maig de 2026</p>
<h4><strong>Jornada continuada (08:30h-12:30h):</strong></h4>
<p>19 de desembre de 2025</p>
<p>Del 8 al 19 de juny de 2026</p>
<h4></h4>
<h4 style="text-align: center;"><strong>Us deixem el link per si us el voleu descarregar</strong></h4>
<h4 style="text-align: center;"><strong><a href="https://agora.xtec.cat/esc-la-cabana/wp-content/uploads/usu849/2025/06/Calendari-2025-2026.pdf" target="_blank" rel="noopener">Calendari 2025- 2026</a></strong></h4>
<p>&nbsp;</p>
<h4><strong>Horari:</strong></h4>
<p><a href="https://agora.xtec.cat/esc-la-cabana/wp-content/uploads/usu849/2021/11/rellotge.png"><img loading="lazy" decoding="async" class=" wp-image-18201 alignleft" src="https://agora.xtec.cat/esc-la-cabana/wp-content/uploads/usu849/2021/11/rellotge.png" alt="" width="63" height="63" srcset="https://agora.xtec.cat/esc-la-cabana/wp-content/uploads/usu849/2021/11/rellotge.png 225w, https://agora.xtec.cat/esc-la-cabana/wp-content/uploads/usu849/2021/11/rellotge-150x150.png 150w" sizes="auto, (max-width: 63px) 100vw, 63px" /></a></p>
<p>L’<b>horari lectiu</b> del centre és de 8:30h a 12:00h i de 15:00h a 16:30 h per a tot l&#8217;alumnat<br />
L&#8217;<strong>horari compactat</strong> de 8:30h a 12:30h. Els alumnes que utilitzen el servei de menjador surten a les 15:30h.</p>
<p>&nbsp;</p>
<p style="text-align: center;">Per l&#8217;alumnat d&#8217;I3, s’organitza un breu període d’adaptació que suposa una certa modificació dels horaris dels primers dies de classe i que es fa saber a les famílies en la reunió de matriculació.</p>

<p>Inici de curs: 8 de setembre de 2025 Acabament del curs: 19 de juny de 2026 Vacances: Nadal: Del 22 de desembre de 2025 al 7 de gener de 2026 (ambdós inclosos) Setmana santa: Del 28 de març al 6 d&#8217;abril de 2026 (ambdós inclosos) Dies festius de lliure disposició: 03 de novembre de 2025 [&hellip;]</p>
