{"id":19002,"date":"2022-09-12T10:06:15","date_gmt":"2022-09-12T08:06:15","guid":{"rendered":"https:\/\/agora.xtec.cat\/esc-la-cabana\/?page_id=19002"},"modified":"2025-11-24T13:00:43","modified_gmt":"2025-11-24T12:00:43","slug":"reunions-dinici-de-curs-2022-23","status":"publish","type":"page","link":"https:\/\/agora.xtec.cat\/esc-la-cabana\/lescola\/reunions-dinici-de-curs-2022-23\/","title":{"rendered":"Reunions d&#8217;inici de curs 2025-26 i Sortides"},"content":{"rendered":"<p>&nbsp;<\/p>\n<p>Aquest curs totes les reunions d&#8217;inici de curs es realitzen a la biblioteca del centre. En finalitzar es puja a les aules per tal de poder visitar-les i con\u00e8ixer on es troben els nens i les nenes.<\/p>\n<p>La reuni\u00f3 d&#8217;Educaci\u00f3 Infantil es va fer el dia 3 de setembre de 2025 a les 17:30h.<\/p>\n<p><em><strong>Clica aqu\u00ed <\/strong>per descarregar-te la informaci\u00f3 de la reuni\u00f3 i Sortides i activitats _2024-2025.docx.<\/em><\/p>\n<p><img decoding=\"async\" src=\"https:\/\/agora.xtec.cat\/esc-la-cabana\/wp-content\/uploads\/usu849\/2024\/09\/Reunio-dinici-de-curs-EI-24-25.jpg\" \/><\/p>\n<p>&nbsp;<\/p>\n<p><img decoding=\"async\" src=\"https:\/\/agora.xtec.cat\/esc-la-cabana\/wp-content\/uploads\/usu849\/2024\/09\/2.jpg\" \/><\/p>\n<p>Les reunions d&#8217;Educaci\u00f3 Prim\u00e0ria es van fer els seg\u00fcents dies, en horari de 16:45h :<\/p>\n<p>Dilluns 4 de setembre a les 17:30h Primer Cicle.<\/p>\n<p>Dimarts 17 de setembre a les 16:45h Segon Cicle<\/p>\n<p>Dimecres 16 de setembre a les 16:45hTercer Cicle<\/p>\n<p><em><a href=\"https:\/\/agora.xtec.cat\/esc-la-cabana\/wp-content\/uploads\/usu849\/2024\/09\/Reunio-Inici-de-curs-EP-24-25-1.pdf\" target=\"_blank\" rel=\"noopener\"><strong>Clica aqu\u00ed <\/strong><\/a>per descarregar-te la informaci\u00f3 de la reuni\u00f3.<\/em><\/p>\n<p><img decoding=\"async\" src=\"https:\/\/agora.xtec.cat\/esc-la-cabana\/wp-content\/uploads\/usu849\/2024\/09\/Reunio-Inici-de-curs-EP-24-25.jpg\" \/><\/p>\n<p>&nbsp;<\/p>\n<p><img decoding=\"async\" src=\"https:\/\/agora.xtec.cat\/esc-la-cabana\/wp-content\/uploads\/usu849\/2024\/09\/Reunio-Inici-de-curs-EP-24-25-2.jpg\" \/><\/p>\n","protected":false},"excerpt":{"rendered":"<p>&nbsp; Aquest curs totes les reunions d&#8217;inici de curs es realitzen a la biblioteca del centre. En finalitzar es puja a les aules per tal de poder visitar-les i con\u00e8ixer on es troben els nens i les nenes. La reuni\u00f3 d&#8217;Educaci\u00f3 Infantil es va fer el dia 3 de setembre de 2025 a les 17:30h. [&hellip;]<\/p>\n","protected":false},"author":1,"featured_media":0,"parent":22,"menu_order":0,"comment_status":"closed","ping_status":"closed","template":"page-templates\/side-menu.php","meta":{"_bbp_topic_count":0,"_bbp_reply_count":0,"_bbp_total_topic_count":0,"_bbp_total_reply_count":0,"_bbp_voice_count":0,"_bbp_anonymous_reply_count":0,"_bbp_topic_count_hidden":0,"_bbp_reply_count_hidden":0,"_bbp_forum_subforum_count":0,"site-sidebar-layout":"default","site-content-layout":"","ast-site-content-layout":"","site-content-style":"default","site-sidebar-style":"default","ast-global-header-display":"","ast-banner-title-visibility":"","ast-main-header-display":"","ast-hfb-above-header-display":"","ast-hfb-below-header-display":"","ast-hfb-mobile-header-display":"","site-post-title":"","ast-breadcrumbs-content":"","ast-featured-img":"","footer-sml-layout":"","theme-transparent-header-meta":"","adv-header-id-meta":"","stick-header-meta":"","header-above-stick-meta":"","header-main-stick-meta":"","header-below-stick-meta":"","astra-migrate-meta-layouts":"default","ast-page-background-enabled":"default","ast-page-background-meta":{"desktop":{"background-color":"var(--ast-global-color-4)","background-image":"","background-repeat":"repeat","background-position":"center center","background-size":"auto","background-attachment":"scroll","background-type":"","background-media":"","overlay-type":"","overlay-color":"","overlay-opacity":"","overlay-gradient":""},"tablet":{"background-color":"","background-image":"","background-repeat":"repeat","background-position":"center center","background-size":"auto","background-attachment":"scroll","background-type":"","background-media":"","overlay-type":"","overlay-color":"","overlay-opacity":"","overlay-gradient":""},"mobile":{"background-color":"","background-image":"","background-repeat":"repeat","background-position":"center center","background-size":"auto","background-attachment":"scroll","background-type":"","background-media":"","overlay-type":"","overlay-color":"","overlay-opacity":"","overlay-gradient":""}},"ast-content-background-meta":{"desktop":{"background-color":"var(--ast-global-color-5)","background-image":"","background-repeat":"repeat","background-position":"center center","background-size":"auto","background-attachment":"scroll","background-type":"","background-media":"","overlay-type":"","overlay-color":"","overlay-opacity":"","overlay-gradient":""},"tablet":{"background-color":"var(--ast-global-color-5)","background-image":"","background-repeat":"repeat","background-position":"center center","background-size":"auto","background-attachment":"scroll","background-type":"","background-media":"","overlay-type":"","overlay-color":"","overlay-opacity":"","overlay-gradient":""},"mobile":{"background-color":"var(--ast-global-color-5)","background-image":"","background-repeat":"repeat","background-position":"center center","background-size":"auto","background-attachment":"scroll","background-type":"","background-media":"","overlay-type":"","overlay-color":"","overlay-opacity":"","overlay-gradient":""}},"footnotes":""},"class_list":["post-19002","page","type-page","status-publish","hentry"],"post_mailing_queue_ids":[],"_links":{"self":[{"href":"https:\/\/agora.xtec.cat\/esc-la-cabana\/wp-json\/wp\/v2\/pages\/19002","targetHints":{"allow":["GET"]}}],"collection":[{"href":"https:\/\/agora.xtec.cat\/esc-la-cabana\/wp-json\/wp\/v2\/pages"}],"about":[{"href":"https:\/\/agora.xtec.cat\/esc-la-cabana\/wp-json\/wp\/v2\/types\/page"}],"author":[{"embeddable":true,"href":"https:\/\/agora.xtec.cat\/esc-la-cabana\/wp-json\/wp\/v2\/users\/1"}],"replies":[{"embeddable":true,"href":"https:\/\/agora.xtec.cat\/esc-la-cabana\/wp-json\/wp\/v2\/comments?post=19002"}],"version-history":[{"count":6,"href":"https:\/\/agora.xtec.cat\/esc-la-cabana\/wp-json\/wp\/v2\/pages\/19002\/revisions"}],"predecessor-version":[{"id":21585,"href":"https:\/\/agora.xtec.cat\/esc-la-cabana\/wp-json\/wp\/v2\/pages\/19002\/revisions\/21585"}],"up":[{"embeddable":true,"href":"https:\/\/agora.xtec.cat\/esc-la-cabana\/wp-json\/wp\/v2\/pages\/22"}],"wp:attachment":[{"href":"https:\/\/agora.xtec.cat\/esc-la-cabana\/wp-json\/wp\/v2\/media?parent=19002"}],"curies":[{"name":"wp","href":"https:\/\/api.w.org\/{rel}","templated":true}]}}

<p>&nbsp;</p>
<p>Aquest curs totes les reunions d&#8217;inici de curs es realitzen a la biblioteca del centre. En finalitzar es puja a les aules per tal de poder visitar-les i conèixer on es troben els nens i les nenes.</p>
<p>La reunió d&#8217;Educació Infantil es va fer el dia 3 de setembre de 2025 a les 17:30h.</p>
<p><em><strong>Clica aquí </strong>per descarregar-te la informació de la reunió i Sortides i activitats _2024-2025.docx.</em></p>
<p><img decoding="async" src="https://agora.xtec.cat/esc-la-cabana/wp-content/uploads/usu849/2024/09/Reunio-dinici-de-curs-EI-24-25.jpg" /></p>
<p>&nbsp;</p>
<p><img decoding="async" src="https://agora.xtec.cat/esc-la-cabana/wp-content/uploads/usu849/2024/09/2.jpg" /></p>
<p>Les reunions d&#8217;Educació Primària es van fer els següents dies, en horari de 16:45h :</p>
<p>Dilluns 4 de setembre a les 17:30h Primer Cicle.</p>
<p>Dimarts 17 de setembre a les 16:45h Segon Cicle</p>
<p>Dimecres 16 de setembre a les 16:45hTercer Cicle</p>
<p><em><a href="https://agora.xtec.cat/esc-la-cabana/wp-content/uploads/usu849/2024/09/Reunio-Inici-de-curs-EP-24-25-1.pdf" target="_blank" rel="noopener"><strong>Clica aquí </strong></a>per descarregar-te la informació de la reunió.</em></p>
<p><img decoding="async" src="https://agora.xtec.cat/esc-la-cabana/wp-content/uploads/usu849/2024/09/Reunio-Inici-de-curs-EP-24-25.jpg" /></p>
<p>&nbsp;</p>
<p><img decoding="async" src="https://agora.xtec.cat/esc-la-cabana/wp-content/uploads/usu849/2024/09/Reunio-Inici-de-curs-EP-24-25-2.jpg" /></p>

<p>&nbsp; Aquest curs totes les reunions d&#8217;inici de curs es realitzen a la biblioteca del centre. En finalitzar es puja a les aules per tal de poder visitar-les i conèixer on es troben els nens i les nenes. La reunió d&#8217;Educació Infantil es va fer el dia 3 de setembre de 2025 a les 17:30h. [&hellip;]</p>
