{"id":77,"date":"2023-06-03T20:00:08","date_gmt":"2023-06-03T18:00:08","guid":{"rendered":"http:\/\/agora.xtec.cat\/esc-l-oreneta\/?page_id=77"},"modified":"2026-01-10T13:32:07","modified_gmt":"2026-01-10T12:32:07","slug":"acollida","status":"publish","type":"page","link":"https:\/\/agora.xtec.cat\/esc-l-oreneta\/serveis\/acollida\/","title":{"rendered":"Acollida matinal"},"content":{"rendered":"<p>L\u2019escola ofereix un servei d\u2019acollida per aquelles fam\u00edlies que ho necessitin. Aquest servei \u00e9s gestionat per l&#8217;AFA a trav\u00e9s de l&#8217;empresa Monitoratge i Cuina, S.L.<\/p>\n<p><img loading=\"lazy\" decoding=\"async\" class=\"size-full wp-image-527 alignright\" src=\"https:\/\/agora.xtec.cat\/esc-l-oreneta\/wp-content\/uploads\/usu2395\/2023\/06\/acollidamatinal_SAFA.png\" alt=\"\" width=\"250\" height=\"312\" srcset=\"https:\/\/agora.xtec.cat\/esc-l-oreneta\/wp-content\/uploads\/usu2395\/2023\/06\/acollidamatinal_SAFA.png 250w, https:\/\/agora.xtec.cat\/esc-l-oreneta\/wp-content\/uploads\/usu2395\/2023\/06\/acollidamatinal_SAFA-240x300.png 240w\" sizes=\"auto, (max-width: 250px) 100vw, 250px\" \/><\/p>\n<p>L\u2019<strong>horari<\/strong>\u00a0\u00e9s de\u00a0<strong>8:00<\/strong>\u00a0a\u00a0<strong>9:00<\/strong>.<\/p>\n<p>El\u00a0<strong>preu<\/strong> ser\u00e0 de <strong>2,50 euros<\/strong>\/dia<\/p>\n<p>Hi poden assistir tots els alumnes de l\u2019escola que ho necessitin sense previ av\u00eds.<\/p>\n","protected":false},"excerpt":{"rendered":"<p>L\u2019escola ofereix un servei d\u2019acollida per aquelles fam\u00edlies que ho necessitin. Aquest servei \u00e9s gestionat per l&#8217;AFA a trav\u00e9s de l&#8217;empresa Monitoratge i Cuina, S.L.<\/p>\n<p>L\u2019horari\u00a0\u00e9s de\u00a08:00\u00a0a\u00a09:00.<br \/>\nEl\u00a0preu ser\u00e0 de 2,50 euros\/dia<br \/>\nHi poden assistir tots els alumnes de l\u2019escola que ho necessitin sense previ av\u00eds.<\/p>\n","protected":false},"author":1,"featured_media":0,"parent":66,"menu_order":20,"comment_status":"closed","ping_status":"closed","template":"page-templates\/side-menu.php","meta":{"_bbp_topic_count":0,"_bbp_reply_count":0,"_bbp_total_topic_count":0,"_bbp_total_reply_count":0,"_bbp_voice_count":0,"_bbp_anonymous_reply_count":0,"_bbp_topic_count_hidden":0,"_bbp_reply_count_hidden":0,"_bbp_forum_subforum_count":0,"footnotes":""},"class_list":["post-77","page","type-page","status-publish","hentry"],"post_mailing_queue_ids":[],"_links":{"self":[{"href":"https:\/\/agora.xtec.cat\/esc-l-oreneta\/wp-json\/wp\/v2\/pages\/77","targetHints":{"allow":["GET"]}}],"collection":[{"href":"https:\/\/agora.xtec.cat\/esc-l-oreneta\/wp-json\/wp\/v2\/pages"}],"about":[{"href":"https:\/\/agora.xtec.cat\/esc-l-oreneta\/wp-json\/wp\/v2\/types\/page"}],"author":[{"embeddable":true,"href":"https:\/\/agora.xtec.cat\/esc-l-oreneta\/wp-json\/wp\/v2\/users\/1"}],"replies":[{"embeddable":true,"href":"https:\/\/agora.xtec.cat\/esc-l-oreneta\/wp-json\/wp\/v2\/comments?post=77"}],"version-history":[{"count":6,"href":"https:\/\/agora.xtec.cat\/esc-l-oreneta\/wp-json\/wp\/v2\/pages\/77\/revisions"}],"predecessor-version":[{"id":4484,"href":"https:\/\/agora.xtec.cat\/esc-l-oreneta\/wp-json\/wp\/v2\/pages\/77\/revisions\/4484"}],"up":[{"embeddable":true,"href":"https:\/\/agora.xtec.cat\/esc-l-oreneta\/wp-json\/wp\/v2\/pages\/66"}],"wp:attachment":[{"href":"https:\/\/agora.xtec.cat\/esc-l-oreneta\/wp-json\/wp\/v2\/media?parent=77"}],"curies":[{"name":"wp","href":"https:\/\/api.w.org\/{rel}","templated":true}]}}