{"id":731,"date":"2023-08-14T15:45:11","date_gmt":"2023-08-14T13:45:11","guid":{"rendered":"https:\/\/agora.xtec.cat\/esc-l-oreneta\/?page_id=731"},"modified":"2025-07-15T21:33:33","modified_gmt":"2025-07-15T19:33:33","slug":"material-didactic-i-material-escolar-del-curs","status":"publish","type":"page","link":"https:\/\/agora.xtec.cat\/esc-l-oreneta\/curs-actual\/material-didactic-i-material-escolar-del-curs\/","title":{"rendered":"Material did\u00e0ctic i material escolar del curs"},"content":{"rendered":"<p><span style=\"font-size: 18pt; color: #33cccc;\"><strong>EDUCACI\u00d3 PRIM\u00c0RIA<\/strong> (1r, 2n, 3r, 4t, 5\u00e8 i 6\u00e8)<\/span><\/p>\n<p style=\"text-align: justify;\">L&#8217;alumnat d&#8217;<strong>EDUCACI\u00d3 PRIM\u00c0RIA<\/strong> haur\u00e0 de disposar, a inici de curs, del material relacionat en el llistat corresponent al nivell educatiu que cursar\u00e0 i que pot adquirir als establiments adherits a la iniciativa <a href=\"https:\/\/valescolar.cat\/\">VAL ESCOLAR<\/a>. D&#8217;aquesta manera, es pot bonificar parcialment el cost del material curricular. El valor de val escolar, per aquest curs, ser\u00e0 de <strong>60\u202f\u20ac<\/strong>, distribu\u00eft en dos vals de 30 euros cadascun<a class=\"messagebody-6470 messagebody-collapsed\" title=\"Expandir\/contreure missatge\"><span lang=\"es\" xml:lang=\"es\">.<\/span><\/a><\/p>\n<ul>\n<li>CURS 2025-2026 | <a href=\"https:\/\/agora.xtec.cat\/esc-l-oreneta\/wp-content\/uploads\/usu2395\/2025\/07\/20250715_CURS-2025-2026_Llibres-i-material_EPRI1.pdf\">Educaci\u00f3 Prim\u00e0ria \u2013 1<\/a><\/li>\n<li>CURS 2025-2026 | <a href=\"https:\/\/agora.xtec.cat\/esc-l-oreneta\/wp-content\/uploads\/usu2395\/2025\/07\/20250715_CURS-2025-2026_Llibres-i-material_EPRI2.pdf\">Educaci\u00f3 Prim\u00e0ria \u2013 2<\/a><\/li>\n<li>CURS 2025-2026 | <a href=\"https:\/\/agora.xtec.cat\/esc-l-oreneta\/wp-content\/uploads\/usu2395\/2025\/07\/20250715_CURS-2025-2026_Llibres-i-material_EPRI3.pdf\">Educaci\u00f3 Prim\u00e0ria \u2013 3<\/a><\/li>\n<li>CURS 2025-2026 | <a href=\"https:\/\/agora.xtec.cat\/esc-l-oreneta\/wp-content\/uploads\/usu2395\/2025\/07\/20250715_CURS-2025-2026_Llibres-i-material_EPRI4.pdf\">Educaci\u00f3 Prim\u00e0ria \u2013 4\u00a0<\/a><\/li>\n<li>CURS 2025-2026 | <a href=\"https:\/\/agora.xtec.cat\/esc-l-oreneta\/wp-content\/uploads\/usu2395\/2025\/07\/20250715_CURS-2025-2026_Llibres-i-material_EPRI5.pdf\">Educaci\u00f3 Prim\u00e0ria \u2013 5<\/a><\/li>\n<li>CURS 2025-2026 | <a href=\"https:\/\/agora.xtec.cat\/esc-l-oreneta\/wp-content\/uploads\/usu2395\/2025\/07\/20250715_CURS-2025-2026_Llibres-i-material_EPRI6.pdf\">Educaci\u00f3 Prim\u00e0ria \u2013 6<\/a><\/li>\n<\/ul>\n<p><strong>Quota anual per l\u2019alumnat de prim\u00e0ria: 90 euros*<br \/>\n<\/strong><span style=\"font-size: 10pt;\">*Inclou tot el material fungible (llapis, colors, pintures, cola adhesiva, gomets, pinzells, cartolines&#8230;), el material did\u00e0ctic i els llibres socialitzats<\/span>.<\/p>\n<p><em>El pagament es pot fer per TokApp School en dos terminis: el primer, de 40 euros, s&#8217;haur\u00e0 d&#8217;abonar abans del 30 de setembre de 2025 i, el segon, de 50 euros, s&#8217;haur\u00e0 d&#8217;abonar abans del 31 de gener de 2026.<\/em><\/p>\n<p style=\"text-align: justify;\"><span style=\"font-size: 18pt; color: #33cccc;\"><strong>EDUCACI\u00d3 INFANTIL<\/strong> (I3, I4 i I5)<\/span><\/p>\n<ul>\n<li><a href=\"https:\/\/tokapp.com\/url\/iyboomdi\" target=\"_blank\" rel=\"noopener\">Educaci\u00f3 infantil | Material per comen\u00e7ar l&#8217;escola<\/a><\/li>\n<li><a href=\"https:\/\/agora.xtec.cat\/esc-l-oreneta\/wp-content\/uploads\/usu2395\/2025\/07\/EscLOreneta_EINF3_Reunio_de_families_Acollida-Juliol2025_marcada.pdf\">Comen\u00e7o I3! I ara, qu\u00e8?<\/a> (Presentaci\u00f3 de la reuni\u00f3, Juliol&#8217;25)<\/li>\n<\/ul>\n<p><strong>Quota anual per l\u2019alumnat d\u2019educaci\u00f3 infantil: 100 euros*<\/strong><br \/>\n<span style=\"font-size: 10pt;\">*Inclou el material fungible (llapis, colors, pintures, cola adhesiva, gomets, pinzells, cartolines&#8230;), el material did\u00e0ctic i els llibres socialitzats<\/span>.<\/p>\n<p><em>El pagament es pot fer per TokApp School en dos terminis: el primer, de 50 euros, s&#8217;haur\u00e0 d&#8217;abonar abans del 30 de setembre de 2025 i, el segon, de 50 euros, s&#8217;haur\u00e0 d&#8217;abonar abans del 31 de gener de 2026.<\/em><\/p>\n<p>&nbsp;<\/p>\n","protected":false},"excerpt":{"rendered":"<p>EDUCACI\u00d3 PRIM\u00c0RIA (1r, 2n, 3r, 4t, 5\u00e8 i 6\u00e8)<br \/>\nL&#8217;alumnat d&#8217;EDUCACI\u00d3 PRIM\u00c0RIA haur\u00e0 de disposar, a inici de curs, del material relacionat en el llistat corresponent al nivell educatiu que cursar\u00e0 i que pot adquirir als establiments adherits a la iniciativa <a href=\"https:\/\/valescolar.cat\/\">VAL ESCOLAR<\/a>. D&#8217;aquesta manera,&hellip;  <a href=\"https:\/\/agora.xtec.cat\/esc-l-oreneta\/curs-actual\/material-didactic-i-material-escolar-del-curs\/\" title=\"Read Material did\u00e0ctic i material escolar del curs\">Llegeix m\u00e9s\u00bb<\/a><\/p>\n","protected":false},"author":3,"featured_media":0,"parent":531,"menu_order":0,"comment_status":"closed","ping_status":"closed","template":"page-templates\/side-menu.php","meta":{"_bbp_topic_count":0,"_bbp_reply_count":0,"_bbp_total_topic_count":0,"_bbp_total_reply_count":0,"_bbp_voice_count":0,"_bbp_anonymous_reply_count":0,"_bbp_topic_count_hidden":0,"_bbp_reply_count_hidden":0,"_bbp_forum_subforum_count":0,"footnotes":""},"class_list":["post-731","page","type-page","status-publish","hentry"],"post_mailing_queue_ids":[],"_links":{"self":[{"href":"https:\/\/agora.xtec.cat\/esc-l-oreneta\/wp-json\/wp\/v2\/pages\/731","targetHints":{"allow":["GET"]}}],"collection":[{"href":"https:\/\/agora.xtec.cat\/esc-l-oreneta\/wp-json\/wp\/v2\/pages"}],"about":[{"href":"https:\/\/agora.xtec.cat\/esc-l-oreneta\/wp-json\/wp\/v2\/types\/page"}],"author":[{"embeddable":true,"href":"https:\/\/agora.xtec.cat\/esc-l-oreneta\/wp-json\/wp\/v2\/users\/3"}],"replies":[{"embeddable":true,"href":"https:\/\/agora.xtec.cat\/esc-l-oreneta\/wp-json\/wp\/v2\/comments?post=731"}],"version-history":[{"count":6,"href":"https:\/\/agora.xtec.cat\/esc-l-oreneta\/wp-json\/wp\/v2\/pages\/731\/revisions"}],"predecessor-version":[{"id":4070,"href":"https:\/\/agora.xtec.cat\/esc-l-oreneta\/wp-json\/wp\/v2\/pages\/731\/revisions\/4070"}],"up":[{"embeddable":true,"href":"https:\/\/agora.xtec.cat\/esc-l-oreneta\/wp-json\/wp\/v2\/pages\/531"}],"wp:attachment":[{"href":"https:\/\/agora.xtec.cat\/esc-l-oreneta\/wp-json\/wp\/v2\/media?parent=731"}],"curies":[{"name":"wp","href":"https:\/\/api.w.org\/{rel}","templated":true}]}}