{"id":38,"date":"2014-09-18T12:34:08","date_gmt":"2014-09-18T11:34:08","guid":{"rendered":"http:\/\/agora.xtec.cat\/esc-l-oreneta\/?page_id=38"},"modified":"2025-03-27T15:55:12","modified_gmt":"2025-03-27T14:55:12","slug":"salut","status":"publish","type":"page","link":"https:\/\/agora.xtec.cat\/esc-l-oreneta\/lescola\/salut\/","title":{"rendered":"Salut"},"content":{"rendered":"<p>El car\u00e0cter d&#8217;aquesta p\u00e0gina \u00e9s b\u00e0sicament informatiu.<\/p>\n<h4>Administraci\u00f3 de medicaments<\/h4>\n<p>De manera ordin\u00e0ria, aconsellem fer coincidir la pauta d&#8217;administraci\u00f3 de la medicaci\u00f3 fora de l&#8217;horari lectiu. Si, excepcionalment, cal administrar un medicament en horari escolar, caldr\u00e0 lliurar l&#8217;autoritzaci\u00f3 degudament complimentada juntament amb la prescripci\u00f3 del servei de salut. El centre no pot administrar cap medicament sense l&#8217;autoritzaci\u00f3 corresponent.<\/p>\n<p><a href=\"https:\/\/agora.xtec.cat\/esc-l-oreneta\/wp-content\/uploads\/usu2395\/2024\/09\/Autoritzacio_PARACETAMOL.pdf\">Autoritzaci\u00f3 per a l&#8217;administraci\u00f3 de paracetamol<\/a><br \/>\n<a href=\"https:\/\/agora.xtec.cat\/esc-l-oreneta\/wp-content\/uploads\/usu2395\/2024\/09\/Autoritzacio_FARMACS.pdf\">Autoritzaci\u00f3 per a l&#8217;administraci\u00f3 de f\u00e0rmacs<\/a><\/p>\n<h4>Al\u00b7l\u00e8rgies<\/h4>\n<p>Si el vostre fill o filla pateix alguna al\u00b7l\u00e8rgia o intoler\u00e0ncia de qualsevol tipus, \u00e9s molt important que ho notifiqueu al centre al m\u00e9s aviat possible a trav\u00e9s del formulari corresponent i adjuntant l&#8217;informe del servei de salut, aix\u00ed com el protocol d&#8217;actuaci\u00f3 en cas d&#8217;anafilaxis.<\/p>\n<p><a href=\"https:\/\/agora.xtec.cat\/esc-l-oreneta\/wp-content\/uploads\/usu2395\/2024\/09\/Autoritzacio_NOTIFICACIO-AL-LERGIES-I-INTOLERANCIES.pdf\">Notificaci\u00f3 d&#8217;al\u00b7l\u00e8rgies o intoler\u00e0ncies a l&#8217;escola<\/a><br \/>\n<a href=\"https:\/\/agora.xtec.cat\/esc-l-oreneta\/wp-content\/uploads\/usu2395\/2025\/03\/Autoritzacio_ADRENALINA.pdf\">Autoritzaci\u00f3 per a l&#8217;administraci\u00f3 d&#8217;adrenalina.<\/a><\/p>\n<h4>Par\u00e0sits<\/h4>\n<p>Podeu trobar informaci\u00f3 detallada sobre els <a href=\"https:\/\/canalsalut.gencat.cat\/ca\/detalls\/article\/polls-00004\">POLLS al Canal Salut<\/a>.<\/p>\n<p>Des de l&#8217;escola i donada la facilitat de contagi i reproducci\u00f3, cal que els i les menors afectats\/des no abandonin el tractament fins que no s&#8217;hagin eliminat totalment i recomanem que no assisteixin al centre fins que no s&#8217;hagi finalitzat tot el proc\u00e9s per complet.<\/p>\n<p>&nbsp;<\/p>\n<p>&nbsp;<\/p>\n<p>&nbsp;<\/p>\n","protected":false},"excerpt":{"rendered":"<p>El car\u00e0cter d&#8217;aquesta p\u00e0gina \u00e9s b\u00e0sicament informatiu.<br \/>\nAdministraci\u00f3 de medicaments<br \/>\nDe manera ordin\u00e0ria, aconsellem fer coincidir la pauta d&#8217;administraci\u00f3 de la medicaci\u00f3 fora de l&#8217;horari lectiu. Si, excepcionalment, cal administrar un medicament en horari escolar, caldr\u00e0 lliurar l&#8217;autoritzaci\u00f3 degudament complimentada juntament amb la prescripci\u00f3 del servei de&hellip;  <a href=\"https:\/\/agora.xtec.cat\/esc-l-oreneta\/lescola\/salut\/\" title=\"Read Salut\">Llegeix m\u00e9s\u00bb<\/a><\/p>\n","protected":false},"author":1,"featured_media":0,"parent":22,"menu_order":80,"comment_status":"closed","ping_status":"closed","template":"page-templates\/side-menu.php","meta":{"_bbp_topic_count":0,"_bbp_reply_count":0,"_bbp_total_topic_count":0,"_bbp_total_reply_count":0,"_bbp_voice_count":0,"_bbp_anonymous_reply_count":0,"_bbp_topic_count_hidden":0,"_bbp_reply_count_hidden":0,"_bbp_forum_subforum_count":0,"footnotes":""},"class_list":["post-38","page","type-page","status-publish","hentry"],"post_mailing_queue_ids":[],"_links":{"self":[{"href":"https:\/\/agora.xtec.cat\/esc-l-oreneta\/wp-json\/wp\/v2\/pages\/38","targetHints":{"allow":["GET"]}}],"collection":[{"href":"https:\/\/agora.xtec.cat\/esc-l-oreneta\/wp-json\/wp\/v2\/pages"}],"about":[{"href":"https:\/\/agora.xtec.cat\/esc-l-oreneta\/wp-json\/wp\/v2\/types\/page"}],"author":[{"embeddable":true,"href":"https:\/\/agora.xtec.cat\/esc-l-oreneta\/wp-json\/wp\/v2\/users\/1"}],"replies":[{"embeddable":true,"href":"https:\/\/agora.xtec.cat\/esc-l-oreneta\/wp-json\/wp\/v2\/comments?post=38"}],"version-history":[{"count":7,"href":"https:\/\/agora.xtec.cat\/esc-l-oreneta\/wp-json\/wp\/v2\/pages\/38\/revisions"}],"predecessor-version":[{"id":2811,"href":"https:\/\/agora.xtec.cat\/esc-l-oreneta\/wp-json\/wp\/v2\/pages\/38\/revisions\/2811"}],"up":[{"embeddable":true,"href":"https:\/\/agora.xtec.cat\/esc-l-oreneta\/wp-json\/wp\/v2\/pages\/22"}],"wp:attachment":[{"href":"https:\/\/agora.xtec.cat\/esc-l-oreneta\/wp-json\/wp\/v2\/media?parent=38"}],"curies":[{"name":"wp","href":"https:\/\/api.w.org\/{rel}","templated":true}]}}