{"id":1457,"date":"2024-09-30T15:54:27","date_gmt":"2024-09-30T13:54:27","guid":{"rendered":"https:\/\/agora.xtec.cat\/esc-l-oreneta\/?page_id=1457"},"modified":"2024-10-17T16:15:43","modified_gmt":"2024-10-17T14:15:43","slug":"centre-formador","status":"publish","type":"page","link":"https:\/\/agora.xtec.cat\/esc-l-oreneta\/centre-formador\/","title":{"rendered":"Centre Formador"},"content":{"rendered":"<p style=\"text-align: justify;\">El Departament d\u2019Educaci\u00f3 i Formaci\u00f3 Professional considera fonamental que els futurs mestres i professors facin les pr\u00e0ctiques en centres educatius sostinguts amb fons p\u00fablics, per tal que puguin assolir les compet\u00e8ncies necess\u00e0ries per exercir una doc\u00e8ncia de qualitat. L\u2019organitzaci\u00f3 de les pr\u00e0ctiques en centres formadors ha de permetre la simultane\u00eftat entre la teoria i la pr\u00e0ctica, i ha de facilitar l\u2019acompanyament professional des de la universitat i des del centre educatiu.<br \/>\nAquestes pr\u00e0ctiques es realitzen en el marc de convenis de col\u00b7laboraci\u00f3 entre el Departament d\u2019Educaci\u00f3 i Formaci\u00f3 Professional i les universitats per una durada de quatre anys amb possibilitat de renovaci\u00f3.<\/p>\n<p>Els centres formadors s\u00f3n aquells centres educatius sostinguts amb fons p\u00fablics que imparteixen ensenyaments d\u2019educaci\u00f3 infantil, prim\u00e0ria, secund\u00e0ria obligat\u00f2ria, batxillerat, formaci\u00f3 professional, ensenyaments de r\u00e8gim especial i\/o formaci\u00f3 de persones adultes, aix\u00ed com els serveis educatius i unitats del Departament d\u2019Educaci\u00f3 i Formaci\u00f3 Professional els quals s\u2019ofereixen per rebre i tutoritzar estudiants universitaris en pr\u00e0ctiques, incorporant-los en la vida di\u00e0ria del centre, amb l\u2019objectiu de que rebin formaci\u00f3 professionalitzadora en l\u2019entorn real de centre i aula. Aix\u00f2 requereix d\u2019una coordinaci\u00f3 estreta amb les universitats i l\u2019establiment d\u2019un pla de treball que guiar\u00e0 l\u2019acompanyament d\u2019aquests estudiants en pr\u00e0ctiques al llarg de la seva estada al centre.<\/p>\n<p>Ser centre formador, implica un acord de claustre i establir un protocol d\u2019acollida i acompanyament al llarg de l\u2019estada formativa de l\u2019estudiant.<\/p>\n<table class=\" aligncenter\" style=\"height: 162px; width: 100.87%; border-style: none;\">\n<tbody>\n<tr style=\"height: 162px;\">\n<td style=\"border-style: hidden; width: 14%; height: 162px;\"><img loading=\"lazy\" decoding=\"async\" class=\"aligncenter wp-image-9078\" src=\"https:\/\/agora.xtec.cat\/ceip-lasardana\/wp-content\/uploads\/usu659\/2021\/04\/Logotip_INS-Badia-del-Valles.png\" alt=\"\" width=\"200\" height=\"116\" \/><\/td>\n<td style=\"border-style: hidden; width: 14.7514%; height: 162px;\"><img loading=\"lazy\" decoding=\"async\" class=\"aligncenter wp-image-8331\" src=\"https:\/\/agora.xtec.cat\/ceip-lasardana\/wp-content\/uploads\/usu659\/2021\/01\/Logotip_2018_FOC_INS-Ribot-i-Serrra-e1617783909146-1024x289.png\" alt=\"\" width=\"201\" height=\"57\" \/><\/td>\n<td style=\"border-style: hidden; width: 14.1301%; height: 162px;\"><img loading=\"lazy\" decoding=\"async\" class=\"aligncenter wp-image-8330\" src=\"https:\/\/agora.xtec.cat\/ceip-lasardana\/wp-content\/uploads\/usu659\/2021\/01\/Logo_UNIR-e1617783944316.png\" alt=\"\" width=\"168\" height=\"104\" \/><\/td>\n<td style=\"border-style: hidden; width: 13.7525%; height: 162px;\"><img loading=\"lazy\" decoding=\"async\" class=\"aligncenter wp-image-8332\" src=\"https:\/\/agora.xtec.cat\/ceip-lasardana\/wp-content\/uploads\/usu659\/2021\/01\/logotip_logo1_x2-e1617783973540.png\" alt=\"\" width=\"185\" height=\"98\" \/><\/td>\n<td style=\"border-style: hidden; width: 14%; height: 162px;\"><img loading=\"lazy\" decoding=\"async\" class=\"aligncenter wp-image-10288\" src=\"https:\/\/agora.xtec.cat\/ceip-lasardana\/wp-content\/uploads\/usu659\/2021\/12\/images.png\" alt=\"\" width=\"102\" height=\"147\" \/><\/td>\n<td style=\"border-style: hidden; height: 162px; width: 14%;\" colspan=\"5\"><img loading=\"lazy\" decoding=\"async\" class=\"aligncenter wp-image-1458 \" src=\"https:\/\/agora.xtec.cat\/esc-l-oreneta\/wp-content\/uploads\/usu2395\/2024\/09\/UdG_LOGO-e1727704409326.png\" alt=\"\" width=\"142\" height=\"96\" srcset=\"https:\/\/agora.xtec.cat\/esc-l-oreneta\/wp-content\/uploads\/usu2395\/2024\/09\/UdG_LOGO-e1727704409326.png 353w, https:\/\/agora.xtec.cat\/esc-l-oreneta\/wp-content\/uploads\/usu2395\/2024\/09\/UdG_LOGO-e1727704409326-300x202.png 300w\" sizes=\"auto, (max-width: 142px) 100vw, 142px\" \/><\/td>\n<td style=\"border-style: hidden; width: 14%;\"><img loading=\"lazy\" decoding=\"async\" class=\"aligncenter size-full wp-image-1502\" src=\"https:\/\/agora.xtec.cat\/esc-l-oreneta\/wp-content\/uploads\/usu2395\/2024\/10\/VIU_logo.png\" alt=\"\" width=\"347\" height=\"145\" srcset=\"https:\/\/agora.xtec.cat\/esc-l-oreneta\/wp-content\/uploads\/usu2395\/2024\/10\/VIU_logo.png 347w, https:\/\/agora.xtec.cat\/esc-l-oreneta\/wp-content\/uploads\/usu2395\/2024\/10\/VIU_logo-300x125.png 300w\" sizes=\"auto, (max-width: 347px) 100vw, 347px\" \/><\/td>\n<td style=\"border-style: hidden; width: 8.08057%; height: 162px;\"><\/td>\n<\/tr>\n<\/tbody>\n<\/table>\n","protected":false},"excerpt":{"rendered":"<p>El Departament d\u2019Educaci\u00f3 i Formaci\u00f3 Professional considera fonamental que els futurs mestres i professors facin les pr\u00e0ctiques en centres educatius sostinguts amb fons p\u00fablics, per tal que puguin assolir les compet\u00e8ncies necess\u00e0ries per exercir una doc\u00e8ncia de qualitat. L\u2019organitzaci\u00f3 de les pr\u00e0ctiques en centres formadors&hellip;  <a href=\"https:\/\/agora.xtec.cat\/esc-l-oreneta\/centre-formador\/\" title=\"Read Centre Formador\">Llegeix m\u00e9s\u00bb<\/a><\/p>\n","protected":false},"author":3,"featured_media":0,"parent":0,"menu_order":0,"comment_status":"closed","ping_status":"closed","template":"","meta":{"_bbp_topic_count":0,"_bbp_reply_count":0,"_bbp_total_topic_count":0,"_bbp_total_reply_count":0,"_bbp_voice_count":0,"_bbp_anonymous_reply_count":0,"_bbp_topic_count_hidden":0,"_bbp_reply_count_hidden":0,"_bbp_forum_subforum_count":0,"footnotes":""},"class_list":["post-1457","page","type-page","status-publish","hentry"],"post_mailing_queue_ids":[],"_links":{"self":[{"href":"https:\/\/agora.xtec.cat\/esc-l-oreneta\/wp-json\/wp\/v2\/pages\/1457","targetHints":{"allow":["GET"]}}],"collection":[{"href":"https:\/\/agora.xtec.cat\/esc-l-oreneta\/wp-json\/wp\/v2\/pages"}],"about":[{"href":"https:\/\/agora.xtec.cat\/esc-l-oreneta\/wp-json\/wp\/v2\/types\/page"}],"author":[{"embeddable":true,"href":"https:\/\/agora.xtec.cat\/esc-l-oreneta\/wp-json\/wp\/v2\/users\/3"}],"replies":[{"embeddable":true,"href":"https:\/\/agora.xtec.cat\/esc-l-oreneta\/wp-json\/wp\/v2\/comments?post=1457"}],"version-history":[{"count":3,"href":"https:\/\/agora.xtec.cat\/esc-l-oreneta\/wp-json\/wp\/v2\/pages\/1457\/revisions"}],"predecessor-version":[{"id":1503,"href":"https:\/\/agora.xtec.cat\/esc-l-oreneta\/wp-json\/wp\/v2\/pages\/1457\/revisions\/1503"}],"wp:attachment":[{"href":"https:\/\/agora.xtec.cat\/esc-l-oreneta\/wp-json\/wp\/v2\/media?parent=1457"}],"curies":[{"name":"wp","href":"https:\/\/api.w.org\/{rel}","templated":true}]}}