{"id":1315,"date":"2024-07-05T14:42:02","date_gmt":"2024-07-05T12:42:02","guid":{"rendered":"https:\/\/agora.xtec.cat\/esc-l-oreneta\/?page_id=1315"},"modified":"2024-07-06T08:10:56","modified_gmt":"2024-07-06T06:10:56","slug":"escola-verda","status":"publish","type":"page","link":"https:\/\/agora.xtec.cat\/esc-l-oreneta\/projecte-educatiu\/escola-verda\/","title":{"rendered":"Escola Verda"},"content":{"rendered":"<p><a href=\"https:\/\/agora.xtec.cat\/esc-l-oreneta\/wp-content\/uploads\/usu2395\/2024\/07\/Oreneta_Fulleto-EV.pdf\"><img loading=\"lazy\" decoding=\"async\" class=\"alignleft wp-image-1328\" src=\"https:\/\/agora.xtec.cat\/esc-l-oreneta\/wp-content\/uploads\/usu2395\/2024\/07\/Oreneta_EV_Triptic-1.png\" alt=\"\" width=\"300\" height=\"614\" srcset=\"https:\/\/agora.xtec.cat\/esc-l-oreneta\/wp-content\/uploads\/usu2395\/2024\/07\/Oreneta_EV_Triptic-1.png 409w, https:\/\/agora.xtec.cat\/esc-l-oreneta\/wp-content\/uploads\/usu2395\/2024\/07\/Oreneta_EV_Triptic-1-147x300.png 147w\" sizes=\"auto, (max-width: 300px) 100vw, 300px\" \/><\/a><\/p>\n<p>&nbsp;<\/p>\n<p style=\"text-align: justify;\">Som <span style=\"font-size: 14pt;\"><em><strong><span style=\"color: #339966;\">ESCOLA VERDA <\/span><\/strong><\/em><\/span>reconeguda dins la <a href=\"https:\/\/mediambient.gencat.cat\/ca\/05_ambits_dactuacio\/educacio_i_sostenibilitat\/educacio_per_a_la_sostenibilitat\/escoles_verdes\/index.html\">Xarxa d&#8217;Escoles Verdes<\/a>, del Departament de Medi Ambient i Sostenibilitat.<\/p>\n<p style=\"text-align: justify;\">Ens considerem un centre <strong>comprom\u00e8s amb el medi ambient<\/strong>, i portem a terme accions en aquesta l\u00ednia, com ara el reciclatge, l\u2019hort escolar foment d&#8217;h\u00e0bits d&#8217;alimentaci\u00f3 saludable i de vida activa<\/p>\n<p style=\"text-align: justify;\">Considerem imprescindible mostrar als nostres alumnes all\u00f2 que \u00e9s essencial, el<strong>\u00a0respecte\u00a0<\/strong>per la pr\u00f2pia persona, pels altres i pel m\u00f3n al que pertanyem. L&#8217;Escola L&#8217;Oreneta \u00e9s una escola compromesa i <strong>vinculada amb l\u2019entorn<\/strong>.<\/p>\n<p style=\"text-align: justify;\">Volem oferir m\u00e9s\u00a0<strong>espais verds i sostenibles<\/strong>, mantenir el nostre hort en actiu, impulsar la jugateca mediambiental, promoure el contacte amb la natura i el treball cient\u00edfic i experimental mitjan\u00e7ant el laboratori.<\/p>\n<p><img loading=\"lazy\" decoding=\"async\" class=\"wp-image-1277 size-full alignright\" src=\"https:\/\/agora.xtec.cat\/esc-l-oreneta\/wp-content\/uploads\/usu2395\/2024\/06\/logoEV.png\" alt=\"\" width=\"439\" height=\"349\" srcset=\"https:\/\/agora.xtec.cat\/esc-l-oreneta\/wp-content\/uploads\/usu2395\/2024\/06\/logoEV.png 439w, https:\/\/agora.xtec.cat\/esc-l-oreneta\/wp-content\/uploads\/usu2395\/2024\/06\/logoEV-300x238.png 300w\" sizes=\"auto, (max-width: 439px) 100vw, 439px\" \/><\/p>\n<p>&nbsp;<\/p>\n<p>&nbsp;<\/p>\n","protected":false},"excerpt":{"rendered":"<p><a href=\"https:\/\/agora.xtec.cat\/esc-l-oreneta\/wp-content\/uploads\/usu2395\/2024\/07\/Oreneta_Fulleto-EV.pdf\"><\/a><br \/>\n&nbsp;<br \/>\nSom ESCOLA VERDA reconeguda dins la <a href=\"https:\/\/mediambient.gencat.cat\/ca\/05_ambits_dactuacio\/educacio_i_sostenibilitat\/educacio_per_a_la_sostenibilitat\/escoles_verdes\/index.html\">Xarxa d&#8217;Escoles Verdes<\/a>, del Departament de Medi Ambient i Sostenibilitat.<br \/>\nEns considerem un centre comprom\u00e8s amb el medi ambient, i portem a terme accions en aquesta l\u00ednia, com ara el reciclatge, l\u2019hort escolar foment d&#8217;h\u00e0bits d&#8217;alimentaci\u00f3 saludable i&hellip;  <a href=\"https:\/\/agora.xtec.cat\/esc-l-oreneta\/projecte-educatiu\/escola-verda\/\" title=\"Read Escola Verda\">Llegeix m\u00e9s\u00bb<\/a><\/p>\n","protected":false},"author":3,"featured_media":0,"parent":64,"menu_order":0,"comment_status":"closed","ping_status":"closed","template":"","meta":{"_bbp_topic_count":0,"_bbp_reply_count":0,"_bbp_total_topic_count":0,"_bbp_total_reply_count":0,"_bbp_voice_count":0,"_bbp_anonymous_reply_count":0,"_bbp_topic_count_hidden":0,"_bbp_reply_count_hidden":0,"_bbp_forum_subforum_count":0,"footnotes":""},"class_list":["post-1315","page","type-page","status-publish","hentry"],"post_mailing_queue_ids":[],"_links":{"self":[{"href":"https:\/\/agora.xtec.cat\/esc-l-oreneta\/wp-json\/wp\/v2\/pages\/1315","targetHints":{"allow":["GET"]}}],"collection":[{"href":"https:\/\/agora.xtec.cat\/esc-l-oreneta\/wp-json\/wp\/v2\/pages"}],"about":[{"href":"https:\/\/agora.xtec.cat\/esc-l-oreneta\/wp-json\/wp\/v2\/types\/page"}],"author":[{"embeddable":true,"href":"https:\/\/agora.xtec.cat\/esc-l-oreneta\/wp-json\/wp\/v2\/users\/3"}],"replies":[{"embeddable":true,"href":"https:\/\/agora.xtec.cat\/esc-l-oreneta\/wp-json\/wp\/v2\/comments?post=1315"}],"version-history":[{"count":6,"href":"https:\/\/agora.xtec.cat\/esc-l-oreneta\/wp-json\/wp\/v2\/pages\/1315\/revisions"}],"predecessor-version":[{"id":1330,"href":"https:\/\/agora.xtec.cat\/esc-l-oreneta\/wp-json\/wp\/v2\/pages\/1315\/revisions\/1330"}],"up":[{"embeddable":true,"href":"https:\/\/agora.xtec.cat\/esc-l-oreneta\/wp-json\/wp\/v2\/pages\/64"}],"wp:attachment":[{"href":"https:\/\/agora.xtec.cat\/esc-l-oreneta\/wp-json\/wp\/v2\/media?parent=1315"}],"curies":[{"name":"wp","href":"https:\/\/api.w.org\/{rel}","templated":true}]}}