{"id":2728,"date":"2025-10-22T14:37:54","date_gmt":"2025-10-22T12:37:54","guid":{"rendered":"https:\/\/agora.xtec.cat\/esc-jverdaguer\/?page_id=2728"},"modified":"2026-02-15T12:13:05","modified_gmt":"2026-02-15T11:13:05","slug":"plans-estrategics-descola","status":"publish","type":"page","link":"https:\/\/agora.xtec.cat\/esc-jverdaguer\/projecte-educatiu-2\/plans-estrategics-descola\/","title":{"rendered":"Plans estrat\u00e8gics d&#8217;escola"},"content":{"rendered":"\n<p>A la nostra escola som conscients que la millora continua requereix direcci\u00f3, claredat i comprom\u00eds.<br>Els nostres quatre plans estrat\u00e8gics \u2014Atenci\u00f3 a la Diversitat i Multiculturalitat, Adequaci\u00f3 d\u2019Espais, Millora de la Llengua Catalana i Comunicaci\u00f3\u2014 defineixen accions concretes per fer de l\u2019escola un espai inclusiu, acollidor, connectat i de qualitat.<br>Impulsem aquests plans perqu\u00e8 tots els membres de la comunitat educativa caminem plegats cap a un projecte com\u00fa.<\/p>\n\n\n\n<div class=\"wp-block-getwid-toggle has-icon-left\">\n<div class=\"wp-block-getwid-toggle__row\"><div class=\"wp-block-getwid-toggle__header-wrapper\"><span class=\"wp-block-getwid-toggle__header\"><a href=\"#\"><span class=\"wp-block-getwid-toggle__header-title\">Una escola per a tothom<\/span><span class=\"wp-block-getwid-toggle__icon is-active\"><i class=\"fas fa-paperclip\"><\/i><\/span><span class=\"wp-block-getwid-toggle__icon is-passive\"><i class=\"fas fa-minus\"><\/i><\/span><\/a><\/span><\/div><div class=\"wp-block-getwid-toggle__content-wrapper\"><div class=\"wp-block-getwid-toggle__content\">\n<figure class=\"wp-block-image size-medium\"><a href=\"https:\/\/agora.xtec.cat\/esc-jverdaguer\/projecte-educatiu-2\/plans-estrategics-descola\/una-escola-per-a-tothom\/\"><img loading=\"lazy\" decoding=\"async\" width=\"300\" height=\"169\" src=\"https:\/\/agora.xtec.cat\/esc-jverdaguer\/wp-content\/uploads\/usu831\/2025\/11\/Diversitat-300x169.jpg\" alt=\"\" class=\"wp-image-2873\" srcset=\"https:\/\/agora.xtec.cat\/esc-jverdaguer\/wp-content\/uploads\/usu831\/2025\/11\/Diversitat-300x169.jpg 300w, https:\/\/agora.xtec.cat\/esc-jverdaguer\/wp-content\/uploads\/usu831\/2025\/11\/Diversitat-1024x576.jpg 1024w, https:\/\/agora.xtec.cat\/esc-jverdaguer\/wp-content\/uploads\/usu831\/2025\/11\/Diversitat-768x432.jpg 768w, https:\/\/agora.xtec.cat\/esc-jverdaguer\/wp-content\/uploads\/usu831\/2025\/11\/Diversitat-1536x864.jpg 1536w, https:\/\/agora.xtec.cat\/esc-jverdaguer\/wp-content\/uploads\/usu831\/2025\/11\/Diversitat.jpg 1920w\" sizes=\"auto, (max-width: 300px) 100vw, 300px\" \/><\/a><\/figure>\n<\/div><\/div><\/div>\n\n\n\n<div class=\"wp-block-getwid-toggle__row\"><div class=\"wp-block-getwid-toggle__header-wrapper\"><span class=\"wp-block-getwid-toggle__header\"><a href=\"#\"><span class=\"wp-block-getwid-toggle__header-title\">Una escola que batega<\/span><span class=\"wp-block-getwid-toggle__icon is-active\"><i class=\"fas fa-paperclip\"><\/i><\/span><span class=\"wp-block-getwid-toggle__icon is-passive\"><i class=\"fas fa-minus\"><\/i><\/span><\/a><\/span><\/div><div class=\"wp-block-getwid-toggle__content-wrapper\"><div class=\"wp-block-getwid-toggle__content\">\n<figure class=\"wp-block-image size-medium\"><a href=\"https:\/\/agora.xtec.cat\/esc-jverdaguer\/projecte-educatiu-2\/plans-estrategics-descola\/una-escola-que-batega\/\"><img loading=\"lazy\" decoding=\"async\" width=\"300\" height=\"169\" src=\"https:\/\/agora.xtec.cat\/esc-jverdaguer\/wp-content\/uploads\/usu831\/2025\/11\/comunicacio-300x169.jpg\" alt=\"\" class=\"wp-image-2882\" srcset=\"https:\/\/agora.xtec.cat\/esc-jverdaguer\/wp-content\/uploads\/usu831\/2025\/11\/comunicacio-300x169.jpg 300w, https:\/\/agora.xtec.cat\/esc-jverdaguer\/wp-content\/uploads\/usu831\/2025\/11\/comunicacio-1024x576.jpg 1024w, https:\/\/agora.xtec.cat\/esc-jverdaguer\/wp-content\/uploads\/usu831\/2025\/11\/comunicacio-768x432.jpg 768w, https:\/\/agora.xtec.cat\/esc-jverdaguer\/wp-content\/uploads\/usu831\/2025\/11\/comunicacio-1536x864.jpg 1536w, https:\/\/agora.xtec.cat\/esc-jverdaguer\/wp-content\/uploads\/usu831\/2025\/11\/comunicacio.jpg 1920w\" sizes=\"auto, (max-width: 300px) 100vw, 300px\" \/><\/a><\/figure>\n<\/div><\/div><\/div>\n\n\n\n<div class=\"wp-block-getwid-toggle__row\"><div class=\"wp-block-getwid-toggle__header-wrapper\"><span class=\"wp-block-getwid-toggle__header\"><a href=\"#\"><span class=\"wp-block-getwid-toggle__header-title\">Una escola, mil espais<\/span><span class=\"wp-block-getwid-toggle__icon is-active\"><i class=\"fas fa-paperclip\"><\/i><\/span><span class=\"wp-block-getwid-toggle__icon is-passive\"><i class=\"fas fa-minus\"><\/i><\/span><\/a><\/span><\/div><div class=\"wp-block-getwid-toggle__content-wrapper\"><div class=\"wp-block-getwid-toggle__content\">\n<figure class=\"wp-block-image size-medium\"><a href=\"https:\/\/agora.xtec.cat\/esc-jverdaguer\/projecte-educatiu-2\/plans-estrategics-descola\/una-escola-mil-espais\/\"><img loading=\"lazy\" decoding=\"async\" width=\"300\" height=\"169\" src=\"https:\/\/agora.xtec.cat\/esc-jverdaguer\/wp-content\/uploads\/usu831\/2025\/11\/espais-300x169.jpg\" alt=\"\" class=\"wp-image-2876\" srcset=\"https:\/\/agora.xtec.cat\/esc-jverdaguer\/wp-content\/uploads\/usu831\/2025\/11\/espais-300x169.jpg 300w, https:\/\/agora.xtec.cat\/esc-jverdaguer\/wp-content\/uploads\/usu831\/2025\/11\/espais-1024x576.jpg 1024w, https:\/\/agora.xtec.cat\/esc-jverdaguer\/wp-content\/uploads\/usu831\/2025\/11\/espais-768x432.jpg 768w, https:\/\/agora.xtec.cat\/esc-jverdaguer\/wp-content\/uploads\/usu831\/2025\/11\/espais-1536x864.jpg 1536w, https:\/\/agora.xtec.cat\/esc-jverdaguer\/wp-content\/uploads\/usu831\/2025\/11\/espais.jpg 1920w\" sizes=\"auto, (max-width: 300px) 100vw, 300px\" \/><\/a><\/figure>\n<\/div><\/div><\/div>\n\n\n\n<div class=\"wp-block-getwid-toggle__row\"><div class=\"wp-block-getwid-toggle__header-wrapper\"><span class=\"wp-block-getwid-toggle__header\"><a href=\"#\"><span class=\"wp-block-getwid-toggle__header-title\">Una escola, una llengua<\/span><span class=\"wp-block-getwid-toggle__icon is-active\"><i class=\"fas fa-paperclip\"><\/i><\/span><span class=\"wp-block-getwid-toggle__icon is-passive\"><i class=\"fas fa-minus\"><\/i><\/span><\/a><\/span><\/div><div class=\"wp-block-getwid-toggle__content-wrapper\"><div class=\"wp-block-getwid-toggle__content\">\n<figure class=\"wp-block-image size-medium\"><a href=\"https:\/\/agora.xtec.cat\/esc-jverdaguer\/projecte-educatiu-2\/plans-estrategics-descola\/una-escola-una-llengua\/\"><img loading=\"lazy\" decoding=\"async\" width=\"300\" height=\"169\" src=\"https:\/\/agora.xtec.cat\/esc-jverdaguer\/wp-content\/uploads\/usu831\/2025\/11\/Pla-millora-llengua-catalana-300x169.jpg\" alt=\"\" class=\"wp-image-2879\" srcset=\"https:\/\/agora.xtec.cat\/esc-jverdaguer\/wp-content\/uploads\/usu831\/2025\/11\/Pla-millora-llengua-catalana-300x169.jpg 300w, https:\/\/agora.xtec.cat\/esc-jverdaguer\/wp-content\/uploads\/usu831\/2025\/11\/Pla-millora-llengua-catalana-1024x576.jpg 1024w, https:\/\/agora.xtec.cat\/esc-jverdaguer\/wp-content\/uploads\/usu831\/2025\/11\/Pla-millora-llengua-catalana-768x432.jpg 768w, https:\/\/agora.xtec.cat\/esc-jverdaguer\/wp-content\/uploads\/usu831\/2025\/11\/Pla-millora-llengua-catalana-1536x864.jpg 1536w, https:\/\/agora.xtec.cat\/esc-jverdaguer\/wp-content\/uploads\/usu831\/2025\/11\/Pla-millora-llengua-catalana.jpg 1920w\" sizes=\"auto, (max-width: 300px) 100vw, 300px\" \/><\/a><\/figure>\n<\/div><\/div><\/div>\n<\/div>\n\n\n\n<p><\/p>\n","protected":false},"excerpt":{"rendered":"<p>A la nostra escola som conscients que la millora continua requereix direcci\u00f3, claredat i comprom\u00eds.Els nostres quatre plans estrat\u00e8gics \u2014Atenci\u00f3 a la Diversitat i Multiculturalitat, Adequaci\u00f3 d\u2019Espais, Millora de la Llengua Catalana i Comunicaci\u00f3\u2014 defineixen accions concretes per fer de l\u2019escola un espai inclusiu, acollidor, connectat i de qualitat.Impulsem aquests plans perqu\u00e8 tots els membres [&hellip;]<\/p>\n","protected":false},"author":1,"featured_media":0,"parent":789,"menu_order":0,"comment_status":"closed","ping_status":"close","template":"","meta":{"_bbp_topic_count":0,"_bbp_reply_count":0,"_bbp_total_topic_count":0,"_bbp_total_reply_count":0,"_bbp_voice_count":0,"_bbp_anonymous_reply_count":0,"_bbp_topic_count_hidden":0,"_bbp_reply_count_hidden":0,"_bbp_forum_subforum_count":0,"site-sidebar-layout":"default","site-content-layout":"","ast-site-content-layout":"default","site-content-style":"default","site-sidebar-style":"default","ast-global-header-display":"","ast-banner-title-visibility":"","ast-main-header-display":"","ast-hfb-above-header-display":"","ast-hfb-below-header-display":"","ast-hfb-mobile-header-display":"","site-post-title":"","ast-breadcrumbs-content":"","ast-featured-img":"","footer-sml-layout":"","theme-transparent-header-meta":"","adv-header-id-meta":"","stick-header-meta":"","header-above-stick-meta":"","header-main-stick-meta":"","header-below-stick-meta":"","astra-migrate-meta-layouts":"set","ast-page-background-enabled":"default","ast-page-background-meta":{"desktop":{"background-color":"var(--ast-global-color-4)","background-image":"","background-repeat":"repeat","background-position":"center center","background-size":"auto","background-attachment":"scroll","background-type":"","background-media":"","overlay-type":"","overlay-color":"","overlay-opacity":"","overlay-gradient":""},"tablet":{"background-color":"","background-image":"","background-repeat":"repeat","background-position":"center center","background-size":"auto","background-attachment":"scroll","background-type":"","background-media":"","overlay-type":"","overlay-color":"","overlay-opacity":"","overlay-gradient":""},"mobile":{"background-color":"","background-image":"","background-repeat":"repeat","background-position":"center center","background-size":"auto","background-attachment":"scroll","background-type":"","background-media":"","overlay-type":"","overlay-color":"","overlay-opacity":"","overlay-gradient":""}},"ast-content-background-meta":{"desktop":{"background-color":"var(--ast-global-color-5)","background-image":"","background-repeat":"repeat","background-position":"center center","background-size":"auto","background-attachment":"scroll","background-type":"","background-media":"","overlay-type":"","overlay-color":"","overlay-opacity":"","overlay-gradient":""},"tablet":{"background-color":"var(--ast-global-color-5)","background-image":"","background-repeat":"repeat","background-position":"center center","background-size":"auto","background-attachment":"scroll","background-type":"","background-media":"","overlay-type":"","overlay-color":"","overlay-opacity":"","overlay-gradient":""},"mobile":{"background-color":"var(--ast-global-color-5)","background-image":"","background-repeat":"repeat","background-position":"center center","background-size":"auto","background-attachment":"scroll","background-type":"","background-media":"","overlay-type":"","overlay-color":"","overlay-opacity":"","overlay-gradient":""}},"footnotes":""},"class_list":["post-2728","page","type-page","status-publish","hentry"],"post_mailing_queue_ids":[],"_links":{"self":[{"href":"https:\/\/agora.xtec.cat\/esc-jverdaguer\/wp-json\/wp\/v2\/pages\/2728","targetHints":{"allow":["GET"]}}],"collection":[{"href":"https:\/\/agora.xtec.cat\/esc-jverdaguer\/wp-json\/wp\/v2\/pages"}],"about":[{"href":"https:\/\/agora.xtec.cat\/esc-jverdaguer\/wp-json\/wp\/v2\/types\/page"}],"author":[{"embeddable":true,"href":"https:\/\/agora.xtec.cat\/esc-jverdaguer\/wp-json\/wp\/v2\/users\/1"}],"replies":[{"embeddable":true,"href":"https:\/\/agora.xtec.cat\/esc-jverdaguer\/wp-json\/wp\/v2\/comments?post=2728"}],"version-history":[{"count":5,"href":"https:\/\/agora.xtec.cat\/esc-jverdaguer\/wp-json\/wp\/v2\/pages\/2728\/revisions"}],"predecessor-version":[{"id":3433,"href":"https:\/\/agora.xtec.cat\/esc-jverdaguer\/wp-json\/wp\/v2\/pages\/2728\/revisions\/3433"}],"up":[{"embeddable":true,"href":"https:\/\/agora.xtec.cat\/esc-jverdaguer\/wp-json\/wp\/v2\/pages\/789"}],"wp:attachment":[{"href":"https:\/\/agora.xtec.cat\/esc-jverdaguer\/wp-json\/wp\/v2\/media?parent=2728"}],"curies":[{"name":"wp","href":"https:\/\/api.w.org\/{rel}","templated":true}]}}

Plans estratègics d&#8217;escola

<p>A la nostra escola som conscients que la millora continua requereix direcció, claredat i compromís.<br>Els nostres quatre plans estratègics —Atenció a la Diversitat i Multiculturalitat, Adequació d’Espais, Millora de la Llengua Catalana i Comunicació— defineixen accions concretes per fer de l’escola un espai inclusiu, acollidor, connectat i de qualitat.<br>Impulsem aquests plans perquè tots els membres de la comunitat educativa caminem plegats cap a un projecte comú.</p>



<div class="wp-block-getwid-toggle has-icon-left">
<div class="wp-block-getwid-toggle__row"><div class="wp-block-getwid-toggle__header-wrapper"><span class="wp-block-getwid-toggle__header"><a href="#"><span class="wp-block-getwid-toggle__header-title">Una escola per a tothom</span><span class="wp-block-getwid-toggle__icon is-active"><i class="fas fa-paperclip"></i></span><span class="wp-block-getwid-toggle__icon is-passive"><i class="fas fa-minus"></i></span></a></span></div><div class="wp-block-getwid-toggle__content-wrapper"><div class="wp-block-getwid-toggle__content">
<figure class="wp-block-image size-medium"><a href="https://agora.xtec.cat/esc-jverdaguer/projecte-educatiu-2/plans-estrategics-descola/una-escola-per-a-tothom/"><img loading="lazy" decoding="async" width="300" height="169" src="https://agora.xtec.cat/esc-jverdaguer/wp-content/uploads/usu831/2025/11/Diversitat-300x169.jpg" alt="" class="wp-image-2873" srcset="https://agora.xtec.cat/esc-jverdaguer/wp-content/uploads/usu831/2025/11/Diversitat-300x169.jpg 300w, https://agora.xtec.cat/esc-jverdaguer/wp-content/uploads/usu831/2025/11/Diversitat-1024x576.jpg 1024w, https://agora.xtec.cat/esc-jverdaguer/wp-content/uploads/usu831/2025/11/Diversitat-768x432.jpg 768w, https://agora.xtec.cat/esc-jverdaguer/wp-content/uploads/usu831/2025/11/Diversitat-1536x864.jpg 1536w, https://agora.xtec.cat/esc-jverdaguer/wp-content/uploads/usu831/2025/11/Diversitat.jpg 1920w" sizes="auto, (max-width: 300px) 100vw, 300px" /></a></figure>
</div></div></div>



<div class="wp-block-getwid-toggle__row"><div class="wp-block-getwid-toggle__header-wrapper"><span class="wp-block-getwid-toggle__header"><a href="#"><span class="wp-block-getwid-toggle__header-title">Una escola que batega</span><span class="wp-block-getwid-toggle__icon is-active"><i class="fas fa-paperclip"></i></span><span class="wp-block-getwid-toggle__icon is-passive"><i class="fas fa-minus"></i></span></a></span></div><div class="wp-block-getwid-toggle__content-wrapper"><div class="wp-block-getwid-toggle__content">
<figure class="wp-block-image size-medium"><a href="https://agora.xtec.cat/esc-jverdaguer/projecte-educatiu-2/plans-estrategics-descola/una-escola-que-batega/"><img loading="lazy" decoding="async" width="300" height="169" src="https://agora.xtec.cat/esc-jverdaguer/wp-content/uploads/usu831/2025/11/comunicacio-300x169.jpg" alt="" class="wp-image-2882" srcset="https://agora.xtec.cat/esc-jverdaguer/wp-content/uploads/usu831/2025/11/comunicacio-300x169.jpg 300w, https://agora.xtec.cat/esc-jverdaguer/wp-content/uploads/usu831/2025/11/comunicacio-1024x576.jpg 1024w, https://agora.xtec.cat/esc-jverdaguer/wp-content/uploads/usu831/2025/11/comunicacio-768x432.jpg 768w, https://agora.xtec.cat/esc-jverdaguer/wp-content/uploads/usu831/2025/11/comunicacio-1536x864.jpg 1536w, https://agora.xtec.cat/esc-jverdaguer/wp-content/uploads/usu831/2025/11/comunicacio.jpg 1920w" sizes="auto, (max-width: 300px) 100vw, 300px" /></a></figure>
</div></div></div>



<div class="wp-block-getwid-toggle__row"><div class="wp-block-getwid-toggle__header-wrapper"><span class="wp-block-getwid-toggle__header"><a href="#"><span class="wp-block-getwid-toggle__header-title">Una escola, mil espais</span><span class="wp-block-getwid-toggle__icon is-active"><i class="fas fa-paperclip"></i></span><span class="wp-block-getwid-toggle__icon is-passive"><i class="fas fa-minus"></i></span></a></span></div><div class="wp-block-getwid-toggle__content-wrapper"><div class="wp-block-getwid-toggle__content">
<figure class="wp-block-image size-medium"><a href="https://agora.xtec.cat/esc-jverdaguer/projecte-educatiu-2/plans-estrategics-descola/una-escola-mil-espais/"><img loading="lazy" decoding="async" width="300" height="169" src="https://agora.xtec.cat/esc-jverdaguer/wp-content/uploads/usu831/2025/11/espais-300x169.jpg" alt="" class="wp-image-2876" srcset="https://agora.xtec.cat/esc-jverdaguer/wp-content/uploads/usu831/2025/11/espais-300x169.jpg 300w, https://agora.xtec.cat/esc-jverdaguer/wp-content/uploads/usu831/2025/11/espais-1024x576.jpg 1024w, https://agora.xtec.cat/esc-jverdaguer/wp-content/uploads/usu831/2025/11/espais-768x432.jpg 768w, https://agora.xtec.cat/esc-jverdaguer/wp-content/uploads/usu831/2025/11/espais-1536x864.jpg 1536w, https://agora.xtec.cat/esc-jverdaguer/wp-content/uploads/usu831/2025/11/espais.jpg 1920w" sizes="auto, (max-width: 300px) 100vw, 300px" /></a></figure>
</div></div></div>



<div class="wp-block-getwid-toggle__row"><div class="wp-block-getwid-toggle__header-wrapper"><span class="wp-block-getwid-toggle__header"><a href="#"><span class="wp-block-getwid-toggle__header-title">Una escola, una llengua</span><span class="wp-block-getwid-toggle__icon is-active"><i class="fas fa-paperclip"></i></span><span class="wp-block-getwid-toggle__icon is-passive"><i class="fas fa-minus"></i></span></a></span></div><div class="wp-block-getwid-toggle__content-wrapper"><div class="wp-block-getwid-toggle__content">
<figure class="wp-block-image size-medium"><a href="https://agora.xtec.cat/esc-jverdaguer/projecte-educatiu-2/plans-estrategics-descola/una-escola-una-llengua/"><img loading="lazy" decoding="async" width="300" height="169" src="https://agora.xtec.cat/esc-jverdaguer/wp-content/uploads/usu831/2025/11/Pla-millora-llengua-catalana-300x169.jpg" alt="" class="wp-image-2879" srcset="https://agora.xtec.cat/esc-jverdaguer/wp-content/uploads/usu831/2025/11/Pla-millora-llengua-catalana-300x169.jpg 300w, https://agora.xtec.cat/esc-jverdaguer/wp-content/uploads/usu831/2025/11/Pla-millora-llengua-catalana-1024x576.jpg 1024w, https://agora.xtec.cat/esc-jverdaguer/wp-content/uploads/usu831/2025/11/Pla-millora-llengua-catalana-768x432.jpg 768w, https://agora.xtec.cat/esc-jverdaguer/wp-content/uploads/usu831/2025/11/Pla-millora-llengua-catalana-1536x864.jpg 1536w, https://agora.xtec.cat/esc-jverdaguer/wp-content/uploads/usu831/2025/11/Pla-millora-llengua-catalana.jpg 1920w" sizes="auto, (max-width: 300px) 100vw, 300px" /></a></figure>
</div></div></div>
</div>



<p></p>

<p>A la nostra escola som conscients que la millora continua requereix direcció, claredat i compromís.Els nostres quatre plans estratègics —Atenció a la Diversitat i Multiculturalitat, Adequació d’Espais, Millora de la Llengua Catalana i Comunicació— defineixen accions concretes per fer de l’escola un espai inclusiu, acollidor, connectat i de qualitat.Impulsem aquests plans perquè tots els membres [&hellip;]</p>
