{"id":1390,"date":"2019-02-27T13:58:25","date_gmt":"2019-02-27T12:58:25","guid":{"rendered":"http:\/\/agora.xtec.cat\/esc-jverdaguer\/?page_id=1390"},"modified":"2025-10-28T17:52:15","modified_gmt":"2025-10-28T16:52:15","slug":"carta-de-compromis","status":"publish","type":"page","link":"https:\/\/agora.xtec.cat\/esc-jverdaguer\/documents-descola\/carta-de-compromis\/","title":{"rendered":"Carta de comprom\u00eds educatiu 2025-2026"},"content":{"rendered":"<p>A l&#8217;Escola Jacint Verdaguer, creiem en la corresponsabilitat entre les fam\u00edlies i els centres implicats en l&#8217;educaci\u00f3 dels i les nostres alumnes. <span class=\"citation-239\">Per aix\u00f2, hem elaborat la nostra <strong>carta de comprom\u00eds educatiu<\/strong> per al curs 2025-2026, un document que \u00e9s fonamental per potenciar la bona comunicaci\u00f3, la participaci\u00f3, la implicaci\u00f3 entre el centre i les fam\u00edlies<\/span>.<\/p>\n<p><span class=\"citation-238\">Aquesta carta t\u00e9 com a objectiu principal plantejar els nostres principis per assegurar el desenvolupament integral de l&#8217;alumnat, la conviv\u00e8ncia positiva i garantir la igualtat d&#8217;oportunitats per a tothom<\/span>. <span class=\"citation-237\">\u00c9s una expressi\u00f3 de la nostra voluntat com a comunitat per assegurar el benestar, l&#8217;aprenentatge i la participaci\u00f3 activa de tots els implicats en aquest proc\u00e9s.<\/span><\/p>\n<div class=\"source-inline-chip-container ng-star-inserted\">\u00a0<\/div>\n<p>Us convidem a consultar el text complet de la carta de comprom\u00eds educatiu 2025-2026 al seg\u00fcent <a href=\"https:\/\/agora.xtec.cat\/esc-jverdaguer\/wp-content\/uploads\/usu831\/2025\/10\/Carta-de-compromis-educatiu-Escola-Jacint-Verdaguer-Curs-2025_2026.pdf\">ENLLA\u00c7<\/a>.<\/p>\n\n\n<p><\/p>\n","protected":false},"excerpt":{"rendered":"<p>A l&#8217;Escola Jacint Verdaguer, creiem en la corresponsabilitat entre les fam\u00edlies i els centres implicats en l&#8217;educaci\u00f3 dels i les nostres alumnes. Per aix\u00f2, hem elaborat la nostra carta de comprom\u00eds educatiu per al curs 2025-2026, un document que \u00e9s fonamental per potenciar la bona comunicaci\u00f3, la participaci\u00f3, la implicaci\u00f3 entre el centre i les [&hellip;]<\/p>\n","protected":false},"author":1,"featured_media":0,"parent":2616,"menu_order":1,"comment_status":"closed","ping_status":"closed","template":"","meta":{"_bbp_topic_count":0,"_bbp_reply_count":0,"_bbp_total_topic_count":0,"_bbp_total_reply_count":0,"_bbp_voice_count":0,"_bbp_anonymous_reply_count":0,"_bbp_topic_count_hidden":0,"_bbp_reply_count_hidden":0,"_bbp_forum_subforum_count":0,"site-sidebar-layout":"default","site-content-layout":"","ast-site-content-layout":"default","site-content-style":"default","site-sidebar-style":"default","ast-global-header-display":"","ast-banner-title-visibility":"","ast-main-header-display":"","ast-hfb-above-header-display":"","ast-hfb-below-header-display":"","ast-hfb-mobile-header-display":"","site-post-title":"","ast-breadcrumbs-content":"","ast-featured-img":"","footer-sml-layout":"","theme-transparent-header-meta":"","adv-header-id-meta":"","stick-header-meta":"","header-above-stick-meta":"","header-main-stick-meta":"","header-below-stick-meta":"","astra-migrate-meta-layouts":"set","ast-page-background-enabled":"default","ast-page-background-meta":{"desktop":{"background-color":"var(--ast-global-color-4)","background-image":"","background-repeat":"repeat","background-position":"center center","background-size":"auto","background-attachment":"scroll","background-type":"","background-media":"","overlay-type":"","overlay-color":"","overlay-opacity":"","overlay-gradient":""},"tablet":{"background-color":"","background-image":"","background-repeat":"repeat","background-position":"center center","background-size":"auto","background-attachment":"scroll","background-type":"","background-media":"","overlay-type":"","overlay-color":"","overlay-opacity":"","overlay-gradient":""},"mobile":{"background-color":"","background-image":"","background-repeat":"repeat","background-position":"center center","background-size":"auto","background-attachment":"scroll","background-type":"","background-media":"","overlay-type":"","overlay-color":"","overlay-opacity":"","overlay-gradient":""}},"ast-content-background-meta":{"desktop":{"background-color":"var(--ast-global-color-5)","background-image":"","background-repeat":"repeat","background-position":"center center","background-size":"auto","background-attachment":"scroll","background-type":"","background-media":"","overlay-type":"","overlay-color":"","overlay-opacity":"","overlay-gradient":""},"tablet":{"background-color":"var(--ast-global-color-5)","background-image":"","background-repeat":"repeat","background-position":"center center","background-size":"auto","background-attachment":"scroll","background-type":"","background-media":"","overlay-type":"","overlay-color":"","overlay-opacity":"","overlay-gradient":""},"mobile":{"background-color":"var(--ast-global-color-5)","background-image":"","background-repeat":"repeat","background-position":"center center","background-size":"auto","background-attachment":"scroll","background-type":"","background-media":"","overlay-type":"","overlay-color":"","overlay-opacity":"","overlay-gradient":""}},"footnotes":""},"class_list":["post-1390","page","type-page","status-publish","hentry"],"post_mailing_queue_ids":[],"_links":{"self":[{"href":"https:\/\/agora.xtec.cat\/esc-jverdaguer\/wp-json\/wp\/v2\/pages\/1390","targetHints":{"allow":["GET"]}}],"collection":[{"href":"https:\/\/agora.xtec.cat\/esc-jverdaguer\/wp-json\/wp\/v2\/pages"}],"about":[{"href":"https:\/\/agora.xtec.cat\/esc-jverdaguer\/wp-json\/wp\/v2\/types\/page"}],"author":[{"embeddable":true,"href":"https:\/\/agora.xtec.cat\/esc-jverdaguer\/wp-json\/wp\/v2\/users\/1"}],"replies":[{"embeddable":true,"href":"https:\/\/agora.xtec.cat\/esc-jverdaguer\/wp-json\/wp\/v2\/comments?post=1390"}],"version-history":[{"count":6,"href":"https:\/\/agora.xtec.cat\/esc-jverdaguer\/wp-json\/wp\/v2\/pages\/1390\/revisions"}],"predecessor-version":[{"id":2794,"href":"https:\/\/agora.xtec.cat\/esc-jverdaguer\/wp-json\/wp\/v2\/pages\/1390\/revisions\/2794"}],"up":[{"embeddable":true,"href":"https:\/\/agora.xtec.cat\/esc-jverdaguer\/wp-json\/wp\/v2\/pages\/2616"}],"wp:attachment":[{"href":"https:\/\/agora.xtec.cat\/esc-jverdaguer\/wp-json\/wp\/v2\/media?parent=1390"}],"curies":[{"name":"wp","href":"https:\/\/api.w.org\/{rel}","templated":true}]}}

Carta de compromís educatiu 2025-2026

<p>A l&#8217;Escola Jacint Verdaguer, creiem en la corresponsabilitat entre les famílies i els centres implicats en l&#8217;educació dels i les nostres alumnes. <span class="citation-239">Per això, hem elaborat la nostra <strong>carta de compromís educatiu</strong> per al curs 2025-2026, un document que és fonamental per potenciar la bona comunicació, la participació, la implicació entre el centre i les famílies</span>.</p>
<p><span class="citation-238">Aquesta carta té com a objectiu principal plantejar els nostres principis per assegurar el desenvolupament integral de l&#8217;alumnat, la convivència positiva i garantir la igualtat d&#8217;oportunitats per a tothom</span>. <span class="citation-237">És una expressió de la nostra voluntat com a comunitat per assegurar el benestar, l&#8217;aprenentatge i la participació activa de tots els implicats en aquest procés.</span></p>
<div class="source-inline-chip-container ng-star-inserted"> </div>
<p>Us convidem a consultar el text complet de la carta de compromís educatiu 2025-2026 al següent <a href="https://agora.xtec.cat/esc-jverdaguer/wp-content/uploads/usu831/2025/10/Carta-de-compromis-educatiu-Escola-Jacint-Verdaguer-Curs-2025_2026.pdf">ENLLAÇ</a>.</p>


<p></p>

<p>A l&#8217;Escola Jacint Verdaguer, creiem en la corresponsabilitat entre les famílies i els centres implicats en l&#8217;educació dels i les nostres alumnes. Per això, hem elaborat la nostra carta de compromís educatiu per al curs 2025-2026, un document que és fonamental per potenciar la bona comunicació, la participació, la implicació entre el centre i les [&hellip;]</p>
