{"id":26,"date":"2014-09-18T12:24:32","date_gmt":"2014-09-18T11:24:32","guid":{"rendered":"http:\/\/agora.xtec.cat\/esc-joaquimruyra-blanes\/?page_id=26"},"modified":"2020-10-26T16:26:25","modified_gmt":"2020-10-26T15:26:25","slug":"historia","status":"publish","type":"page","link":"https:\/\/agora.xtec.cat\/esc-joaquimruyra-blanes\/lescola\/historia\/","title":{"rendered":"Hist\u00f2ria"},"content":{"rendered":"<p style=\"text-align: justify;\">L&#8217;escola Joaquim Ruyra va ser la primera escola p\u00fablica fundada a Blanes l&#8217;any 1925. Inicialment estava formada per un edifici de forma rectangular de planta baixa, on ara est\u00e0 situat el menjador. L&#8217;arquitecte fou el sr. Folguera i les obres les va fer el sr. Narc\u00eds Gallart. Veient que l&#8217;escola quedava petita, es van aixecar dues plantes m\u00e9s a l&#8217;edifici quadrat i una planta m\u00e9s a l&#8217;edifici de forma rectangular. A la tercera fase, es va construir un tercer edifici on actualment es troben dues classes m\u00e9s d&#8217;educaci\u00f3 infantil.<\/p>\n<p style=\"text-align: justify;\">Les aules eren m\u00e9s petites que ara i hi havien m\u00e9s alumnes. Per\u00f2 no hi havien aules individuals, eren col\u00b7lectives. No tenien cadires sin\u00f3 uns bancs de fusta que, en aixecar-te tamb\u00e9 s&#8217;aixecava.\u00a0Els nens anaven a una classe i les nenes a una altra. A l&#8217;hora del pati tamb\u00e9 estaven separats, meitat pels nens i meitat per les nenes. Els\/les alumnes m\u00e9s grans havien d&#8217;anar a la platja per fer l&#8217;esbarjo.<\/p>\n<p>&nbsp;<\/p>\n","protected":false},"excerpt":{"rendered":"<p>L&#8217;escola Joaquim Ruyra va ser la primera escola p\u00fablica fundada a Blanes l&#8217;any 1925. Inicialment estava formada per un edifici de forma rectangular de planta baixa, on ara est\u00e0 situat el menjador. L&#8217;arquitecte fou el sr. Folguera i les obres les va fer el sr.&hellip;  <a href=\"https:\/\/agora.xtec.cat\/esc-joaquimruyra-blanes\/lescola\/historia\/\" title=\"Read Hist\u00f2ria\">Llegeix m\u00e9s\u00bb<\/a><\/p>\n","protected":false},"author":1,"featured_media":0,"parent":22,"menu_order":20,"comment_status":"closed","ping_status":"closed","template":"page-templates\/side-menu.php","meta":{"_bbp_topic_count":0,"_bbp_reply_count":0,"_bbp_total_topic_count":0,"_bbp_total_reply_count":0,"_bbp_voice_count":0,"_bbp_anonymous_reply_count":0,"_bbp_topic_count_hidden":0,"_bbp_reply_count_hidden":0,"_bbp_forum_subforum_count":0,"footnotes":""},"class_list":["post-26","page","type-page","status-publish","hentry"],"post_mailing_queue_ids":[],"_links":{"self":[{"href":"https:\/\/agora.xtec.cat\/esc-joaquimruyra-blanes\/wp-json\/wp\/v2\/pages\/26","targetHints":{"allow":["GET"]}}],"collection":[{"href":"https:\/\/agora.xtec.cat\/esc-joaquimruyra-blanes\/wp-json\/wp\/v2\/pages"}],"about":[{"href":"https:\/\/agora.xtec.cat\/esc-joaquimruyra-blanes\/wp-json\/wp\/v2\/types\/page"}],"author":[{"embeddable":true,"href":"https:\/\/agora.xtec.cat\/esc-joaquimruyra-blanes\/wp-json\/wp\/v2\/users\/1"}],"replies":[{"embeddable":true,"href":"https:\/\/agora.xtec.cat\/esc-joaquimruyra-blanes\/wp-json\/wp\/v2\/comments?post=26"}],"version-history":[{"count":4,"href":"https:\/\/agora.xtec.cat\/esc-joaquimruyra-blanes\/wp-json\/wp\/v2\/pages\/26\/revisions"}],"predecessor-version":[{"id":11646,"href":"https:\/\/agora.xtec.cat\/esc-joaquimruyra-blanes\/wp-json\/wp\/v2\/pages\/26\/revisions\/11646"}],"up":[{"embeddable":true,"href":"https:\/\/agora.xtec.cat\/esc-joaquimruyra-blanes\/wp-json\/wp\/v2\/pages\/22"}],"wp:attachment":[{"href":"https:\/\/agora.xtec.cat\/esc-joaquimruyra-blanes\/wp-json\/wp\/v2\/media?parent=26"}],"curies":[{"name":"wp","href":"https:\/\/api.w.org\/{rel}","templated":true}]}}

Història

<p style="text-align: justify;">L&#8217;escola Joaquim Ruyra va ser la primera escola pública fundada a Blanes l&#8217;any 1925. Inicialment estava formada per un edifici de forma rectangular de planta baixa, on ara està situat el menjador. L&#8217;arquitecte fou el sr. Folguera i les obres les va fer el sr. Narcís Gallart. Veient que l&#8217;escola quedava petita, es van aixecar dues plantes més a l&#8217;edifici quadrat i una planta més a l&#8217;edifici de forma rectangular. A la tercera fase, es va construir un tercer edifici on actualment es troben dues classes més d&#8217;educació infantil.</p>
<p style="text-align: justify;">Les aules eren més petites que ara i hi havien més alumnes. Però no hi havien aules individuals, eren col·lectives. No tenien cadires sinó uns bancs de fusta que, en aixecar-te també s&#8217;aixecava. Els nens anaven a una classe i les nenes a una altra. A l&#8217;hora del pati també estaven separats, meitat pels nens i meitat per les nenes. Els/les alumnes més grans havien d&#8217;anar a la platja per fer l&#8217;esbarjo.</p>
<p>&nbsp;</p>

<p>L&#8217;escola Joaquim Ruyra va ser la primera escola pública fundada a Blanes l&#8217;any 1925. Inicialment estava formada per un edifici de forma rectangular de planta baixa, on ara està situat el menjador. L&#8217;arquitecte fou el sr. Folguera i les obres les va fer el sr.&hellip;  <a href="https://agora.xtec.cat/esc-joaquimruyra-blanes/lescola/historia/" title="Read Història">Llegeix més»</a></p>
