{"id":22,"date":"2014-09-18T12:19:57","date_gmt":"2014-09-18T11:19:57","guid":{"rendered":"http:\/\/agora.xtec.cat\/esc-joaquimruyra-blanes\/?page_id=22"},"modified":"2016-01-15T09:24:50","modified_gmt":"2016-01-15T08:24:50","slug":"lescola","status":"publish","type":"page","link":"https:\/\/agora.xtec.cat\/esc-joaquimruyra-blanes\/lescola\/","title":{"rendered":"L&#8217;escola"},"content":{"rendered":"<p><b>EL NOSTRE NOM<\/b><\/p>\n<p style=\"text-align: justify;\">Joaquim Ruyra era un gran escriptor en llengua catalana que va n\u00e9ixer al 1858 i va viure a Blanes. \u00c9s considerat com el principal exponent de la narrativa regionalista de principis del segle. Tamb\u00e9 va fer diverses traduccions de les obres de Racine i de Moli\u00e8re. Va estudiar dret a Barcelona, on es va establir, i va col\u00b7laborar en diverses revistes. Tamb\u00e9 fou membre des de 1924 de l&#8217;Institut d&#8217;Estudis Catalans. Va morir l&#8217;any 1939. En honor al seu treball, aquesta escola es va anomenar ESC Joaquim Ruyra.<\/p>\n<p style=\"text-align: justify;\">L&#8217;escola tamb\u00e9 l&#8217;anomenem &#8220;La Vila&#8221; perqu\u00e8 abans que es constru\u00eds, els alumnes anaven a unes aules al costat de l&#8217;ajuntament que s&#8217;anomenaven &#8220;La Vila&#8221;. \u00c9s per aix\u00f2 que es va quedar aquest nom.<\/p>\n","protected":false},"excerpt":{"rendered":"<p>EL NOSTRE NOM<br \/>\nJoaquim Ruyra era un gran escriptor en llengua catalana que va n\u00e9ixer al 1858 i va viure a Blanes. \u00c9s considerat com el principal exponent de la narrativa regionalista de principis del segle. Tamb\u00e9 va fer diverses traduccions de les obres de Racine&hellip;  <a href=\"https:\/\/agora.xtec.cat\/esc-joaquimruyra-blanes\/lescola\/\" title=\"Read L&#8217;escola\">Llegeix m\u00e9s\u00bb<\/a><\/p>\n","protected":false},"author":1,"featured_media":0,"parent":0,"menu_order":0,"comment_status":"closed","ping_status":"closed","template":"page-templates\/side-menu.php","meta":{"_bbp_topic_count":0,"_bbp_reply_count":0,"_bbp_total_topic_count":0,"_bbp_total_reply_count":0,"_bbp_voice_count":0,"_bbp_anonymous_reply_count":0,"_bbp_topic_count_hidden":0,"_bbp_reply_count_hidden":0,"_bbp_forum_subforum_count":0,"footnotes":""},"class_list":["post-22","page","type-page","status-publish","hentry"],"post_mailing_queue_ids":[],"_links":{"self":[{"href":"https:\/\/agora.xtec.cat\/esc-joaquimruyra-blanes\/wp-json\/wp\/v2\/pages\/22","targetHints":{"allow":["GET"]}}],"collection":[{"href":"https:\/\/agora.xtec.cat\/esc-joaquimruyra-blanes\/wp-json\/wp\/v2\/pages"}],"about":[{"href":"https:\/\/agora.xtec.cat\/esc-joaquimruyra-blanes\/wp-json\/wp\/v2\/types\/page"}],"author":[{"embeddable":true,"href":"https:\/\/agora.xtec.cat\/esc-joaquimruyra-blanes\/wp-json\/wp\/v2\/users\/1"}],"replies":[{"embeddable":true,"href":"https:\/\/agora.xtec.cat\/esc-joaquimruyra-blanes\/wp-json\/wp\/v2\/comments?post=22"}],"version-history":[{"count":3,"href":"https:\/\/agora.xtec.cat\/esc-joaquimruyra-blanes\/wp-json\/wp\/v2\/pages\/22\/revisions"}],"predecessor-version":[{"id":275,"href":"https:\/\/agora.xtec.cat\/esc-joaquimruyra-blanes\/wp-json\/wp\/v2\/pages\/22\/revisions\/275"}],"wp:attachment":[{"href":"https:\/\/agora.xtec.cat\/esc-joaquimruyra-blanes\/wp-json\/wp\/v2\/media?parent=22"}],"curies":[{"name":"wp","href":"https:\/\/api.w.org\/{rel}","templated":true}]}}