{"id":14652,"date":"2022-04-04T15:04:07","date_gmt":"2022-04-04T13:04:07","guid":{"rendered":"https:\/\/agora.xtec.cat\/esc-joaquimruyra-blanes\/?page_id=14652"},"modified":"2024-01-09T13:07:28","modified_gmt":"2024-01-09T12:07:28","slug":"consell-escolar","status":"publish","type":"page","link":"https:\/\/agora.xtec.cat\/esc-joaquimruyra-blanes\/lescola\/consell-escolar\/","title":{"rendered":"Consell Escolar"},"content":{"rendered":"<p>Benvinguts i benvingudes al Consell Escolar de l&#8217;Escola Joaquim Ruyra.<\/p>\n<p><span style=\"font-weight: 400;\">El <\/span><i><span style=\"font-weight: 400;\">consell escolar<\/span><\/i><span style=\"font-weight: 400;\"> el conformen els seg\u00fcents membres:<\/span><\/p>\n<p><span style=\"font-weight: 400;\">Per part de les fam\u00edlies i de l\u2019AFA: M\u00edriam Gonz\u00e1lez, Marina Garcia, Meritxell Gombau, Isolda Vila, Jasmina Ortiz i Ruth Cerd\u00e1n; per part del claustre de mestres: Carme Arnau, Sandra Janzen, Isabel Muro, Carmen Torres, Sara Boquera i Carme Bl\u00e0via; personal PAS: M. Llu\u00efsa Coll; per part de l&#8217;Ajuntament, la regidora d\u2019Educaci\u00f3, la Gl\u00f2ria Agudo; i l\u2019equip directiu: la Montse Rivas, Cap d\u2019Estudis, la Secret\u00e0ria, l\u2019Eva Delgado i la Directora, la Maite Casaus.<\/span><\/p>\n<p><span style=\"font-weight: 400;\">El consell escolar es reuneix els dimecres a les 16:45h, segons convocat\u00f2ria seguint la normativa actual.\u00a0<\/span><\/p>\n","protected":false},"excerpt":{"rendered":"<p>Benvinguts i benvingudes al Consell Escolar de l&#8217;Escola Joaquim Ruyra.<br \/>\nEl consell escolar el conformen els seg\u00fcents membres:<br \/>\nPer part de les fam\u00edlies i de l\u2019AFA: M\u00edriam Gonz\u00e1lez, Marina Garcia, Meritxell Gombau, Isolda Vila, Jasmina Ortiz i Ruth Cerd\u00e1n; per part del claustre de mestres: Carme Arnau,&hellip;  <a href=\"https:\/\/agora.xtec.cat\/esc-joaquimruyra-blanes\/lescola\/consell-escolar\/\" title=\"Read Consell Escolar\">Llegeix m\u00e9s\u00bb<\/a><\/p>\n","protected":false},"author":1,"featured_media":0,"parent":22,"menu_order":75,"comment_status":"closed","ping_status":"closed","template":"page-templates\/side-menu.php","meta":{"_bbp_topic_count":0,"_bbp_reply_count":0,"_bbp_total_topic_count":0,"_bbp_total_reply_count":0,"_bbp_voice_count":0,"_bbp_anonymous_reply_count":0,"_bbp_topic_count_hidden":0,"_bbp_reply_count_hidden":0,"_bbp_forum_subforum_count":0,"footnotes":""},"class_list":["post-14652","page","type-page","status-publish","hentry"],"post_mailing_queue_ids":[],"_links":{"self":[{"href":"https:\/\/agora.xtec.cat\/esc-joaquimruyra-blanes\/wp-json\/wp\/v2\/pages\/14652","targetHints":{"allow":["GET"]}}],"collection":[{"href":"https:\/\/agora.xtec.cat\/esc-joaquimruyra-blanes\/wp-json\/wp\/v2\/pages"}],"about":[{"href":"https:\/\/agora.xtec.cat\/esc-joaquimruyra-blanes\/wp-json\/wp\/v2\/types\/page"}],"author":[{"embeddable":true,"href":"https:\/\/agora.xtec.cat\/esc-joaquimruyra-blanes\/wp-json\/wp\/v2\/users\/1"}],"replies":[{"embeddable":true,"href":"https:\/\/agora.xtec.cat\/esc-joaquimruyra-blanes\/wp-json\/wp\/v2\/comments?post=14652"}],"version-history":[{"count":5,"href":"https:\/\/agora.xtec.cat\/esc-joaquimruyra-blanes\/wp-json\/wp\/v2\/pages\/14652\/revisions"}],"predecessor-version":[{"id":16728,"href":"https:\/\/agora.xtec.cat\/esc-joaquimruyra-blanes\/wp-json\/wp\/v2\/pages\/14652\/revisions\/16728"}],"up":[{"embeddable":true,"href":"https:\/\/agora.xtec.cat\/esc-joaquimruyra-blanes\/wp-json\/wp\/v2\/pages\/22"}],"wp:attachment":[{"href":"https:\/\/agora.xtec.cat\/esc-joaquimruyra-blanes\/wp-json\/wp\/v2\/media?parent=14652"}],"curies":[{"name":"wp","href":"https:\/\/api.w.org\/{rel}","templated":true}]}}

<p>Benvinguts i benvingudes al Consell Escolar de l&#8217;Escola Joaquim Ruyra.</p>
<p><span style="font-weight: 400;">El </span><i><span style="font-weight: 400;">consell escolar</span></i><span style="font-weight: 400;"> el conformen els següents membres:</span></p>
<p><span style="font-weight: 400;">Per part de les famílies i de l’AFA: Míriam González, Marina Garcia, Meritxell Gombau, Isolda Vila, Jasmina Ortiz i Ruth Cerdán; per part del claustre de mestres: Carme Arnau, Sandra Janzen, Isabel Muro, Carmen Torres, Sara Boquera i Carme Blàvia; personal PAS: M. Lluïsa Coll; per part de l&#8217;Ajuntament, la regidora d’Educació, la Glòria Agudo; i l’equip directiu: la Montse Rivas, Cap d’Estudis, la Secretària, l’Eva Delgado i la Directora, la Maite Casaus.</span></p>
<p><span style="font-weight: 400;">El consell escolar es reuneix els dimecres a les 16:45h, segons convocatòria seguint la normativa actual. </span></p>

<p>Benvinguts i benvingudes al Consell Escolar de l&#8217;Escola Joaquim Ruyra.<br />
El consell escolar el conformen els següents membres:<br />
Per part de les famílies i de l’AFA: Míriam González, Marina Garcia, Meritxell Gombau, Isolda Vila, Jasmina Ortiz i Ruth Cerdán; per part del claustre de mestres: Carme Arnau,&hellip;  <a href="https://agora.xtec.cat/esc-joaquimruyra-blanes/lescola/consell-escolar/" title="Read Consell Escolar">Llegeix més»</a></p>
