{"id":1105,"date":"2016-05-03T11:22:44","date_gmt":"2016-05-03T10:22:44","guid":{"rendered":"http:\/\/agora.xtec.cat\/esc-joaquimruyra-blanes\/?page_id=1105"},"modified":"2023-04-25T12:15:48","modified_gmt":"2023-04-25T10:15:48","slug":"arees-per-cursos","status":"publish","type":"page","link":"https:\/\/agora.xtec.cat\/esc-joaquimruyra-blanes\/projecte-educatiu\/curriculum\/arees-per-cursos\/","title":{"rendered":"\u00c0rees per cursos"},"content":{"rendered":"<p>\u00c0mbits i \u00e0rees de coneixement de l&#8217;EDUCACI\u00d3 PRIM\u00c0RIA.<\/p>\n<p>Els alumnes han de cursar en cadascun dels cursos de l\u2019etapa les \u00e0rees de coneixement seg\u00fcents:<\/p>\n<p>a) \u00c0mbit ling\u00fc\u00edstic \u2022 \u00c0rea de llengua catalana i literatura. \u2022 \u00c0rea de llengua castellana i literatura. \u2022 \u00c0rea de primera llengua estrangera.<\/p>\n<p>b) \u00c0mbit matem\u00e0tic \u2022 \u00c0rea de matem\u00e0tiques.<\/p>\n<p>c) \u00c0mbit de coneixement del medi \u2022 \u00c0rea de coneixement del medi natural. \u2022 \u00c0rea de coneixement del medi social i cultural.<\/p>\n<p>d) \u00c0mbit art\u00edstic \u2022 \u00c0rea d\u2019educaci\u00f3 art\u00edstica: visual i pl\u00e0stica, m\u00fasica i dansa.<\/p>\n<p>e) \u00c0mbit d\u2019educaci\u00f3 f\u00edsica \u2022 \u00c0rea d\u2019educaci\u00f3 f\u00edsica.<\/p>\n<p>f) \u00c0mbit d\u2019educaci\u00f3 en valors \u2022 \u00c0rea d\u2019educaci\u00f3 en valors socials i c\u00edvics o \u00e0rea de religi\u00f3.<\/p>\n","protected":false},"excerpt":{"rendered":"<p>\u00c0mbits i \u00e0rees de coneixement de l&#8217;EDUCACI\u00d3 PRIM\u00c0RIA.<br \/>\nEls alumnes han de cursar en cadascun dels cursos de l\u2019etapa les \u00e0rees de coneixement seg\u00fcents:<br \/>\na) \u00c0mbit ling\u00fc\u00edstic \u2022 \u00c0rea de llengua catalana i literatura. \u2022 \u00c0rea de llengua castellana i literatura. \u2022 \u00c0rea de primera llengua estrangera.<br \/>\nb)&hellip;  <a href=\"https:\/\/agora.xtec.cat\/esc-joaquimruyra-blanes\/projecte-educatiu\/curriculum\/arees-per-cursos\/\" title=\"Read \u00c0rees per cursos\">Llegeix m\u00e9s\u00bb<\/a><\/p>\n","protected":false},"author":1,"featured_media":0,"parent":1041,"menu_order":10,"comment_status":"closed","ping_status":"closed","template":"page-templates\/side-menu.php","meta":{"_bbp_topic_count":0,"_bbp_reply_count":0,"_bbp_total_topic_count":0,"_bbp_total_reply_count":0,"_bbp_voice_count":0,"_bbp_anonymous_reply_count":0,"_bbp_topic_count_hidden":0,"_bbp_reply_count_hidden":0,"_bbp_forum_subforum_count":0,"footnotes":""},"class_list":["post-1105","page","type-page","status-publish","hentry"],"post_mailing_queue_ids":[],"_links":{"self":[{"href":"https:\/\/agora.xtec.cat\/esc-joaquimruyra-blanes\/wp-json\/wp\/v2\/pages\/1105","targetHints":{"allow":["GET"]}}],"collection":[{"href":"https:\/\/agora.xtec.cat\/esc-joaquimruyra-blanes\/wp-json\/wp\/v2\/pages"}],"about":[{"href":"https:\/\/agora.xtec.cat\/esc-joaquimruyra-blanes\/wp-json\/wp\/v2\/types\/page"}],"author":[{"embeddable":true,"href":"https:\/\/agora.xtec.cat\/esc-joaquimruyra-blanes\/wp-json\/wp\/v2\/users\/1"}],"replies":[{"embeddable":true,"href":"https:\/\/agora.xtec.cat\/esc-joaquimruyra-blanes\/wp-json\/wp\/v2\/comments?post=1105"}],"version-history":[{"count":2,"href":"https:\/\/agora.xtec.cat\/esc-joaquimruyra-blanes\/wp-json\/wp\/v2\/pages\/1105\/revisions"}],"predecessor-version":[{"id":16074,"href":"https:\/\/agora.xtec.cat\/esc-joaquimruyra-blanes\/wp-json\/wp\/v2\/pages\/1105\/revisions\/16074"}],"up":[{"embeddable":true,"href":"https:\/\/agora.xtec.cat\/esc-joaquimruyra-blanes\/wp-json\/wp\/v2\/pages\/1041"}],"wp:attachment":[{"href":"https:\/\/agora.xtec.cat\/esc-joaquimruyra-blanes\/wp-json\/wp\/v2\/media?parent=1105"}],"curies":[{"name":"wp","href":"https:\/\/api.w.org\/{rel}","templated":true}]}}

Àrees per cursos

<p>Àmbits i àrees de coneixement de l&#8217;EDUCACIÓ PRIMÀRIA.</p>
<p>Els alumnes han de cursar en cadascun dels cursos de l’etapa les àrees de coneixement següents:</p>
<p>a) Àmbit lingüístic • Àrea de llengua catalana i literatura. • Àrea de llengua castellana i literatura. • Àrea de primera llengua estrangera.</p>
<p>b) Àmbit matemàtic • Àrea de matemàtiques.</p>
<p>c) Àmbit de coneixement del medi • Àrea de coneixement del medi natural. • Àrea de coneixement del medi social i cultural.</p>
<p>d) Àmbit artístic • Àrea d’educació artística: visual i plàstica, música i dansa.</p>
<p>e) Àmbit d’educació física • Àrea d’educació física.</p>
<p>f) Àmbit d’educació en valors • Àrea d’educació en valors socials i cívics o àrea de religió.</p>

<p>Àmbits i àrees de coneixement de l&#8217;EDUCACIÓ PRIMÀRIA.<br />
Els alumnes han de cursar en cadascun dels cursos de l’etapa les àrees de coneixement següents:<br />
a) Àmbit lingüístic • Àrea de llengua catalana i literatura. • Àrea de llengua castellana i literatura. • Àrea de primera llengua estrangera.<br />
b)&hellip;  <a href="https://agora.xtec.cat/esc-joaquimruyra-blanes/projecte-educatiu/curriculum/arees-per-cursos/" title="Read Àrees per cursos">Llegeix més»</a></p>
