{"id":9963,"date":"2018-10-12T18:37:26","date_gmt":"2018-10-12T16:37:26","guid":{"rendered":"http:\/\/agora.xtec.cat\/esc-joancasas\/?page_id=9963"},"modified":"2022-02-16T20:24:59","modified_gmt":"2022-02-16T19:24:59","slug":"apadrinament-del-patrimoni","status":"publish","type":"page","link":"https:\/\/agora.xtec.cat\/esc-joancasas\/lescola\/projectes-dinnovacio-pedagogica\/apadrinament-del-patrimoni\/","title":{"rendered":"Apadrinament del Patrimoni- La Riera SAV &#8216;the STREAM &#8216;"},"content":{"rendered":"<p>El programa d&#8217;innovaci\u00f3 d&#8217;Apadrinament del nostre patrimoni \u00e9s una iniciativa basada en generar un mapa arreu de Catalunya amb tots els elements apadrinats per les escoles. Amb aquesta for\u00e7a les escoles tenim les possibilitats n la idea de l\u2019apadrinament d\u2019un element cultural, emblem\u00e0tic, arrelat a la hist\u00f2ria i\/o monument abandonat i que es vol rescatar per part d&#8217;un centre educatiu.<\/p>\n<p><strong>2019-2022 Patrimoni apadrinat: La Riera SAV: Our Stream!<\/strong><\/p>\n<p>Passegem per ella quan sortim de l&#8217;escola per\u00f2 fins ara l&#8217;hem viscut poc. Sovint bruta de pl\u00e0stics i deixalla que l&#8217;aigua ens transporta, la riera \u00e9s un espai que volem millorar i deixar la nostra empremta. D&#8217;ella han sortit 18 noms de plantes t\u00edpiques de riera com la nostra, totes elles amb valor culinari, medicinal o arom\u00e0tiques. Moltes de les accions que hi fomentarem durant cursos venidors seran en benefici de la seva salubritat i de con\u00e8ixer la seva riquesa vegetal.<\/p>\n<p>Fem un mural a l&#8217;escola amb els objectes que es troben que no hi pertanyen a la natura.Us convidem a veure&#8217;l i anirem informant de les accions que es generen des d&#8217;aula i amb delegats ambientals per millorar el seu estat, ara per ara anem sortint per con\u00e8ixer el seu curs, la qualitat de les sorres, la quantitat de c\u00f2dols i el valor del pH de l&#8217;aigua entre altres.<\/p>\n<table>\n<tbody>\n<tr>\n<td><a href=\"https:\/\/agora.xtec.cat\/esc-joancasas\/wp-content\/uploads\/usu1722\/2020\/03\/riera.jpg\"><img loading=\"lazy\" decoding=\"async\" class=\"alignnone size-full wp-image-12719\" src=\"https:\/\/agora.xtec.cat\/esc-joancasas\/wp-content\/uploads\/usu1722\/2020\/03\/riera.jpg\" alt=\"\" width=\"310\" height=\"410\" srcset=\"https:\/\/agora.xtec.cat\/esc-joancasas\/wp-content\/uploads\/usu1722\/2020\/03\/riera.jpg 310w, https:\/\/agora.xtec.cat\/esc-joancasas\/wp-content\/uploads\/usu1722\/2020\/03\/riera-227x300.jpg 227w\" sizes=\"auto, (max-width: 310px) 100vw, 310px\" \/><\/a><\/td>\n<\/tr>\n<\/tbody>\n<\/table>\n<p><strong>2015-2019 Patrimoni apadrinat: El Safareig de Sant Antoni de Vilamajor.<\/strong><\/p>\n<p>\u00c9s un punt de refer\u00e8ncia per les sortides de l&#8217;entorn, \u00e9s un motiu m\u00e9s de valor al nostre municipi i <a href=\"https:\/\/agora.xtec.cat\/esc-joancasas\/wp-content\/uploads\/usu1722\/2018\/10\/el-Safareig.jpg\"><img loading=\"lazy\" decoding=\"async\" class=\"size-full wp-image-9866 alignright\" src=\"https:\/\/agora.xtec.cat\/esc-joancasas\/wp-content\/uploads\/usu1722\/2018\/10\/el-Safareig.jpg\" alt=\"\" width=\"276\" height=\"183\" \/><\/a>des de cicle superior es treballa com inici i font d&#8217;inspiraci\u00f3 en la recerca hist\u00f2rica que representa.<\/p>\n<p>Hem establert un codi QR, i la nostra pretenci\u00f3 \u00e9s linkar la informaci\u00f3 de recerca al Web d&#8217;escola, que un cop m\u00e9s, documenta moltes de les din\u00e0miques que es realitzen des d&#8217;escola.<\/p>\n<p>S\u00f3n moltes les escoles que hi participen aqu\u00ed us deixem un mapa de les nostres proximitats i un link per a m\u00e9s informaci\u00f3: http:\/\/xtec.gencat.cat\/ca\/projectes\/apadrinemnostrepatrimoni\/elementsapadrinats\/<\/p>\n<p>&nbsp;<\/p>\n","protected":false},"excerpt":{"rendered":"<p>El programa d&#8217;innovaci\u00f3 d&#8217;Apadrinament del nostre patrimoni \u00e9s una iniciativa basada en generar un mapa arreu de Catalunya amb tots els elements apadrinats per les escoles. Amb aquesta for\u00e7a les escoles tenim les possibilitats n la idea de l\u2019apadrinament d\u2019un element cultural, emblem\u00e0tic, arrelat a la hist\u00f2ria i\/o monument abandonat i que es vol rescatar [&hellip;]<\/p>\n","protected":false},"author":1,"featured_media":0,"parent":9869,"menu_order":0,"comment_status":"closed","ping_status":"closed","template":"page-templates\/side-menu.php","meta":{"_bbp_topic_count":0,"_bbp_reply_count":0,"_bbp_total_topic_count":0,"_bbp_total_reply_count":0,"_bbp_voice_count":0,"_bbp_anonymous_reply_count":0,"_bbp_topic_count_hidden":0,"_bbp_reply_count_hidden":0,"_bbp_forum_subforum_count":0,"site-sidebar-layout":"default","site-content-layout":"","ast-site-content-layout":"","site-content-style":"default","site-sidebar-style":"default","ast-global-header-display":"","ast-banner-title-visibility":"","ast-main-header-display":"","ast-hfb-above-header-display":"","ast-hfb-below-header-display":"","ast-hfb-mobile-header-display":"","site-post-title":"","ast-breadcrumbs-content":"","ast-featured-img":"","footer-sml-layout":"","theme-transparent-header-meta":"","adv-header-id-meta":"","stick-header-meta":"","header-above-stick-meta":"","header-main-stick-meta":"","header-below-stick-meta":"","astra-migrate-meta-layouts":"default","ast-page-background-enabled":"default","ast-page-background-meta":{"desktop":{"background-color":"var(--ast-global-color-4)","background-image":"","background-repeat":"repeat","background-position":"center center","background-size":"auto","background-attachment":"scroll","background-type":"","background-media":"","overlay-type":"","overlay-color":"","overlay-opacity":"","overlay-gradient":""},"tablet":{"background-color":"","background-image":"","background-repeat":"repeat","background-position":"center center","background-size":"auto","background-attachment":"scroll","background-type":"","background-media":"","overlay-type":"","overlay-color":"","overlay-opacity":"","overlay-gradient":""},"mobile":{"background-color":"","background-image":"","background-repeat":"repeat","background-position":"center center","background-size":"auto","background-attachment":"scroll","background-type":"","background-media":"","overlay-type":"","overlay-color":"","overlay-opacity":"","overlay-gradient":""}},"ast-content-background-meta":{"desktop":{"background-color":"var(--ast-global-color-5)","background-image":"","background-repeat":"repeat","background-position":"center center","background-size":"auto","background-attachment":"scroll","background-type":"","background-media":"","overlay-type":"","overlay-color":"","overlay-opacity":"","overlay-gradient":""},"tablet":{"background-color":"var(--ast-global-color-5)","background-image":"","background-repeat":"repeat","background-position":"center center","background-size":"auto","background-attachment":"scroll","background-type":"","background-media":"","overlay-type":"","overlay-color":"","overlay-opacity":"","overlay-gradient":""},"mobile":{"background-color":"var(--ast-global-color-5)","background-image":"","background-repeat":"repeat","background-position":"center center","background-size":"auto","background-attachment":"scroll","background-type":"","background-media":"","overlay-type":"","overlay-color":"","overlay-opacity":"","overlay-gradient":""}},"footnotes":""},"class_list":["post-9963","page","type-page","status-publish","hentry"],"post_mailing_queue_ids":[],"_links":{"self":[{"href":"https:\/\/agora.xtec.cat\/esc-joancasas\/wp-json\/wp\/v2\/pages\/9963","targetHints":{"allow":["GET"]}}],"collection":[{"href":"https:\/\/agora.xtec.cat\/esc-joancasas\/wp-json\/wp\/v2\/pages"}],"about":[{"href":"https:\/\/agora.xtec.cat\/esc-joancasas\/wp-json\/wp\/v2\/types\/page"}],"author":[{"embeddable":true,"href":"https:\/\/agora.xtec.cat\/esc-joancasas\/wp-json\/wp\/v2\/users\/1"}],"replies":[{"embeddable":true,"href":"https:\/\/agora.xtec.cat\/esc-joancasas\/wp-json\/wp\/v2\/comments?post=9963"}],"version-history":[{"count":3,"href":"https:\/\/agora.xtec.cat\/esc-joancasas\/wp-json\/wp\/v2\/pages\/9963\/revisions"}],"predecessor-version":[{"id":14239,"href":"https:\/\/agora.xtec.cat\/esc-joancasas\/wp-json\/wp\/v2\/pages\/9963\/revisions\/14239"}],"up":[{"embeddable":true,"href":"https:\/\/agora.xtec.cat\/esc-joancasas\/wp-json\/wp\/v2\/pages\/9869"}],"wp:attachment":[{"href":"https:\/\/agora.xtec.cat\/esc-joancasas\/wp-json\/wp\/v2\/media?parent=9963"}],"curies":[{"name":"wp","href":"https:\/\/api.w.org\/{rel}","templated":true}]}}

<p>El programa d&#8217;innovació d&#8217;Apadrinament del nostre patrimoni és una iniciativa basada en generar un mapa arreu de Catalunya amb tots els elements apadrinats per les escoles. Amb aquesta força les escoles tenim les possibilitats n la idea de l’apadrinament d’un element cultural, emblemàtic, arrelat a la història i/o monument abandonat i que es vol rescatar per part d&#8217;un centre educatiu.</p>
<p><strong>2019-2022 Patrimoni apadrinat: La Riera SAV: Our Stream!</strong></p>
<p>Passegem per ella quan sortim de l&#8217;escola però fins ara l&#8217;hem viscut poc. Sovint bruta de plàstics i deixalla que l&#8217;aigua ens transporta, la riera és un espai que volem millorar i deixar la nostra empremta. D&#8217;ella han sortit 18 noms de plantes típiques de riera com la nostra, totes elles amb valor culinari, medicinal o aromàtiques. Moltes de les accions que hi fomentarem durant cursos venidors seran en benefici de la seva salubritat i de conèixer la seva riquesa vegetal.</p>
<p>Fem un mural a l&#8217;escola amb els objectes que es troben que no hi pertanyen a la natura.Us convidem a veure&#8217;l i anirem informant de les accions que es generen des d&#8217;aula i amb delegats ambientals per millorar el seu estat, ara per ara anem sortint per conèixer el seu curs, la qualitat de les sorres, la quantitat de còdols i el valor del pH de l&#8217;aigua entre altres.</p>
<table>
<tbody>
<tr>
<td><a href="https://agora.xtec.cat/esc-joancasas/wp-content/uploads/usu1722/2020/03/riera.jpg"><img loading="lazy" decoding="async" class="alignnone size-full wp-image-12719" src="https://agora.xtec.cat/esc-joancasas/wp-content/uploads/usu1722/2020/03/riera.jpg" alt="" width="310" height="410" srcset="https://agora.xtec.cat/esc-joancasas/wp-content/uploads/usu1722/2020/03/riera.jpg 310w, https://agora.xtec.cat/esc-joancasas/wp-content/uploads/usu1722/2020/03/riera-227x300.jpg 227w" sizes="auto, (max-width: 310px) 100vw, 310px" /></a></td>
</tr>
</tbody>
</table>
<p><strong>2015-2019 Patrimoni apadrinat: El Safareig de Sant Antoni de Vilamajor.</strong></p>
<p>És un punt de referència per les sortides de l&#8217;entorn, és un motiu més de valor al nostre municipi i <a href="https://agora.xtec.cat/esc-joancasas/wp-content/uploads/usu1722/2018/10/el-Safareig.jpg"><img loading="lazy" decoding="async" class="size-full wp-image-9866 alignright" src="https://agora.xtec.cat/esc-joancasas/wp-content/uploads/usu1722/2018/10/el-Safareig.jpg" alt="" width="276" height="183" /></a>des de cicle superior es treballa com inici i font d&#8217;inspiració en la recerca històrica que representa.</p>
<p>Hem establert un codi QR, i la nostra pretenció és linkar la informació de recerca al Web d&#8217;escola, que un cop més, documenta moltes de les dinàmiques que es realitzen des d&#8217;escola.</p>
<p>Són moltes les escoles que hi participen aquí us deixem un mapa de les nostres proximitats i un link per a més informació: http://xtec.gencat.cat/ca/projectes/apadrinemnostrepatrimoni/elementsapadrinats/</p>
<p>&nbsp;</p>

<p>El programa d&#8217;innovació d&#8217;Apadrinament del nostre patrimoni és una iniciativa basada en generar un mapa arreu de Catalunya amb tots els elements apadrinats per les escoles. Amb aquesta força les escoles tenim les possibilitats n la idea de l’apadrinament d’un element cultural, emblemàtic, arrelat a la història i/o monument abandonat i que es vol rescatar [&hellip;]</p>
