{"id":9886,"date":"2018-10-11T19:56:50","date_gmt":"2018-10-11T17:56:50","guid":{"rendered":"http:\/\/agora.xtec.cat\/esc-joancasas\/?page_id=9886"},"modified":"2020-04-30T19:02:04","modified_gmt":"2020-04-30T17:02:04","slug":"pla-daccio-tutorial","status":"publish","type":"page","link":"https:\/\/agora.xtec.cat\/esc-joancasas\/pla-daccio-tutorial\/","title":{"rendered":"Pla d&#8217;Acci\u00f3 Tutorial"},"content":{"rendered":"<h4 style=\"text-align: center;\">Pla d&#8217;Acci\u00f3 Tutorial<\/h4>\n<hr \/>\n<p>El Pla d&#8217;acci\u00f3 tutorial de l&#8217;escola Joan Casas recull els objectius b\u00e0sics, les din\u00e0miques, les actuacions, el seguiment i altres propostes en la gesti\u00f3 amb els grups tutorials i les seves fam\u00edlies.<\/p>\n<p><a href=\"https:\/\/agora.xtec.cat\/esc-joancasas\/wp-content\/uploads\/usu1722\/2020\/04\/capturada4.jpg\"><img loading=\"lazy\" decoding=\"async\" class=\"size-full wp-image-12990 alignleft\" src=\"https:\/\/agora.xtec.cat\/esc-joancasas\/wp-content\/uploads\/usu1722\/2020\/04\/capturada4.jpg\" alt=\"\" width=\"197\" height=\"231\" \/><\/a>Per l&#8217;escola el Pla d&#8217;acci\u00f3 tutorial \u00e9s l&#8217;element que vertebra les accions encarades al creixement personal dels alumnes, l&#8217;acompanyament en guanyar autonomia i com el canal comunicatiu amb les seves fam\u00edlies i entre docents.<\/p>\n<p>L&#8217;Agenda, les entrevistes amb els pares, els c\u00e0rrecs d&#8217;aula i altres elements tutorials de seguiment s\u00f3n desplegats en les programacions de cada nivell en funci\u00f3 de les necessitats del grup. Us convidem a donar una ullada.<\/p>\n<p><a href=\"https:\/\/agora.xtec.cat\/esc-joancasas\/wp-content\/uploads\/usu1722\/2018\/10\/programaci\u00f3-acci\u00f3-tutorial-Joan-Casas.pdf\"><strong>programaci\u00f3 acci\u00f3 tutorial Joan Casas<\/strong><\/a><\/p>\n","protected":false},"excerpt":{"rendered":"<p>Pla d&#8217;Acci\u00f3 Tutorial El Pla d&#8217;acci\u00f3 tutorial de l&#8217;escola Joan Casas recull els objectius b\u00e0sics, les din\u00e0miques, les actuacions, el seguiment i altres propostes en la gesti\u00f3 amb els grups tutorials i les seves fam\u00edlies. Per l&#8217;escola el Pla d&#8217;acci\u00f3 tutorial \u00e9s l&#8217;element que vertebra les accions encarades al creixement personal dels alumnes, l&#8217;acompanyament en [&hellip;]<\/p>\n","protected":false},"author":1,"featured_media":0,"parent":0,"menu_order":0,"comment_status":"closed","ping_status":"closed","template":"","meta":{"_bbp_topic_count":0,"_bbp_reply_count":0,"_bbp_total_topic_count":0,"_bbp_total_reply_count":0,"_bbp_voice_count":0,"_bbp_anonymous_reply_count":0,"_bbp_topic_count_hidden":0,"_bbp_reply_count_hidden":0,"_bbp_forum_subforum_count":0,"site-sidebar-layout":"default","site-content-layout":"","ast-site-content-layout":"","site-content-style":"default","site-sidebar-style":"default","ast-global-header-display":"","ast-banner-title-visibility":"","ast-main-header-display":"","ast-hfb-above-header-display":"","ast-hfb-below-header-display":"","ast-hfb-mobile-header-display":"","site-post-title":"","ast-breadcrumbs-content":"","ast-featured-img":"","footer-sml-layout":"","theme-transparent-header-meta":"","adv-header-id-meta":"","stick-header-meta":"","header-above-stick-meta":"","header-main-stick-meta":"","header-below-stick-meta":"","astra-migrate-meta-layouts":"default","ast-page-background-enabled":"default","ast-page-background-meta":{"desktop":{"background-color":"var(--ast-global-color-4)","background-image":"","background-repeat":"repeat","background-position":"center center","background-size":"auto","background-attachment":"scroll","background-type":"","background-media":"","overlay-type":"","overlay-color":"","overlay-opacity":"","overlay-gradient":""},"tablet":{"background-color":"","background-image":"","background-repeat":"repeat","background-position":"center center","background-size":"auto","background-attachment":"scroll","background-type":"","background-media":"","overlay-type":"","overlay-color":"","overlay-opacity":"","overlay-gradient":""},"mobile":{"background-color":"","background-image":"","background-repeat":"repeat","background-position":"center center","background-size":"auto","background-attachment":"scroll","background-type":"","background-media":"","overlay-type":"","overlay-color":"","overlay-opacity":"","overlay-gradient":""}},"ast-content-background-meta":{"desktop":{"background-color":"var(--ast-global-color-5)","background-image":"","background-repeat":"repeat","background-position":"center center","background-size":"auto","background-attachment":"scroll","background-type":"","background-media":"","overlay-type":"","overlay-color":"","overlay-opacity":"","overlay-gradient":""},"tablet":{"background-color":"var(--ast-global-color-5)","background-image":"","background-repeat":"repeat","background-position":"center center","background-size":"auto","background-attachment":"scroll","background-type":"","background-media":"","overlay-type":"","overlay-color":"","overlay-opacity":"","overlay-gradient":""},"mobile":{"background-color":"var(--ast-global-color-5)","background-image":"","background-repeat":"repeat","background-position":"center center","background-size":"auto","background-attachment":"scroll","background-type":"","background-media":"","overlay-type":"","overlay-color":"","overlay-opacity":"","overlay-gradient":""}},"footnotes":""},"class_list":["post-9886","page","type-page","status-publish","hentry"],"post_mailing_queue_ids":[],"_links":{"self":[{"href":"https:\/\/agora.xtec.cat\/esc-joancasas\/wp-json\/wp\/v2\/pages\/9886","targetHints":{"allow":["GET"]}}],"collection":[{"href":"https:\/\/agora.xtec.cat\/esc-joancasas\/wp-json\/wp\/v2\/pages"}],"about":[{"href":"https:\/\/agora.xtec.cat\/esc-joancasas\/wp-json\/wp\/v2\/types\/page"}],"author":[{"embeddable":true,"href":"https:\/\/agora.xtec.cat\/esc-joancasas\/wp-json\/wp\/v2\/users\/1"}],"replies":[{"embeddable":true,"href":"https:\/\/agora.xtec.cat\/esc-joancasas\/wp-json\/wp\/v2\/comments?post=9886"}],"version-history":[{"count":2,"href":"https:\/\/agora.xtec.cat\/esc-joancasas\/wp-json\/wp\/v2\/pages\/9886\/revisions"}],"predecessor-version":[{"id":12991,"href":"https:\/\/agora.xtec.cat\/esc-joancasas\/wp-json\/wp\/v2\/pages\/9886\/revisions\/12991"}],"wp:attachment":[{"href":"https:\/\/agora.xtec.cat\/esc-joancasas\/wp-json\/wp\/v2\/media?parent=9886"}],"curies":[{"name":"wp","href":"https:\/\/api.w.org\/{rel}","templated":true}]}}