{"id":9,"date":"2014-09-17T15:08:18","date_gmt":"2014-09-17T14:08:18","guid":{"rendered":"http:\/\/agora.xtec.cat\/esc-joancasas\/?page_id=9"},"modified":"2024-10-24T09:39:46","modified_gmt":"2024-10-24T07:39:46","slug":"pagina-dinici-buida","status":"publish","type":"page","link":"https:\/\/agora.xtec.cat\/esc-joancasas\/projecte-educatiu\/pagina-dinici-buida\/","title":{"rendered":"Projecte Educatiu de Centre (PEC)"},"content":{"rendered":"<h4 style=\"text-align: center;\" align=\"justify\"><\/h4>\n<hr \/>\n<p style=\"text-align: center;\" align=\"justify\">El Projecte Educatiu de l\u2019Escola Joan Casas s&#8217;ha concretat en els seus or\u00edgens i s\u2019ha aprovat en sessi\u00f3 de <strong>Claustre amb data 29 de juny de 2016<\/strong> i s\u2019ha degudament presentat al <strong>Consell Escolar en acta amb data 25 d&#8217;octubre de 2016<\/strong> el qual ha donat suport. En successives convocat\u00f2ries s&#8217;ha anat revisant i reelaborant, per donar actualitat i context a la realitat escolar. \u00c9s document de rigorosa lectura per con\u00e8ixer el context global on es desenvolupa i s&#8217;emmarca el projecte de direcci\u00f3 que lidia l&#8217;equip directiu i el seu equip docent. De fet, \u00e9s el document on s&#8217;expressa l&#8217;<strong>autonomia del centre<\/strong> i on es recullen les principals definicions de l&#8217;escola, <a href=\"https:\/\/agora.xtec.cat\/esc-joancasas\/projecte-educatiu\/\">qui som i on volem anar.<\/a><\/p>\n<p style=\"text-align: center;\" align=\"justify\">Igualment estableix les l\u00ednies organitzatives i els principis de participaci\u00f3 de la comunitat educativa.<\/p>\n<p style=\"text-align: center;\" align=\"justify\"><a href=\"http:\/\/agora.xtec.cat\/esc-joancasas\/wp-content\/uploads\/usu1722\/2014\/09\/PROJECTE-EDUCATIU-DE-CENTRE.pdf\"><img loading=\"lazy\" decoding=\"async\" class=\"aligncenter wp-image-4902 size-full\" src=\"http:\/\/agora.xtec.cat\/esc-joancasas\/wp-content\/uploads\/usu1722\/2014\/09\/pec.jpg\" alt=\"\" width=\"281\" height=\"180\" \/><\/a><a href=\"http:\/\/agora.xtec.cat\/esc-joancasas\/wp-content\/uploads\/usu1722\/2014\/09\/PROJECTE-EDUCATIU-DE-CENTRE.pdf\">2016_PROJECTE EDUCATIU Escola Joan Casas<\/a><\/p>\n<p style=\"text-align: center;\" align=\"justify\"><a href=\"https:\/\/agora.xtec.cat\/esc-joancasas\/wp-content\/uploads\/usu1722\/2019\/10\/2018_PROJECTE-EDUCATIU-Escola-Joan-Casas.pdf\">2018_PROJECTE EDUCATIU Escola Joan Casas<\/a><\/p>\n<p style=\"text-align: center;\" align=\"justify\"><a href=\"https:\/\/agora.xtec.cat\/esc-joancasas\/wp-content\/uploads\/usu1722\/2020\/04\/2020_PROJECTE-EDUCATIU-Escola-Joan-Casas.pdf\">2020_PROJECTE EDUCATIU Escola Joan Casas<\/a><\/p>\n<p style=\"text-align: center;\" align=\"justify\"><a href=\"https:\/\/drive.google.com\/file\/d\/11mSwFroSN0TSeefyWuh1baOR6OUC2TX6\/view?usp=sharing\">2024_ PROJECTE EDUCATIU Escola Joan Casas<\/a><\/p>\n<p align=\"justify\"><strong>Carta de comprom\u00eds educatiu:<\/strong>\u00a0<a href=\"https:\/\/drive.google.com\/file\/d\/1u_j-CgS5QGEJdU_PrESMCXUz41ga76na\/view?usp=sharing\">Carta Comprom\u00eds educatiu<\/a><\/p>\n<p style=\"text-align: left;\" align=\"justify\"><strong>Organigrama de centre:<\/strong> <a href=\"https:\/\/drive.google.com\/file\/d\/1lxJiH_-iDrjXcpCLfxLt3Jfj1NGuX6dW\/view?usp=sharing\" target=\"_blank\" rel=\"noopener\">mapa<\/a><\/p>\n<p style=\"text-align: left;\" align=\"justify\"><em>En el marc del proc\u00e9s informatiu, l\u2019escola disposa el Projecte Educatiu en format paper, tant pels professionals adscrits al centre com per a les fam\u00edlies que s\u2019incorporen com\u00a0 marc de refer\u00e8ncia escolar.<\/em><\/p>\n<p align=\"justify\"><strong>NORMATIVA DE REFER\u00c8NCIA<\/strong><\/p>\n<ul>\n<li><span style=\"font-weight: 400;\">Llei org\u00e0nica 3\/2018, de 5 de desembre, de protecci\u00f3 de dades personals i garantia dels drets digitals (BOE n\u00fam. 294, de 6.12.2018)\u00a0<\/span><\/li>\n<li>\n<div class=\"list-group__contentwrapper\">\n<p class=\"paragraph_wrapper\"><span class=\"list-group-item-wrapper-content\">Llei org\u00e0nica 3\/2020, de 29 de desembre, per la qual es modifica la Llei org\u00e0nica 2\/2006, de 3 de maig, d\u2019educaci\u00f3.<\/span> <span style=\"font-family: inherit; font-size: 1em;\">(BOE n\u00fam. 340, de 30.12.2020)<\/span><span style=\"font-family: inherit; font-size: 1em;\">Decret 21\/2023, de 7 de febrer, d&#8217;ordenaci\u00f3 dels ensenyaments de l&#8217;educaci\u00f3 infantil (DOGC n\u00fam. 8851, de 9.2.2023)\u00a0<\/span><\/p>\n<\/div>\n<\/li>\n<li><span style=\"font-weight: 400;\">Decret 175\/2022, de 27 de setembre, d&#8217;ordenaci\u00f3 dels ensenyaments de l&#8217;educaci\u00f3 b\u00e0sica (DOGC n\u00fam. 8762, de 29.9.2022)\u00a0<\/span><\/li>\n<li><span style=\"font-weight: 400;\">Decret 150\/2017, de 17 d&#8217;octubre, de l&#8217;atenci\u00f3 educativa a l&#8217;alumnat en el marc d&#8217;un sistema educatiu inclusiu (DOGC n\u00fam. 7477, de 19.10.2017).\u00a0<\/span><\/li>\n<li><span style=\"font-weight: 400;\">Decret 102\/2010, de 3 d&#8217;agost, d&#8217;autonomia dels centres educatius (DOGC n\u00fam. 5686, de 5.8.2010) <\/span><\/li>\n<\/ul>\n","protected":false},"excerpt":{"rendered":"<p>El Projecte Educatiu de l\u2019Escola Joan Casas s&#8217;ha concretat en els seus or\u00edgens i s\u2019ha aprovat en sessi\u00f3 de Claustre amb data 29 de juny de 2016 i s\u2019ha degudament presentat al Consell Escolar en acta amb data 25 d&#8217;octubre de 2016 el qual ha donat suport. En successives convocat\u00f2ries s&#8217;ha anat revisant i reelaborant, [&hellip;]<\/p>\n","protected":false},"author":1,"featured_media":0,"parent":64,"menu_order":0,"comment_status":"closed","ping_status":"closed","template":"page-templates\/side-menu.php","meta":{"_bbp_topic_count":0,"_bbp_reply_count":0,"_bbp_total_topic_count":0,"_bbp_total_reply_count":0,"_bbp_voice_count":0,"_bbp_anonymous_reply_count":0,"_bbp_topic_count_hidden":0,"_bbp_reply_count_hidden":0,"_bbp_forum_subforum_count":0,"site-sidebar-layout":"default","site-content-layout":"","ast-site-content-layout":"","site-content-style":"default","site-sidebar-style":"default","ast-global-header-display":"","ast-banner-title-visibility":"","ast-main-header-display":"","ast-hfb-above-header-display":"","ast-hfb-below-header-display":"","ast-hfb-mobile-header-display":"","site-post-title":"","ast-breadcrumbs-content":"","ast-featured-img":"","footer-sml-layout":"","theme-transparent-header-meta":"","adv-header-id-meta":"","stick-header-meta":"","header-above-stick-meta":"","header-main-stick-meta":"","header-below-stick-meta":"","astra-migrate-meta-layouts":"default","ast-page-background-enabled":"default","ast-page-background-meta":{"desktop":{"background-color":"var(--ast-global-color-4)","background-image":"","background-repeat":"repeat","background-position":"center center","background-size":"auto","background-attachment":"scroll","background-type":"","background-media":"","overlay-type":"","overlay-color":"","overlay-opacity":"","overlay-gradient":""},"tablet":{"background-color":"","background-image":"","background-repeat":"repeat","background-position":"center center","background-size":"auto","background-attachment":"scroll","background-type":"","background-media":"","overlay-type":"","overlay-color":"","overlay-opacity":"","overlay-gradient":""},"mobile":{"background-color":"","background-image":"","background-repeat":"repeat","background-position":"center center","background-size":"auto","background-attachment":"scroll","background-type":"","background-media":"","overlay-type":"","overlay-color":"","overlay-opacity":"","overlay-gradient":""}},"ast-content-background-meta":{"desktop":{"background-color":"var(--ast-global-color-5)","background-image":"","background-repeat":"repeat","background-position":"center center","background-size":"auto","background-attachment":"scroll","background-type":"","background-media":"","overlay-type":"","overlay-color":"","overlay-opacity":"","overlay-gradient":""},"tablet":{"background-color":"var(--ast-global-color-5)","background-image":"","background-repeat":"repeat","background-position":"center center","background-size":"auto","background-attachment":"scroll","background-type":"","background-media":"","overlay-type":"","overlay-color":"","overlay-opacity":"","overlay-gradient":""},"mobile":{"background-color":"var(--ast-global-color-5)","background-image":"","background-repeat":"repeat","background-position":"center center","background-size":"auto","background-attachment":"scroll","background-type":"","background-media":"","overlay-type":"","overlay-color":"","overlay-opacity":"","overlay-gradient":""}},"footnotes":""},"class_list":["post-9","page","type-page","status-publish","hentry"],"post_mailing_queue_ids":[],"_links":{"self":[{"href":"https:\/\/agora.xtec.cat\/esc-joancasas\/wp-json\/wp\/v2\/pages\/9","targetHints":{"allow":["GET"]}}],"collection":[{"href":"https:\/\/agora.xtec.cat\/esc-joancasas\/wp-json\/wp\/v2\/pages"}],"about":[{"href":"https:\/\/agora.xtec.cat\/esc-joancasas\/wp-json\/wp\/v2\/types\/page"}],"author":[{"embeddable":true,"href":"https:\/\/agora.xtec.cat\/esc-joancasas\/wp-json\/wp\/v2\/users\/1"}],"replies":[{"embeddable":true,"href":"https:\/\/agora.xtec.cat\/esc-joancasas\/wp-json\/wp\/v2\/comments?post=9"}],"version-history":[{"count":8,"href":"https:\/\/agora.xtec.cat\/esc-joancasas\/wp-json\/wp\/v2\/pages\/9\/revisions"}],"predecessor-version":[{"id":14884,"href":"https:\/\/agora.xtec.cat\/esc-joancasas\/wp-json\/wp\/v2\/pages\/9\/revisions\/14884"}],"up":[{"embeddable":true,"href":"https:\/\/agora.xtec.cat\/esc-joancasas\/wp-json\/wp\/v2\/pages\/64"}],"wp:attachment":[{"href":"https:\/\/agora.xtec.cat\/esc-joancasas\/wp-json\/wp\/v2\/media?parent=9"}],"curies":[{"name":"wp","href":"https:\/\/api.w.org\/{rel}","templated":true}]}}

<h4 style="text-align: center;" align="justify"></h4>
<hr />
<p style="text-align: center;" align="justify">El Projecte Educatiu de l’Escola Joan Casas s&#8217;ha concretat en els seus orígens i s’ha aprovat en sessió de <strong>Claustre amb data 29 de juny de 2016</strong> i s’ha degudament presentat al <strong>Consell Escolar en acta amb data 25 d&#8217;octubre de 2016</strong> el qual ha donat suport. En successives convocatòries s&#8217;ha anat revisant i reelaborant, per donar actualitat i context a la realitat escolar. És document de rigorosa lectura per conèixer el context global on es desenvolupa i s&#8217;emmarca el projecte de direcció que lidia l&#8217;equip directiu i el seu equip docent. De fet, és el document on s&#8217;expressa l&#8217;<strong>autonomia del centre</strong> i on es recullen les principals definicions de l&#8217;escola, <a href="https://agora.xtec.cat/esc-joancasas/projecte-educatiu/">qui som i on volem anar.</a></p>
<p style="text-align: center;" align="justify">Igualment estableix les línies organitzatives i els principis de participació de la comunitat educativa.</p>
<p style="text-align: center;" align="justify"><a href="http://agora.xtec.cat/esc-joancasas/wp-content/uploads/usu1722/2014/09/PROJECTE-EDUCATIU-DE-CENTRE.pdf"><img loading="lazy" decoding="async" class="aligncenter wp-image-4902 size-full" src="http://agora.xtec.cat/esc-joancasas/wp-content/uploads/usu1722/2014/09/pec.jpg" alt="" width="281" height="180" /></a><a href="http://agora.xtec.cat/esc-joancasas/wp-content/uploads/usu1722/2014/09/PROJECTE-EDUCATIU-DE-CENTRE.pdf">2016_PROJECTE EDUCATIU Escola Joan Casas</a></p>
<p style="text-align: center;" align="justify"><a href="https://agora.xtec.cat/esc-joancasas/wp-content/uploads/usu1722/2019/10/2018_PROJECTE-EDUCATIU-Escola-Joan-Casas.pdf">2018_PROJECTE EDUCATIU Escola Joan Casas</a></p>
<p style="text-align: center;" align="justify"><a href="https://agora.xtec.cat/esc-joancasas/wp-content/uploads/usu1722/2020/04/2020_PROJECTE-EDUCATIU-Escola-Joan-Casas.pdf">2020_PROJECTE EDUCATIU Escola Joan Casas</a></p>
<p style="text-align: center;" align="justify"><a href="https://drive.google.com/file/d/11mSwFroSN0TSeefyWuh1baOR6OUC2TX6/view?usp=sharing">2024_ PROJECTE EDUCATIU Escola Joan Casas</a></p>
<p align="justify"><strong>Carta de compromís educatiu:</strong> <a href="https://drive.google.com/file/d/1u_j-CgS5QGEJdU_PrESMCXUz41ga76na/view?usp=sharing">Carta Compromís educatiu</a></p>
<p style="text-align: left;" align="justify"><strong>Organigrama de centre:</strong> <a href="https://drive.google.com/file/d/1lxJiH_-iDrjXcpCLfxLt3Jfj1NGuX6dW/view?usp=sharing" target="_blank" rel="noopener">mapa</a></p>
<p style="text-align: left;" align="justify"><em>En el marc del procés informatiu, l’escola disposa el Projecte Educatiu en format paper, tant pels professionals adscrits al centre com per a les famílies que s’incorporen com  marc de referència escolar.</em></p>
<p align="justify"><strong>NORMATIVA DE REFERÈNCIA</strong></p>
<ul>
<li><span style="font-weight: 400;">Llei orgànica 3/2018, de 5 de desembre, de protecció de dades personals i garantia dels drets digitals (BOE núm. 294, de 6.12.2018) </span></li>
<li>
<div class="list-group__contentwrapper">
<p class="paragraph_wrapper"><span class="list-group-item-wrapper-content">Llei orgànica 3/2020, de 29 de desembre, per la qual es modifica la Llei orgànica 2/2006, de 3 de maig, d’educació.</span> <span style="font-family: inherit; font-size: 1em;">(BOE núm. 340, de 30.12.2020)</span><span style="font-family: inherit; font-size: 1em;">Decret 21/2023, de 7 de febrer, d&#8217;ordenació dels ensenyaments de l&#8217;educació infantil (DOGC núm. 8851, de 9.2.2023) </span></p>
</div>
</li>
<li><span style="font-weight: 400;">Decret 175/2022, de 27 de setembre, d&#8217;ordenació dels ensenyaments de l&#8217;educació bàsica (DOGC núm. 8762, de 29.9.2022) </span></li>
<li><span style="font-weight: 400;">Decret 150/2017, de 17 d&#8217;octubre, de l&#8217;atenció educativa a l&#8217;alumnat en el marc d&#8217;un sistema educatiu inclusiu (DOGC núm. 7477, de 19.10.2017). </span></li>
<li><span style="font-weight: 400;">Decret 102/2010, de 3 d&#8217;agost, d&#8217;autonomia dels centres educatius (DOGC núm. 5686, de 5.8.2010) </span></li>
</ul>

<p>El Projecte Educatiu de l’Escola Joan Casas s&#8217;ha concretat en els seus orígens i s’ha aprovat en sessió de Claustre amb data 29 de juny de 2016 i s’ha degudament presentat al Consell Escolar en acta amb data 25 d&#8217;octubre de 2016 el qual ha donat suport. En successives convocatòries s&#8217;ha anat revisant i reelaborant, [&hellip;]</p>
