{"id":87,"date":"2014-09-18T14:28:12","date_gmt":"2014-09-18T13:28:12","guid":{"rendered":"http:\/\/agora.xtec.cat\/esc-joancasas\/?page_id=87"},"modified":"2024-02-13T23:04:23","modified_gmt":"2024-02-13T22:04:23","slug":"nivells","status":"publish","type":"page","link":"https:\/\/agora.xtec.cat\/esc-joancasas\/nivells\/","title":{"rendered":"INFORMACI\u00d3 GENERAL COMUNITATS"},"content":{"rendered":"<p>Les comunitats a l&#8217;escola s&#8217;organitzen segons tres nivells educatius.<\/p>\n<p>Aix\u00ed tenim comunitat de <a href=\"https:\/\/es.padlet.com\/mbalmes7\/3ry26s543oac\"><strong>PETITS<\/strong><\/a>, comunitat de <a href=\"https:\/\/padlet.com\/mbalmes7\/gdor0nloec73\"><strong>MITJANS<\/strong> <\/a>i comunitat de <a href=\"https:\/\/es.padlet.com\/clojo2\/qbsr3jppelbr\"><strong>GRANS<\/strong><\/a>.<\/p>\n<p>L&#8217;escola Joan Casas participa, propicia i fomenta les <strong>relacions internivells<\/strong>, sovint generant espais o microespais de propostes alternatives com ara l&#8217;art, l&#8217;experimentaci\u00f3, el joc matem\u00e0tic o el treball motriu. A nivell organitzatiu es treballa conjuntament i en xarxa aix\u00ed que sovint les relacions s&#8217;estableixen per afinitat, proximitat o contrastos i de tot i de tots plegats aprenem. Al pas dels nivells per les comunitats garanteix l&#8217;entorn de treball compartit, de creixement en autonomia, el descobriment personal, l&#8217;acceptaci\u00f3 en el grup, l&#8217;educaci\u00f3 emocional i tot plegat afavorint pol\u00edtiques de reutilitzaci\u00f3, consum sostenible i els valors socials i interpersonals.<\/p>\n","protected":false},"excerpt":{"rendered":"<p>Les comunitats a l&#8217;escola s&#8217;organitzen segons tres nivells educatius. Aix\u00ed tenim comunitat de PETITS, comunitat de MITJANS i comunitat de GRANS. L&#8217;escola Joan Casas participa, propicia i fomenta les relacions internivells, sovint generant espais o microespais de propostes alternatives com ara l&#8217;art, l&#8217;experimentaci\u00f3, el joc matem\u00e0tic o el treball motriu. A nivell organitzatiu es treballa [&hellip;]<\/p>\n","protected":false},"author":1,"featured_media":0,"parent":0,"menu_order":0,"comment_status":"closed","ping_status":"closed","template":"page-templates\/side-menu.php","meta":{"_bbp_topic_count":0,"_bbp_reply_count":0,"_bbp_total_topic_count":0,"_bbp_total_reply_count":0,"_bbp_voice_count":0,"_bbp_anonymous_reply_count":0,"_bbp_topic_count_hidden":0,"_bbp_reply_count_hidden":0,"_bbp_forum_subforum_count":0,"site-sidebar-layout":"default","site-content-layout":"","ast-site-content-layout":"","site-content-style":"default","site-sidebar-style":"default","ast-global-header-display":"","ast-banner-title-visibility":"","ast-main-header-display":"","ast-hfb-above-header-display":"","ast-hfb-below-header-display":"","ast-hfb-mobile-header-display":"","site-post-title":"","ast-breadcrumbs-content":"","ast-featured-img":"","footer-sml-layout":"","theme-transparent-header-meta":"","adv-header-id-meta":"","stick-header-meta":"","header-above-stick-meta":"","header-main-stick-meta":"","header-below-stick-meta":"","astra-migrate-meta-layouts":"default","ast-page-background-enabled":"default","ast-page-background-meta":{"desktop":{"background-color":"var(--ast-global-color-4)","background-image":"","background-repeat":"repeat","background-position":"center center","background-size":"auto","background-attachment":"scroll","background-type":"","background-media":"","overlay-type":"","overlay-color":"","overlay-opacity":"","overlay-gradient":""},"tablet":{"background-color":"","background-image":"","background-repeat":"repeat","background-position":"center center","background-size":"auto","background-attachment":"scroll","background-type":"","background-media":"","overlay-type":"","overlay-color":"","overlay-opacity":"","overlay-gradient":""},"mobile":{"background-color":"","background-image":"","background-repeat":"repeat","background-position":"center center","background-size":"auto","background-attachment":"scroll","background-type":"","background-media":"","overlay-type":"","overlay-color":"","overlay-opacity":"","overlay-gradient":""}},"ast-content-background-meta":{"desktop":{"background-color":"var(--ast-global-color-5)","background-image":"","background-repeat":"repeat","background-position":"center center","background-size":"auto","background-attachment":"scroll","background-type":"","background-media":"","overlay-type":"","overlay-color":"","overlay-opacity":"","overlay-gradient":""},"tablet":{"background-color":"var(--ast-global-color-5)","background-image":"","background-repeat":"repeat","background-position":"center center","background-size":"auto","background-attachment":"scroll","background-type":"","background-media":"","overlay-type":"","overlay-color":"","overlay-opacity":"","overlay-gradient":""},"mobile":{"background-color":"var(--ast-global-color-5)","background-image":"","background-repeat":"repeat","background-position":"center center","background-size":"auto","background-attachment":"scroll","background-type":"","background-media":"","overlay-type":"","overlay-color":"","overlay-opacity":"","overlay-gradient":""}},"footnotes":""},"class_list":["post-87","page","type-page","status-publish","hentry"],"post_mailing_queue_ids":[],"_links":{"self":[{"href":"https:\/\/agora.xtec.cat\/esc-joancasas\/wp-json\/wp\/v2\/pages\/87","targetHints":{"allow":["GET"]}}],"collection":[{"href":"https:\/\/agora.xtec.cat\/esc-joancasas\/wp-json\/wp\/v2\/pages"}],"about":[{"href":"https:\/\/agora.xtec.cat\/esc-joancasas\/wp-json\/wp\/v2\/types\/page"}],"author":[{"embeddable":true,"href":"https:\/\/agora.xtec.cat\/esc-joancasas\/wp-json\/wp\/v2\/users\/1"}],"replies":[{"embeddable":true,"href":"https:\/\/agora.xtec.cat\/esc-joancasas\/wp-json\/wp\/v2\/comments?post=87"}],"version-history":[{"count":4,"href":"https:\/\/agora.xtec.cat\/esc-joancasas\/wp-json\/wp\/v2\/pages\/87\/revisions"}],"predecessor-version":[{"id":14745,"href":"https:\/\/agora.xtec.cat\/esc-joancasas\/wp-json\/wp\/v2\/pages\/87\/revisions\/14745"}],"wp:attachment":[{"href":"https:\/\/agora.xtec.cat\/esc-joancasas\/wp-json\/wp\/v2\/media?parent=87"}],"curies":[{"name":"wp","href":"https:\/\/api.w.org\/{rel}","templated":true}]}}