{"id":77,"date":"2014-09-18T14:05:08","date_gmt":"2014-09-18T13:05:08","guid":{"rendered":"http:\/\/agora.xtec.cat\/esc-joancasas\/?page_id=77"},"modified":"2025-09-16T12:41:39","modified_gmt":"2025-09-16T10:41:39","slug":"acollida","status":"publish","type":"page","link":"https:\/\/agora.xtec.cat\/esc-joancasas\/serveis\/acollida\/","title":{"rendered":"Les estones d&#8217;acollida al Joan Casas"},"content":{"rendered":"<p>L&#8217;escola, gr\u00e0cies a la gesti\u00f3 de l&#8217;AFA, ofereix el <strong>servei d&#8217;acollida<\/strong> d&#8217;alumnes que necessiten entrar abans o romandre un temps m\u00e9s en acabar la franja hor\u00e0ria lectiva.<\/p>\n<h4 style=\"text-align: left;\">Per <strong>consultes relatives al servei<\/strong> heu de posar-vos en contacte amb l\u2019AFA a:<\/h4>\n<h4 style=\"text-align: center;\"><strong><span style=\"font-family: inherit; font-size: 1em;\">afajoancasas@gmail.com &#8211; 93 845 26 78<\/span><\/strong><a style=\"color: #2795b6;\" href=\"https:\/\/agora.xtec.cat\/esc-joancasas\/wp-content\/uploads\/usu1722\/2024\/08\/afa.png\"><img loading=\"lazy\" decoding=\"async\" class=\"wp-image-14858 alignleft\" src=\"https:\/\/agora.xtec.cat\/esc-joancasas\/wp-content\/uploads\/usu1722\/2024\/08\/afa-1024x1024.png\" alt=\"\" width=\"152\" height=\"152\" srcset=\"https:\/\/agora.xtec.cat\/esc-joancasas\/wp-content\/uploads\/usu1722\/2024\/08\/afa-1024x1024.png 1024w, https:\/\/agora.xtec.cat\/esc-joancasas\/wp-content\/uploads\/usu1722\/2024\/08\/afa-300x300.png 300w, https:\/\/agora.xtec.cat\/esc-joancasas\/wp-content\/uploads\/usu1722\/2024\/08\/afa-150x150.png 150w, https:\/\/agora.xtec.cat\/esc-joancasas\/wp-content\/uploads\/usu1722\/2024\/08\/afa-768x768.png 768w, https:\/\/agora.xtec.cat\/esc-joancasas\/wp-content\/uploads\/usu1722\/2024\/08\/afa.png 1335w\" sizes=\"auto, (max-width: 152px) 100vw, 152px\" \/><\/a><\/h4>\n<h6 style=\"text-align: center;\">Despatx de l\u2019AFA Joan Casas C\/Ramon Berenguer IV, n\u00fam. 21<\/h6>\n<h4 style=\"text-align: center;\">de dilluns a divendres 16 a 19 hores presencial.<\/h4>\n<h4 style=\"text-align: center;\">Per inscripcions, compra de tiquets, etc. a trav\u00e9s de: www.tpvescola.com<\/h4>\n<p>&nbsp;<\/p>\n<h4 style=\"text-align: left;\">Les <strong>franges hor\u00e0ries d&#8217;acollida<\/strong> s\u00f3n de 7&#8217;30h a 9&#8217;00h i de 16&#8217;30h a 17&#8217;30h.<\/h4>\n<h3 style=\"text-align: center;\"><strong>M\u00f2bil acollida 690 19 38 18<\/strong><\/h3>\n<p style=\"text-align: center;\"><strong>IMPORTANT!<\/strong> Aquest tel\u00e8fon nom\u00e9s estar\u00e0 operatiu en horari d\u2019acollida i<br \/>\nservir\u00e0 per emerg\u00e8ncies i\/o incid\u00e8ncies que fan \u00fas del servei.<br \/>\nNo s\u2019atendran consultes informatives ni inscripcions a trav\u00e9s d\u2019aquesta via.<\/p>\n<p style=\"text-align: left;\"><a href=\"https:\/\/drive.google.com\/file\/d\/1u0RrSVrgYvy-lOQLyETj3Ztd3Xe4ApOC\/view?usp=sharing\">Document informatiu CURS 25-26<\/a><a href=\"https:\/\/agora.xtec.cat\/esc-joancasas\/wp-content\/uploads\/usu1722\/2024\/04\/1000_F_165064741_vC4rhXpab1Lf1pu2fC2dKofoz1sDv4Hg.jpg\"><img loading=\"lazy\" decoding=\"async\" class=\"wp-image-14773 alignleft\" src=\"https:\/\/agora.xtec.cat\/esc-joancasas\/wp-content\/uploads\/usu1722\/2024\/04\/1000_F_165064741_vC4rhXpab1Lf1pu2fC2dKofoz1sDv4Hg.jpg\" alt=\"\" width=\"88\" height=\"88\" srcset=\"https:\/\/agora.xtec.cat\/esc-joancasas\/wp-content\/uploads\/usu1722\/2024\/04\/1000_F_165064741_vC4rhXpab1Lf1pu2fC2dKofoz1sDv4Hg.jpg 998w, https:\/\/agora.xtec.cat\/esc-joancasas\/wp-content\/uploads\/usu1722\/2024\/04\/1000_F_165064741_vC4rhXpab1Lf1pu2fC2dKofoz1sDv4Hg-300x300.jpg 300w, https:\/\/agora.xtec.cat\/esc-joancasas\/wp-content\/uploads\/usu1722\/2024\/04\/1000_F_165064741_vC4rhXpab1Lf1pu2fC2dKofoz1sDv4Hg-150x150.jpg 150w, https:\/\/agora.xtec.cat\/esc-joancasas\/wp-content\/uploads\/usu1722\/2024\/04\/1000_F_165064741_vC4rhXpab1Lf1pu2fC2dKofoz1sDv4Hg-768x770.jpg 768w\" sizes=\"auto, (max-width: 88px) 100vw, 88px\" \/><\/a><\/p>\n<p>&nbsp;<\/p>\n","protected":false},"excerpt":{"rendered":"<p>L&#8217;escola, gr\u00e0cies a la gesti\u00f3 de l&#8217;AFA, ofereix el servei d&#8217;acollida d&#8217;alumnes que necessiten entrar abans o romandre un temps m\u00e9s en acabar la franja hor\u00e0ria lectiva. Per consultes relatives al servei heu de posar-vos en contacte amb l\u2019AFA a: afajoancasas@gmail.com &#8211; 93 845 26 78 Despatx de l\u2019AFA Joan Casas C\/Ramon Berenguer IV, n\u00fam. [&hellip;]<\/p>\n","protected":false},"author":1,"featured_media":0,"parent":66,"menu_order":0,"comment_status":"closed","ping_status":"closed","template":"","meta":{"_bbp_topic_count":0,"_bbp_reply_count":0,"_bbp_total_topic_count":0,"_bbp_total_reply_count":0,"_bbp_voice_count":0,"_bbp_anonymous_reply_count":0,"_bbp_topic_count_hidden":0,"_bbp_reply_count_hidden":0,"_bbp_forum_subforum_count":0,"site-sidebar-layout":"default","site-content-layout":"","ast-site-content-layout":"default","site-content-style":"default","site-sidebar-style":"default","ast-global-header-display":"","ast-banner-title-visibility":"","ast-main-header-display":"","ast-hfb-above-header-display":"","ast-hfb-below-header-display":"","ast-hfb-mobile-header-display":"","site-post-title":"","ast-breadcrumbs-content":"","ast-featured-img":"","footer-sml-layout":"","theme-transparent-header-meta":"default","adv-header-id-meta":"","stick-header-meta":"","header-above-stick-meta":"","header-main-stick-meta":"","header-below-stick-meta":"","astra-migrate-meta-layouts":"set","ast-page-background-enabled":"default","ast-page-background-meta":{"desktop":{"background-color":"var(--ast-global-color-4)","background-image":"","background-repeat":"repeat","background-position":"center center","background-size":"auto","background-attachment":"scroll","background-type":"","background-media":"","overlay-type":"","overlay-color":"","overlay-opacity":"","overlay-gradient":""},"tablet":{"background-color":"","background-image":"","background-repeat":"repeat","background-position":"center center","background-size":"auto","background-attachment":"scroll","background-type":"","background-media":"","overlay-type":"","overlay-color":"","overlay-opacity":"","overlay-gradient":""},"mobile":{"background-color":"","background-image":"","background-repeat":"repeat","background-position":"center center","background-size":"auto","background-attachment":"scroll","background-type":"","background-media":"","overlay-type":"","overlay-color":"","overlay-opacity":"","overlay-gradient":""}},"ast-content-background-meta":{"desktop":{"background-color":"var(--ast-global-color-5)","background-image":"","background-repeat":"repeat","background-position":"center center","background-size":"auto","background-attachment":"scroll","background-type":"","background-media":"","overlay-type":"","overlay-color":"","overlay-opacity":"","overlay-gradient":""},"tablet":{"background-color":"var(--ast-global-color-5)","background-image":"","background-repeat":"repeat","background-position":"center center","background-size":"auto","background-attachment":"scroll","background-type":"","background-media":"","overlay-type":"","overlay-color":"","overlay-opacity":"","overlay-gradient":""},"mobile":{"background-color":"var(--ast-global-color-5)","background-image":"","background-repeat":"repeat","background-position":"center center","background-size":"auto","background-attachment":"scroll","background-type":"","background-media":"","overlay-type":"","overlay-color":"","overlay-opacity":"","overlay-gradient":""}},"footnotes":""},"class_list":["post-77","page","type-page","status-publish","hentry"],"post_mailing_queue_ids":[],"_links":{"self":[{"href":"https:\/\/agora.xtec.cat\/esc-joancasas\/wp-json\/wp\/v2\/pages\/77","targetHints":{"allow":["GET"]}}],"collection":[{"href":"https:\/\/agora.xtec.cat\/esc-joancasas\/wp-json\/wp\/v2\/pages"}],"about":[{"href":"https:\/\/agora.xtec.cat\/esc-joancasas\/wp-json\/wp\/v2\/types\/page"}],"author":[{"embeddable":true,"href":"https:\/\/agora.xtec.cat\/esc-joancasas\/wp-json\/wp\/v2\/users\/1"}],"replies":[{"embeddable":true,"href":"https:\/\/agora.xtec.cat\/esc-joancasas\/wp-json\/wp\/v2\/comments?post=77"}],"version-history":[{"count":6,"href":"https:\/\/agora.xtec.cat\/esc-joancasas\/wp-json\/wp\/v2\/pages\/77\/revisions"}],"predecessor-version":[{"id":15088,"href":"https:\/\/agora.xtec.cat\/esc-joancasas\/wp-json\/wp\/v2\/pages\/77\/revisions\/15088"}],"up":[{"embeddable":true,"href":"https:\/\/agora.xtec.cat\/esc-joancasas\/wp-json\/wp\/v2\/pages\/66"}],"wp:attachment":[{"href":"https:\/\/agora.xtec.cat\/esc-joancasas\/wp-json\/wp\/v2\/media?parent=77"}],"curies":[{"name":"wp","href":"https:\/\/api.w.org\/{rel}","templated":true}]}}

<p>L&#8217;escola, gràcies a la gestió de l&#8217;AFA, ofereix el <strong>servei d&#8217;acollida</strong> d&#8217;alumnes que necessiten entrar abans o romandre un temps més en acabar la franja horària lectiva.</p>
<h4 style="text-align: left;">Per <strong>consultes relatives al servei</strong> heu de posar-vos en contacte amb l’AFA a:</h4>
<h4 style="text-align: center;"><strong><span style="font-family: inherit; font-size: 1em;">afajoancasas@gmail.com &#8211; 93 845 26 78</span></strong><a style="color: #2795b6;" href="https://agora.xtec.cat/esc-joancasas/wp-content/uploads/usu1722/2024/08/afa.png"><img loading="lazy" decoding="async" class="wp-image-14858 alignleft" src="https://agora.xtec.cat/esc-joancasas/wp-content/uploads/usu1722/2024/08/afa-1024x1024.png" alt="" width="152" height="152" srcset="https://agora.xtec.cat/esc-joancasas/wp-content/uploads/usu1722/2024/08/afa-1024x1024.png 1024w, https://agora.xtec.cat/esc-joancasas/wp-content/uploads/usu1722/2024/08/afa-300x300.png 300w, https://agora.xtec.cat/esc-joancasas/wp-content/uploads/usu1722/2024/08/afa-150x150.png 150w, https://agora.xtec.cat/esc-joancasas/wp-content/uploads/usu1722/2024/08/afa-768x768.png 768w, https://agora.xtec.cat/esc-joancasas/wp-content/uploads/usu1722/2024/08/afa.png 1335w" sizes="auto, (max-width: 152px) 100vw, 152px" /></a></h4>
<h6 style="text-align: center;">Despatx de l’AFA Joan Casas C/Ramon Berenguer IV, núm. 21</h6>
<h4 style="text-align: center;">de dilluns a divendres 16 a 19 hores presencial.</h4>
<h4 style="text-align: center;">Per inscripcions, compra de tiquets, etc. a través de: www.tpvescola.com</h4>
<p>&nbsp;</p>
<h4 style="text-align: left;">Les <strong>franges horàries d&#8217;acollida</strong> són de 7&#8217;30h a 9&#8217;00h i de 16&#8217;30h a 17&#8217;30h.</h4>
<h3 style="text-align: center;"><strong>Mòbil acollida 690 19 38 18</strong></h3>
<p style="text-align: center;"><strong>IMPORTANT!</strong> Aquest telèfon només estarà operatiu en horari d’acollida i<br />
servirà per emergències i/o incidències que fan ús del servei.<br />
No s’atendran consultes informatives ni inscripcions a través d’aquesta via.</p>
<p style="text-align: left;"><a href="https://drive.google.com/file/d/1u0RrSVrgYvy-lOQLyETj3Ztd3Xe4ApOC/view?usp=sharing">Document informatiu CURS 25-26</a><a href="https://agora.xtec.cat/esc-joancasas/wp-content/uploads/usu1722/2024/04/1000_F_165064741_vC4rhXpab1Lf1pu2fC2dKofoz1sDv4Hg.jpg"><img loading="lazy" decoding="async" class="wp-image-14773 alignleft" src="https://agora.xtec.cat/esc-joancasas/wp-content/uploads/usu1722/2024/04/1000_F_165064741_vC4rhXpab1Lf1pu2fC2dKofoz1sDv4Hg.jpg" alt="" width="88" height="88" srcset="https://agora.xtec.cat/esc-joancasas/wp-content/uploads/usu1722/2024/04/1000_F_165064741_vC4rhXpab1Lf1pu2fC2dKofoz1sDv4Hg.jpg 998w, https://agora.xtec.cat/esc-joancasas/wp-content/uploads/usu1722/2024/04/1000_F_165064741_vC4rhXpab1Lf1pu2fC2dKofoz1sDv4Hg-300x300.jpg 300w, https://agora.xtec.cat/esc-joancasas/wp-content/uploads/usu1722/2024/04/1000_F_165064741_vC4rhXpab1Lf1pu2fC2dKofoz1sDv4Hg-150x150.jpg 150w, https://agora.xtec.cat/esc-joancasas/wp-content/uploads/usu1722/2024/04/1000_F_165064741_vC4rhXpab1Lf1pu2fC2dKofoz1sDv4Hg-768x770.jpg 768w" sizes="auto, (max-width: 88px) 100vw, 88px" /></a></p>
<p>&nbsp;</p>

<p>L&#8217;escola, gràcies a la gestió de l&#8217;AFA, ofereix el servei d&#8217;acollida d&#8217;alumnes que necessiten entrar abans o romandre un temps més en acabar la franja horària lectiva. Per consultes relatives al servei heu de posar-vos en contacte amb l’AFA a: afajoancasas@gmail.com &#8211; 93 845 26 78 Despatx de l’AFA Joan Casas C/Ramon Berenguer IV, núm. [&hellip;]</p>
