{"id":6117,"date":"2018-03-21T19:21:08","date_gmt":"2018-03-21T18:21:08","guid":{"rendered":"http:\/\/agora.xtec.cat\/esc-joancasas\/?page_id=6117"},"modified":"2025-03-17T10:53:53","modified_gmt":"2025-03-17T09:53:53","slug":"projecte-interdisciplinar-descola","status":"publish","type":"page","link":"https:\/\/agora.xtec.cat\/esc-joancasas\/lescola\/projectes-dinnovacio-pedagogica\/projecte-interdisciplinar-descola\/","title":{"rendered":"Projecte Interdisciplinari d&#8217;escola"},"content":{"rendered":"<p><img loading=\"lazy\" decoding=\"async\" class=\"wp-image-13126 alignleft\" style=\"font-size: 14px;\" src=\"https:\/\/agora.xtec.cat\/esc-joancasas\/wp-content\/uploads\/usu1722\/2020\/05\/mano-naturaleza.jpg\" alt=\"\" width=\"215\" height=\"129\" srcset=\"https:\/\/agora.xtec.cat\/esc-joancasas\/wp-content\/uploads\/usu1722\/2020\/05\/mano-naturaleza.jpg 582w, https:\/\/agora.xtec.cat\/esc-joancasas\/wp-content\/uploads\/usu1722\/2020\/05\/mano-naturaleza-300x180.jpg 300w\" sizes=\"auto, (max-width: 215px) 100vw, 215px\" \/><\/p>\n<h5><span style=\"font-size: 1.125em;\">El Pr<\/span>ojecte Interdisciplinari \u00e9s aquell projecte d&#8217;escola que compa<span style=\"color: #008000;\">R<\/span>tim plegats i plegades. \u00c9s un centre d&#8217;inter\u00e8s que ens acompanya al llarg del curs i ens vincula amb el nom de cada aula tutorial, en la recerca, en con\u00e8ixer una mica m\u00e9s d&#8217;aquells aspectes que ens lliguen amb l&#8217;entorn i amb la natura i fer-nos petits i petites expertes d&#8217;all\u00f2 que volem aprendre. Generalment s\u00f3n temes amplis que ens permeten fer un treball global, que faciliti la recerca de camp i que vinculi tamb\u00e9 a les fam\u00edlies en el proc\u00e9s d&#8217;ensenyament-aprenentatge.<\/h5>\n<p>Aquest curs a l&#8217;escola parlem d&#8217;<strong>ART<\/strong> aix\u00ed que ens endinsarem segur al valor de la creativitat i la imaginaci\u00f3. <a href=\"https:\/\/docs.google.com\/document\/d\/16T0eqLHDxsfgqUuCSWp4JozSA2PYLKmZRiOyhagLt5g\/edit?usp=sharing\">Aqu\u00ed <\/a>us deixem el nom de les classes d&#8217;enguany.<\/p>\n<p>&nbsp;<\/p>\n<p>&nbsp;<\/p>\n","protected":false},"excerpt":{"rendered":"<p>El Projecte Interdisciplinari \u00e9s aquell projecte d&#8217;escola que compaRtim plegats i plegades. \u00c9s un centre d&#8217;inter\u00e8s que ens acompanya al llarg del curs i ens vincula amb el nom de cada aula tutorial, en la recerca, en con\u00e8ixer una mica m\u00e9s d&#8217;aquells aspectes que ens lliguen amb l&#8217;entorn i amb la natura i fer-nos petits [&hellip;]<\/p>\n","protected":false},"author":1,"featured_media":0,"parent":9869,"menu_order":0,"comment_status":"closed","ping_status":"closed","template":"page-templates\/side-menu.php","meta":{"_bbp_topic_count":0,"_bbp_reply_count":0,"_bbp_total_topic_count":0,"_bbp_total_reply_count":0,"_bbp_voice_count":0,"_bbp_anonymous_reply_count":0,"_bbp_topic_count_hidden":0,"_bbp_reply_count_hidden":0,"_bbp_forum_subforum_count":0,"site-sidebar-layout":"default","site-content-layout":"","ast-site-content-layout":"","site-content-style":"default","site-sidebar-style":"default","ast-global-header-display":"","ast-banner-title-visibility":"","ast-main-header-display":"","ast-hfb-above-header-display":"","ast-hfb-below-header-display":"","ast-hfb-mobile-header-display":"","site-post-title":"","ast-breadcrumbs-content":"","ast-featured-img":"","footer-sml-layout":"","theme-transparent-header-meta":"","adv-header-id-meta":"","stick-header-meta":"","header-above-stick-meta":"","header-main-stick-meta":"","header-below-stick-meta":"","astra-migrate-meta-layouts":"default","ast-page-background-enabled":"default","ast-page-background-meta":{"desktop":{"background-color":"var(--ast-global-color-4)","background-image":"","background-repeat":"repeat","background-position":"center center","background-size":"auto","background-attachment":"scroll","background-type":"","background-media":"","overlay-type":"","overlay-color":"","overlay-opacity":"","overlay-gradient":""},"tablet":{"background-color":"","background-image":"","background-repeat":"repeat","background-position":"center center","background-size":"auto","background-attachment":"scroll","background-type":"","background-media":"","overlay-type":"","overlay-color":"","overlay-opacity":"","overlay-gradient":""},"mobile":{"background-color":"","background-image":"","background-repeat":"repeat","background-position":"center center","background-size":"auto","background-attachment":"scroll","background-type":"","background-media":"","overlay-type":"","overlay-color":"","overlay-opacity":"","overlay-gradient":""}},"ast-content-background-meta":{"desktop":{"background-color":"var(--ast-global-color-5)","background-image":"","background-repeat":"repeat","background-position":"center center","background-size":"auto","background-attachment":"scroll","background-type":"","background-media":"","overlay-type":"","overlay-color":"","overlay-opacity":"","overlay-gradient":""},"tablet":{"background-color":"var(--ast-global-color-5)","background-image":"","background-repeat":"repeat","background-position":"center center","background-size":"auto","background-attachment":"scroll","background-type":"","background-media":"","overlay-type":"","overlay-color":"","overlay-opacity":"","overlay-gradient":""},"mobile":{"background-color":"var(--ast-global-color-5)","background-image":"","background-repeat":"repeat","background-position":"center center","background-size":"auto","background-attachment":"scroll","background-type":"","background-media":"","overlay-type":"","overlay-color":"","overlay-opacity":"","overlay-gradient":""}},"footnotes":""},"class_list":["post-6117","page","type-page","status-publish","hentry"],"post_mailing_queue_ids":[],"_links":{"self":[{"href":"https:\/\/agora.xtec.cat\/esc-joancasas\/wp-json\/wp\/v2\/pages\/6117","targetHints":{"allow":["GET"]}}],"collection":[{"href":"https:\/\/agora.xtec.cat\/esc-joancasas\/wp-json\/wp\/v2\/pages"}],"about":[{"href":"https:\/\/agora.xtec.cat\/esc-joancasas\/wp-json\/wp\/v2\/types\/page"}],"author":[{"embeddable":true,"href":"https:\/\/agora.xtec.cat\/esc-joancasas\/wp-json\/wp\/v2\/users\/1"}],"replies":[{"embeddable":true,"href":"https:\/\/agora.xtec.cat\/esc-joancasas\/wp-json\/wp\/v2\/comments?post=6117"}],"version-history":[{"count":7,"href":"https:\/\/agora.xtec.cat\/esc-joancasas\/wp-json\/wp\/v2\/pages\/6117\/revisions"}],"predecessor-version":[{"id":14975,"href":"https:\/\/agora.xtec.cat\/esc-joancasas\/wp-json\/wp\/v2\/pages\/6117\/revisions\/14975"}],"up":[{"embeddable":true,"href":"https:\/\/agora.xtec.cat\/esc-joancasas\/wp-json\/wp\/v2\/pages\/9869"}],"wp:attachment":[{"href":"https:\/\/agora.xtec.cat\/esc-joancasas\/wp-json\/wp\/v2\/media?parent=6117"}],"curies":[{"name":"wp","href":"https:\/\/api.w.org\/{rel}","templated":true}]}}

<p><img loading="lazy" decoding="async" class="wp-image-13126 alignleft" style="font-size: 14px;" src="https://agora.xtec.cat/esc-joancasas/wp-content/uploads/usu1722/2020/05/mano-naturaleza.jpg" alt="" width="215" height="129" srcset="https://agora.xtec.cat/esc-joancasas/wp-content/uploads/usu1722/2020/05/mano-naturaleza.jpg 582w, https://agora.xtec.cat/esc-joancasas/wp-content/uploads/usu1722/2020/05/mano-naturaleza-300x180.jpg 300w" sizes="auto, (max-width: 215px) 100vw, 215px" /></p>
<h5><span style="font-size: 1.125em;">El Pr</span>ojecte Interdisciplinari és aquell projecte d&#8217;escola que compa<span style="color: #008000;">R</span>tim plegats i plegades. És un centre d&#8217;interès que ens acompanya al llarg del curs i ens vincula amb el nom de cada aula tutorial, en la recerca, en conèixer una mica més d&#8217;aquells aspectes que ens lliguen amb l&#8217;entorn i amb la natura i fer-nos petits i petites expertes d&#8217;allò que volem aprendre. Generalment són temes amplis que ens permeten fer un treball global, que faciliti la recerca de camp i que vinculi també a les famílies en el procés d&#8217;ensenyament-aprenentatge.</h5>
<p>Aquest curs a l&#8217;escola parlem d&#8217;<strong>ART</strong> així que ens endinsarem segur al valor de la creativitat i la imaginació. <a href="https://docs.google.com/document/d/16T0eqLHDxsfgqUuCSWp4JozSA2PYLKmZRiOyhagLt5g/edit?usp=sharing">Aquí </a>us deixem el nom de les classes d&#8217;enguany.</p>
<p>&nbsp;</p>
<p>&nbsp;</p>

<p>El Projecte Interdisciplinari és aquell projecte d&#8217;escola que compaRtim plegats i plegades. És un centre d&#8217;interès que ens acompanya al llarg del curs i ens vincula amb el nom de cada aula tutorial, en la recerca, en conèixer una mica més d&#8217;aquells aspectes que ens lliguen amb l&#8217;entorn i amb la natura i fer-nos petits [&hellip;]</p>
