{"id":595,"date":"2017-11-16T11:50:37","date_gmt":"2017-11-16T10:50:37","guid":{"rendered":"http:\/\/agora.xtec.cat\/esc-joancasas\/?page_id=595"},"modified":"2023-07-14T18:20:00","modified_gmt":"2023-07-14T16:20:00","slug":"delegats-mediambientals","status":"publish","type":"page","link":"https:\/\/agora.xtec.cat\/esc-joancasas\/lescola\/delegats-mediambientals\/","title":{"rendered":"Orientacions ambientals de centre. Gesti\u00f3 de residus."},"content":{"rendered":"<hr \/>\n<p><strong>DELEGATS AMBIENTALS<\/strong><\/p>\n<p>A les classes de prim\u00e0ria es va crear aquest c\u00e0rrec per donar suport i atendre millor aquells aspectes ambientals fruit de la nostra gesti\u00f3 envers la natura i el seu respecte. El delegat o delegada ambiental de cada grup de prim\u00e0ria t\u00e9 assignades funciones determinades, com vetllar per a que el seu grup realitzi tasques de protecci\u00f3 i cultura de respecte. Ara per ara s&#8217;han dut a terme gestions d&#8217;aula relacionades amb els <strong>h\u00e0bits saludables, consum sostenible i la gesti\u00f3 de residus<\/strong> com:<\/p>\n<p>&#8211; incloure brides al recorregut de les aixetes per no malbaratar el recurs de l&#8217;aigua.<\/p>\n<p>&#8211; destinar espai per patinets i bicis accessible des de l&#8217;entrada<\/p>\n<p>&#8211; afavorir l&#8217;\u00fas de la carmanyola per esmorzars i berenars. Regal de carmanyoles, rolls i bosses d&#8217;aigua.<\/p>\n<p>&#8211; confecci\u00f3 de taula de registre de com arribem a l&#8217;escola (a peu, amb bici&#8230;) per presentar una ruta verda que accedeixi del poble a l&#8217;escola.<\/p>\n<p>&#8211; oferir una caixa per apilar piles a casa<\/p>\n<p>&#8211; afavorir la pol\u00edtica de NO PL\u00c0STIC i fer un seguiment de les deixalles d&#8217;aula<\/p>\n<p>&nbsp;<\/p>\n<p>Els delegats ambientals van molt lligats a les tasques docents que es realitzen des de l&#8217;escola, aix\u00ed es poden coordinar tasques de gran abast. A m\u00e9s, a l&#8217;assemblea es revisen les funcions per recordar-les i veure si es poden millorar altres aspectes de caire ambiental i d&#8217;h\u00e0bits personals saludables. Aqu\u00ed us deixem el document que destaquem. <a href=\"https:\/\/drive.google.com\/file\/d\/1134w1j078FH5AGuf9wD5umR8Y-1TxSWF\/view?usp=sharing\">H\u00c0BITS SALUDABLES A L&#8217;ESCOLA<\/a>..<a href=\"http:\/\/agora.xtec.cat\/esc-joancasas\/wp-content\/uploads\/usu1722\/2017\/11\/delegats_ambientals.jpg\"><img loading=\"lazy\" decoding=\"async\" class=\"size-full wp-image-4929 aligncenter\" src=\"http:\/\/agora.xtec.cat\/esc-joancasas\/wp-content\/uploads\/usu1722\/2017\/11\/delegats_ambientals.jpg\" alt=\"\" width=\"304\" height=\"166\" srcset=\"https:\/\/agora.xtec.cat\/esc-joancasas\/wp-content\/uploads\/usu1722\/2017\/11\/delegats_ambientals.jpg 304w, https:\/\/agora.xtec.cat\/esc-joancasas\/wp-content\/uploads\/usu1722\/2017\/11\/delegats_ambientals-300x164.jpg 300w\" sizes=\"auto, (max-width: 304px) 100vw, 304px\" \/><\/a><\/p>\n<p>Al llarg del curs es reuneixen els i les delegades de prim\u00e0ria i decideixen noves accions per portar a terme al llarg del curs, es proposen a tutoria i es valoren els impactes.Aqu\u00ed us deixem una mostra de les accions: <a href=\"https:\/\/documentviewer.herokuapp.com\/?state=%7B%22ids%22:%5B%221tTC-mulCBpVxdjPV9LpqSld7Dc9GGhUJ%22%5D,%22action%22:%22open%22,%22userId%22:%22111308307642466415793%22%7D\">GESTI\u00d3 DE RESIDUS A L&#8217;ESCOLA<\/a><\/p>\n<p>Aquestes reunions les coordinen mestres dinamitzadores de la comissi\u00f3 verda que ajuden a unificar idees, prendre nota dels acords i fer un resum que posteriorment es passa a coneixement de tot el claustre i de tots els alumnes a trav\u00e9s de les assemblees de tutoria. Cada delegat registra les trobades i els punts per a fomentar di\u00e0leg de grup.<\/p>\n<p>&nbsp;<\/p>\n","protected":false},"excerpt":{"rendered":"<p>DELEGATS AMBIENTALS A les classes de prim\u00e0ria es va crear aquest c\u00e0rrec per donar suport i atendre millor aquells aspectes ambientals fruit de la nostra gesti\u00f3 envers la natura i el seu respecte. El delegat o delegada ambiental de cada grup de prim\u00e0ria t\u00e9 assignades funciones determinades, com vetllar per a que el seu grup [&hellip;]<\/p>\n","protected":false},"author":1,"featured_media":0,"parent":22,"menu_order":0,"comment_status":"closed","ping_status":"closed","template":"page-templates\/side-menu.php","meta":{"_bbp_topic_count":0,"_bbp_reply_count":0,"_bbp_total_topic_count":0,"_bbp_total_reply_count":0,"_bbp_voice_count":0,"_bbp_anonymous_reply_count":0,"_bbp_topic_count_hidden":0,"_bbp_reply_count_hidden":0,"_bbp_forum_subforum_count":0,"site-sidebar-layout":"default","site-content-layout":"","ast-site-content-layout":"","site-content-style":"default","site-sidebar-style":"default","ast-global-header-display":"","ast-banner-title-visibility":"","ast-main-header-display":"","ast-hfb-above-header-display":"","ast-hfb-below-header-display":"","ast-hfb-mobile-header-display":"","site-post-title":"","ast-breadcrumbs-content":"","ast-featured-img":"","footer-sml-layout":"","theme-transparent-header-meta":"","adv-header-id-meta":"","stick-header-meta":"","header-above-stick-meta":"","header-main-stick-meta":"","header-below-stick-meta":"","astra-migrate-meta-layouts":"default","ast-page-background-enabled":"default","ast-page-background-meta":{"desktop":{"background-color":"var(--ast-global-color-4)","background-image":"","background-repeat":"repeat","background-position":"center center","background-size":"auto","background-attachment":"scroll","background-type":"","background-media":"","overlay-type":"","overlay-color":"","overlay-opacity":"","overlay-gradient":""},"tablet":{"background-color":"","background-image":"","background-repeat":"repeat","background-position":"center center","background-size":"auto","background-attachment":"scroll","background-type":"","background-media":"","overlay-type":"","overlay-color":"","overlay-opacity":"","overlay-gradient":""},"mobile":{"background-color":"","background-image":"","background-repeat":"repeat","background-position":"center center","background-size":"auto","background-attachment":"scroll","background-type":"","background-media":"","overlay-type":"","overlay-color":"","overlay-opacity":"","overlay-gradient":""}},"ast-content-background-meta":{"desktop":{"background-color":"var(--ast-global-color-5)","background-image":"","background-repeat":"repeat","background-position":"center center","background-size":"auto","background-attachment":"scroll","background-type":"","background-media":"","overlay-type":"","overlay-color":"","overlay-opacity":"","overlay-gradient":""},"tablet":{"background-color":"var(--ast-global-color-5)","background-image":"","background-repeat":"repeat","background-position":"center center","background-size":"auto","background-attachment":"scroll","background-type":"","background-media":"","overlay-type":"","overlay-color":"","overlay-opacity":"","overlay-gradient":""},"mobile":{"background-color":"var(--ast-global-color-5)","background-image":"","background-repeat":"repeat","background-position":"center center","background-size":"auto","background-attachment":"scroll","background-type":"","background-media":"","overlay-type":"","overlay-color":"","overlay-opacity":"","overlay-gradient":""}},"footnotes":""},"class_list":["post-595","page","type-page","status-publish","hentry"],"post_mailing_queue_ids":[],"_links":{"self":[{"href":"https:\/\/agora.xtec.cat\/esc-joancasas\/wp-json\/wp\/v2\/pages\/595","targetHints":{"allow":["GET"]}}],"collection":[{"href":"https:\/\/agora.xtec.cat\/esc-joancasas\/wp-json\/wp\/v2\/pages"}],"about":[{"href":"https:\/\/agora.xtec.cat\/esc-joancasas\/wp-json\/wp\/v2\/types\/page"}],"author":[{"embeddable":true,"href":"https:\/\/agora.xtec.cat\/esc-joancasas\/wp-json\/wp\/v2\/users\/1"}],"replies":[{"embeddable":true,"href":"https:\/\/agora.xtec.cat\/esc-joancasas\/wp-json\/wp\/v2\/comments?post=595"}],"version-history":[{"count":5,"href":"https:\/\/agora.xtec.cat\/esc-joancasas\/wp-json\/wp\/v2\/pages\/595\/revisions"}],"predecessor-version":[{"id":14613,"href":"https:\/\/agora.xtec.cat\/esc-joancasas\/wp-json\/wp\/v2\/pages\/595\/revisions\/14613"}],"up":[{"embeddable":true,"href":"https:\/\/agora.xtec.cat\/esc-joancasas\/wp-json\/wp\/v2\/pages\/22"}],"wp:attachment":[{"href":"https:\/\/agora.xtec.cat\/esc-joancasas\/wp-json\/wp\/v2\/media?parent=595"}],"curies":[{"name":"wp","href":"https:\/\/api.w.org\/{rel}","templated":true}]}}

Orientacions ambientals de centre. Gestió de residus.

<hr />
<p><strong>DELEGATS AMBIENTALS</strong></p>
<p>A les classes de primària es va crear aquest càrrec per donar suport i atendre millor aquells aspectes ambientals fruit de la nostra gestió envers la natura i el seu respecte. El delegat o delegada ambiental de cada grup de primària té assignades funciones determinades, com vetllar per a que el seu grup realitzi tasques de protecció i cultura de respecte. Ara per ara s&#8217;han dut a terme gestions d&#8217;aula relacionades amb els <strong>hàbits saludables, consum sostenible i la gestió de residus</strong> com:</p>
<p>&#8211; incloure brides al recorregut de les aixetes per no malbaratar el recurs de l&#8217;aigua.</p>
<p>&#8211; destinar espai per patinets i bicis accessible des de l&#8217;entrada</p>
<p>&#8211; afavorir l&#8217;ús de la carmanyola per esmorzars i berenars. Regal de carmanyoles, rolls i bosses d&#8217;aigua.</p>
<p>&#8211; confecció de taula de registre de com arribem a l&#8217;escola (a peu, amb bici&#8230;) per presentar una ruta verda que accedeixi del poble a l&#8217;escola.</p>
<p>&#8211; oferir una caixa per apilar piles a casa</p>
<p>&#8211; afavorir la política de NO PLÀSTIC i fer un seguiment de les deixalles d&#8217;aula</p>
<p>&nbsp;</p>
<p>Els delegats ambientals van molt lligats a les tasques docents que es realitzen des de l&#8217;escola, així es poden coordinar tasques de gran abast. A més, a l&#8217;assemblea es revisen les funcions per recordar-les i veure si es poden millorar altres aspectes de caire ambiental i d&#8217;hàbits personals saludables. Aquí us deixem el document que destaquem. <a href="https://drive.google.com/file/d/1134w1j078FH5AGuf9wD5umR8Y-1TxSWF/view?usp=sharing">HÀBITS SALUDABLES A L&#8217;ESCOLA</a>..<a href="http://agora.xtec.cat/esc-joancasas/wp-content/uploads/usu1722/2017/11/delegats_ambientals.jpg"><img loading="lazy" decoding="async" class="size-full wp-image-4929 aligncenter" src="http://agora.xtec.cat/esc-joancasas/wp-content/uploads/usu1722/2017/11/delegats_ambientals.jpg" alt="" width="304" height="166" srcset="https://agora.xtec.cat/esc-joancasas/wp-content/uploads/usu1722/2017/11/delegats_ambientals.jpg 304w, https://agora.xtec.cat/esc-joancasas/wp-content/uploads/usu1722/2017/11/delegats_ambientals-300x164.jpg 300w" sizes="auto, (max-width: 304px) 100vw, 304px" /></a></p>
<p>Al llarg del curs es reuneixen els i les delegades de primària i decideixen noves accions per portar a terme al llarg del curs, es proposen a tutoria i es valoren els impactes.Aquí us deixem una mostra de les accions: <a href="https://documentviewer.herokuapp.com/?state=%7B%22ids%22:%5B%221tTC-mulCBpVxdjPV9LpqSld7Dc9GGhUJ%22%5D,%22action%22:%22open%22,%22userId%22:%22111308307642466415793%22%7D">GESTIÓ DE RESIDUS A L&#8217;ESCOLA</a></p>
<p>Aquestes reunions les coordinen mestres dinamitzadores de la comissió verda que ajuden a unificar idees, prendre nota dels acords i fer un resum que posteriorment es passa a coneixement de tot el claustre i de tots els alumnes a través de les assemblees de tutoria. Cada delegat registra les trobades i els punts per a fomentar diàleg de grup.</p>
<p>&nbsp;</p>

<p>DELEGATS AMBIENTALS A les classes de primària es va crear aquest càrrec per donar suport i atendre millor aquells aspectes ambientals fruit de la nostra gestió envers la natura i el seu respecte. El delegat o delegada ambiental de cada grup de primària té assignades funciones determinades, com vetllar per a que el seu grup [&hellip;]</p>
