{"id":556,"date":"2017-11-14T10:49:42","date_gmt":"2017-11-14T09:49:42","guid":{"rendered":"http:\/\/agora.xtec.cat\/esc-joancasas\/?page_id=556"},"modified":"2024-09-26T23:46:31","modified_gmt":"2024-09-26T21:46:31","slug":"programacio-general-anual-16-17","status":"publish","type":"page","link":"https:\/\/agora.xtec.cat\/esc-joancasas\/serveis\/programacio-general-anual-16-17\/","title":{"rendered":"Pla General Anual de Centre"},"content":{"rendered":"<p><strong>PLA GENERAL ANUAL DE CENTRE<\/strong><\/p>\n<p><a href=\"https:\/\/drive.google.com\/file\/d\/1U0Popli5u0XhUPUYVGRsPrw_TqnPclrw\/view?usp=sharing\" target=\"_blank\" rel=\"noopener\"><img loading=\"lazy\" decoding=\"async\" class=\"alignleft wp-image-14746 size-medium\" src=\"https:\/\/agora.xtec.cat\/esc-joancasas\/wp-content\/uploads\/usu1722\/2024\/02\/PGA-218x300.png\" alt=\"\" width=\"218\" height=\"300\" srcset=\"https:\/\/agora.xtec.cat\/esc-joancasas\/wp-content\/uploads\/usu1722\/2024\/02\/PGA-218x300.png 218w, https:\/\/agora.xtec.cat\/esc-joancasas\/wp-content\/uploads\/usu1722\/2024\/02\/PGA.png 436w\" sizes=\"auto, (max-width: 218px) 100vw, 218px\" \/><\/a><\/p>\n<p>&nbsp;<\/p>\n<p>El Pla General Anual \u00e9s el document que concreta, a partir del Projecte Educatiu de Centre i del projecte de direcci\u00f3, aspectes de funcionament, d&#8217;organitzaci\u00f3 curricular i d&#8217;informacions generals de Centre. Tamb\u00e9 inclou les actuacions anuals per a la millora d&#8217;aspectes establerts pel Departament d&#8217;Educaci\u00f3 com elements com\u00fa a totes les escoles:<a href=\"http:\/\/agora.xtec.cat\/esc-joancasas\/wp-content\/uploads\/usu1722\/2018\/01\/PGA17-18.pdf\"><img loading=\"lazy\" decoding=\"async\" class=\"alignleft wp-image-4916 size-full\" src=\"http:\/\/agora.xtec.cat\/esc-joancasas\/wp-content\/uploads\/usu1722\/2018\/01\/llapis-verd.gif\" alt=\"\" width=\"228\" height=\"220\" \/><\/a><\/p>\n<ul>\n<li>Millora dels resultats educatius<\/li>\n<li>Millora de la cohesi\u00f3 social<\/li>\n<li>Millora d&#8217;aspectes propis d&#8217;escola<\/li>\n<\/ul>\n<p>Cadascun dels objectius estan definits amb les actuacions, desenvolupament i els seus respectius indicadors d\u2019avaluaci\u00f3. La Programaci\u00f3 \u00e9s valorada al final de cada curs en sessi\u00f3 de claustre i degudament presentada al Consell Escolar qui dona el seu suport.<\/p>\n<p>&nbsp;<\/p>\n<p>&nbsp;<\/p>\n<p>&nbsp;<\/p>\n<p>&nbsp;<\/p>\n<p>&nbsp;<\/p>\n<p>&nbsp;<\/p>\n","protected":false},"excerpt":{"rendered":"<p>PLA GENERAL ANUAL DE CENTRE &nbsp; El Pla General Anual \u00e9s el document que concreta, a partir del Projecte Educatiu de Centre i del projecte de direcci\u00f3, aspectes de funcionament, d&#8217;organitzaci\u00f3 curricular i d&#8217;informacions generals de Centre. Tamb\u00e9 inclou les actuacions anuals per a la millora d&#8217;aspectes establerts pel Departament d&#8217;Educaci\u00f3 com elements com\u00fa a [&hellip;]<\/p>\n","protected":false},"author":1,"featured_media":0,"parent":66,"menu_order":0,"comment_status":"closed","ping_status":"closed","template":"page-templates\/side-menu.php","meta":{"_bbp_topic_count":0,"_bbp_reply_count":0,"_bbp_total_topic_count":0,"_bbp_total_reply_count":0,"_bbp_voice_count":0,"_bbp_anonymous_reply_count":0,"_bbp_topic_count_hidden":0,"_bbp_reply_count_hidden":0,"_bbp_forum_subforum_count":0,"site-sidebar-layout":"default","site-content-layout":"","ast-site-content-layout":"","site-content-style":"default","site-sidebar-style":"default","ast-global-header-display":"","ast-banner-title-visibility":"","ast-main-header-display":"","ast-hfb-above-header-display":"","ast-hfb-below-header-display":"","ast-hfb-mobile-header-display":"","site-post-title":"","ast-breadcrumbs-content":"","ast-featured-img":"","footer-sml-layout":"","theme-transparent-header-meta":"","adv-header-id-meta":"","stick-header-meta":"","header-above-stick-meta":"","header-main-stick-meta":"","header-below-stick-meta":"","astra-migrate-meta-layouts":"default","ast-page-background-enabled":"default","ast-page-background-meta":{"desktop":{"background-color":"var(--ast-global-color-4)","background-image":"","background-repeat":"repeat","background-position":"center center","background-size":"auto","background-attachment":"scroll","background-type":"","background-media":"","overlay-type":"","overlay-color":"","overlay-opacity":"","overlay-gradient":""},"tablet":{"background-color":"","background-image":"","background-repeat":"repeat","background-position":"center center","background-size":"auto","background-attachment":"scroll","background-type":"","background-media":"","overlay-type":"","overlay-color":"","overlay-opacity":"","overlay-gradient":""},"mobile":{"background-color":"","background-image":"","background-repeat":"repeat","background-position":"center center","background-size":"auto","background-attachment":"scroll","background-type":"","background-media":"","overlay-type":"","overlay-color":"","overlay-opacity":"","overlay-gradient":""}},"ast-content-background-meta":{"desktop":{"background-color":"var(--ast-global-color-5)","background-image":"","background-repeat":"repeat","background-position":"center center","background-size":"auto","background-attachment":"scroll","background-type":"","background-media":"","overlay-type":"","overlay-color":"","overlay-opacity":"","overlay-gradient":""},"tablet":{"background-color":"var(--ast-global-color-5)","background-image":"","background-repeat":"repeat","background-position":"center center","background-size":"auto","background-attachment":"scroll","background-type":"","background-media":"","overlay-type":"","overlay-color":"","overlay-opacity":"","overlay-gradient":""},"mobile":{"background-color":"var(--ast-global-color-5)","background-image":"","background-repeat":"repeat","background-position":"center center","background-size":"auto","background-attachment":"scroll","background-type":"","background-media":"","overlay-type":"","overlay-color":"","overlay-opacity":"","overlay-gradient":""}},"footnotes":""},"class_list":["post-556","page","type-page","status-publish","hentry"],"post_mailing_queue_ids":[],"_links":{"self":[{"href":"https:\/\/agora.xtec.cat\/esc-joancasas\/wp-json\/wp\/v2\/pages\/556","targetHints":{"allow":["GET"]}}],"collection":[{"href":"https:\/\/agora.xtec.cat\/esc-joancasas\/wp-json\/wp\/v2\/pages"}],"about":[{"href":"https:\/\/agora.xtec.cat\/esc-joancasas\/wp-json\/wp\/v2\/types\/page"}],"author":[{"embeddable":true,"href":"https:\/\/agora.xtec.cat\/esc-joancasas\/wp-json\/wp\/v2\/users\/1"}],"replies":[{"embeddable":true,"href":"https:\/\/agora.xtec.cat\/esc-joancasas\/wp-json\/wp\/v2\/comments?post=556"}],"version-history":[{"count":6,"href":"https:\/\/agora.xtec.cat\/esc-joancasas\/wp-json\/wp\/v2\/pages\/556\/revisions"}],"predecessor-version":[{"id":14869,"href":"https:\/\/agora.xtec.cat\/esc-joancasas\/wp-json\/wp\/v2\/pages\/556\/revisions\/14869"}],"up":[{"embeddable":true,"href":"https:\/\/agora.xtec.cat\/esc-joancasas\/wp-json\/wp\/v2\/pages\/66"}],"wp:attachment":[{"href":"https:\/\/agora.xtec.cat\/esc-joancasas\/wp-json\/wp\/v2\/media?parent=556"}],"curies":[{"name":"wp","href":"https:\/\/api.w.org\/{rel}","templated":true}]}}

<p><strong>PLA GENERAL ANUAL DE CENTRE</strong></p>
<p><a href="https://drive.google.com/file/d/1U0Popli5u0XhUPUYVGRsPrw_TqnPclrw/view?usp=sharing" target="_blank" rel="noopener"><img loading="lazy" decoding="async" class="alignleft wp-image-14746 size-medium" src="https://agora.xtec.cat/esc-joancasas/wp-content/uploads/usu1722/2024/02/PGA-218x300.png" alt="" width="218" height="300" srcset="https://agora.xtec.cat/esc-joancasas/wp-content/uploads/usu1722/2024/02/PGA-218x300.png 218w, https://agora.xtec.cat/esc-joancasas/wp-content/uploads/usu1722/2024/02/PGA.png 436w" sizes="auto, (max-width: 218px) 100vw, 218px" /></a></p>
<p>&nbsp;</p>
<p>El Pla General Anual és el document que concreta, a partir del Projecte Educatiu de Centre i del projecte de direcció, aspectes de funcionament, d&#8217;organització curricular i d&#8217;informacions generals de Centre. També inclou les actuacions anuals per a la millora d&#8217;aspectes establerts pel Departament d&#8217;Educació com elements comú a totes les escoles:<a href="http://agora.xtec.cat/esc-joancasas/wp-content/uploads/usu1722/2018/01/PGA17-18.pdf"><img loading="lazy" decoding="async" class="alignleft wp-image-4916 size-full" src="http://agora.xtec.cat/esc-joancasas/wp-content/uploads/usu1722/2018/01/llapis-verd.gif" alt="" width="228" height="220" /></a></p>
<ul>
<li>Millora dels resultats educatius</li>
<li>Millora de la cohesió social</li>
<li>Millora d&#8217;aspectes propis d&#8217;escola</li>
</ul>
<p>Cadascun dels objectius estan definits amb les actuacions, desenvolupament i els seus respectius indicadors d’avaluació. La Programació és valorada al final de cada curs en sessió de claustre i degudament presentada al Consell Escolar qui dona el seu suport.</p>
<p>&nbsp;</p>
<p>&nbsp;</p>
<p>&nbsp;</p>
<p>&nbsp;</p>
<p>&nbsp;</p>
<p>&nbsp;</p>

<p>PLA GENERAL ANUAL DE CENTRE &nbsp; El Pla General Anual és el document que concreta, a partir del Projecte Educatiu de Centre i del projecte de direcció, aspectes de funcionament, d&#8217;organització curricular i d&#8217;informacions generals de Centre. També inclou les actuacions anuals per a la millora d&#8217;aspectes establerts pel Departament d&#8217;Educació com elements comú a [&hellip;]</p>
