{"id":547,"date":"2017-11-13T19:54:30","date_gmt":"2017-11-13T18:54:30","guid":{"rendered":"http:\/\/agora.xtec.cat\/esc-joancasas\/?page_id=547"},"modified":"2026-03-06T12:20:28","modified_gmt":"2026-03-06T11:20:28","slug":"normes-dorganitzacio-i-funcionament-del-centre-nofc","status":"publish","type":"page","link":"https:\/\/agora.xtec.cat\/esc-joancasas\/projecte-educatiu\/normes-dorganitzacio-i-funcionament-del-centre-nofc\/","title":{"rendered":"Normes d&#8217;Organitzaci\u00f3 i Funcionament de Centre (NOFC)"},"content":{"rendered":"<h5 style=\"text-align: center;\" align=\"justify\"><\/h5>\n<hr \/>\n<p align=\"justify\"><a href=\"http:\/\/agora.xtec.cat\/esc-joancasas\/wp-content\/uploads\/usu1722\/2014\/09\/nofc_escola_joan_casas.pdf\"><img loading=\"lazy\" decoding=\"async\" class=\"wp-image-4906 size-full alignright\" src=\"https:\/\/agora.xtec.cat\/esc-joancasas\/wp-content\/uploads\/usu1722\/2017\/11\/nofc.jpg\" alt=\"\" width=\"144\" height=\"223\" \/><\/a>La Llei d&#8217;educaci\u00f3 de Catalunya (LEC) estableix que un dels principis organitzatius pel qual s&#8217;ha de regir el sistema educatiu ha de ser el de l&#8217;autonomia de cada centre. Aix\u00ed doncs, la present Normativa d&#8217;Organitzaci\u00f3 i Funcionament de Centre ha estat elaborada per l&#8217;Equip Directiu amb l&#8217;aportaci\u00f3 de criteris i propostes per part dels docents, degudament aprovat en sessi\u00f3 de Claustre, el 26 de maig de 2016, i t\u00e9 el suport del Consell Escolar, d&#8217;acord amb la normativa vigent.<\/p>\n<p align=\"justify\"><strong>\u00daltima actualitzaci\u00f3:<\/strong> 5 de novembre de 2025. DOCUMENT\u00a0<a href=\"https:\/\/drive.google.com\/file\/d\/1agtLHC3mXyA99SqqD3ui72Kfof62M8U-\/view?usp=drive_link\">NOFC_escola joan casas <\/a><\/p>\n<p align=\"justify\"><strong>Darreres actualitzacions:<\/strong><\/p>\n<p align=\"justify\"><span style=\"font-size: 16px; font-style: normal; font-weight: 400;\">27 de juny de 2024. DOCUMENT\u00a0<\/span><a style=\"background-color: #ffffff; font-size: 16px; font-style: normal; font-weight: 400;\" href=\"https:\/\/drive.google.com\/file\/d\/1bYPZ68vLh0wtZKPw4gjj6iGQuq3cHH9l\/view?usp=sharing\">NOFC escola joan casas<\/a><\/p>\n<p align=\"justify\">30 de juny de 2022. DOCUMENT\u00a0<a href=\"https:\/\/agora.xtec.cat\/esc-joancasas\/wp-content\/uploads\/usu1722\/2022\/07\/NOFC_escola_joan_casasa-renovar-2026.pdf\">NOFC_escola_joan_casas<\/a><\/p>\n<p align=\"justify\"><span style=\"font-family: inherit; font-size: 1em;\">17 d&#8217;octubre de 2018.\u00a0 DOCUMENT <\/span><a style=\"font-family: inherit; font-size: 1em;\" href=\"https:\/\/agora.xtec.cat\/esc-joancasas\/wp-content\/uploads\/usu1722\/2019\/10\/nofc_escola_joan_casas_18_19.pdf\">NOFC_escola_joan_casas<\/a><\/p>\n<p style=\"text-align: left;\" align=\"justify\"><strong>annexos NOFC:<\/strong> <a href=\"https:\/\/agora.xtec.cat\/esc-joancasas\/wp-content\/uploads\/usu1722\/2018\/10\/annex4_PAT_-Joan-Casas.pdf\">annex4_PAT_ Joan Casas\u00a0\u00a0\u00a0\u00a0\u00a0\u00a0\u00a0\u00a0\u00a0\u00a0\u00a0\u00a0<\/a><a href=\"https:\/\/agora.xtec.cat\/esc-joancasas\/wp-content\/uploads\/usu1722\/2018\/10\/annex6normes_convivencia.pdf\">annex6normes_convivencia<\/a><\/p>\n<p style=\"text-align: left;\" align=\"justify\">Correspon a la directora vetllar pel compliment d&#8217;aquesta normativa, essent obligaci\u00f3 de tots els membres d&#8217;aquesta comunitat educativa con\u00e8ixer-lo i complir-lo. L&#8217;aplicaci\u00f3 de les NOFC afecta tots els integrants de la comunitat educativa de <strong>l&#8217;escola Joan Casas<\/strong> i haur\u00e0 de vigilar i avaluar les normes inherents al present reglament, sempre amb un esperit de comprensi\u00f3 i de recerca de solucions per damunt de la repressi\u00f3 i el c\u00e0stig. Entenem doncs que aquest document \u00e9s l&#8217;instrument regulador de la vida interna del centre, que concreta els seg\u00fcents fonaments:<br \/>\n1- Les relacions entre els diferents sectors que formen part de la comunitat educativa.<br \/>\n2- Plasma normes i\/o pautes a seguir per tots\/es aquells\/es que participen en el proc\u00e9s educatiu dels alumnes del centre.<br \/>\n3- Garanteix, al mateix temps, els drets i deures que la legislaci\u00f3 vigent preveu.<\/p>\n<p style=\"text-align: left;\" align=\"justify\">Les Normes d&#8217;Organitzaci\u00f3 i Funcionament del Centre, que formen part del projecte educatiu, \u00e9s el document que recull de manera ordenada els preceptes que regeixen la nostra organitzaci\u00f3 i les interrelacions de la vida escolar: explicita l&#8217;estructura; defineix els vincles; recull les funcions, els drets i els deures dels diferents sectors que formen l&#8217;escola; fixa els procediments; adapta la normativa general a la nostra realitat i estableix l&#8217;espec\u00edfica pel nostre centre educatiu.<\/p>\n<p align=\"justify\">Les normes d&#8217;organitzaci\u00f3 i funcionament del centre \u00e9s un document viu amb constant renovaci\u00f3 a proposta de tots els sectors, per a la millora i compliment de la seva funci\u00f3 i s\u00f3n aprovades pel Claustre i presentades en Consell Escolar.<\/p>\n<p align=\"justify\">Donades les seves caracter\u00edstiques \u00e9s convenient que siguin conegudes per tota la comunitat escolar i, amb aquest objectiu, s&#8217;inclouran els aspectes m\u00e9s rellevants en els diferents documents que fem arribar a les fam\u00edlies. De tota manera, el document, est\u00e0 a la disposici\u00f3 de qualsevol membre de la comunitat escolar que el vulgui consultar. Per aquest motiu, us deixem les nostres NOFC.<\/p>\n<p align=\"justify\"><strong>Normativa reguladora<\/strong><\/p>\n<p align=\"justify\"><sup>&#8211; Llei Org\u00e0nica 2\/2006, de 3 de maig, d&#8217;Educaci\u00f3.<\/sup><\/p>\n<p><sup>&#8211; Llei Org\u00e0nica 12\/2009, del 10 de juliol, d&#8217;Educaci\u00f3.\u00a0<\/sup><\/p>\n<p>&nbsp;<\/p>\n","protected":false},"excerpt":{"rendered":"<p>La Llei d&#8217;educaci\u00f3 de Catalunya (LEC) estableix que un dels principis organitzatius pel qual s&#8217;ha de regir el sistema educatiu ha de ser el de l&#8217;autonomia de cada centre. Aix\u00ed doncs, la present Normativa d&#8217;Organitzaci\u00f3 i Funcionament de Centre ha estat elaborada per l&#8217;Equip Directiu amb l&#8217;aportaci\u00f3 de criteris i propostes per part dels docents, [&hellip;]<\/p>\n","protected":false},"author":1,"featured_media":0,"parent":64,"menu_order":0,"comment_status":"closed","ping_status":"closed","template":"","meta":{"_bbp_topic_count":0,"_bbp_reply_count":0,"_bbp_total_topic_count":0,"_bbp_total_reply_count":0,"_bbp_voice_count":0,"_bbp_anonymous_reply_count":0,"_bbp_topic_count_hidden":0,"_bbp_reply_count_hidden":0,"_bbp_forum_subforum_count":0,"site-sidebar-layout":"default","site-content-layout":"","ast-site-content-layout":"default","site-content-style":"default","site-sidebar-style":"default","ast-global-header-display":"","ast-banner-title-visibility":"","ast-main-header-display":"","ast-hfb-above-header-display":"","ast-hfb-below-header-display":"","ast-hfb-mobile-header-display":"","site-post-title":"","ast-breadcrumbs-content":"","ast-featured-img":"","footer-sml-layout":"","theme-transparent-header-meta":"default","adv-header-id-meta":"","stick-header-meta":"","header-above-stick-meta":"","header-main-stick-meta":"","header-below-stick-meta":"","astra-migrate-meta-layouts":"set","ast-page-background-enabled":"default","ast-page-background-meta":{"desktop":{"background-color":"var(--ast-global-color-4)","background-image":"","background-repeat":"repeat","background-position":"center center","background-size":"auto","background-attachment":"scroll","background-type":"","background-media":"","overlay-type":"","overlay-color":"","overlay-opacity":"","overlay-gradient":""},"tablet":{"background-color":"","background-image":"","background-repeat":"repeat","background-position":"center center","background-size":"auto","background-attachment":"scroll","background-type":"","background-media":"","overlay-type":"","overlay-color":"","overlay-opacity":"","overlay-gradient":""},"mobile":{"background-color":"","background-image":"","background-repeat":"repeat","background-position":"center center","background-size":"auto","background-attachment":"scroll","background-type":"","background-media":"","overlay-type":"","overlay-color":"","overlay-opacity":"","overlay-gradient":""}},"ast-content-background-meta":{"desktop":{"background-color":"var(--ast-global-color-5)","background-image":"","background-repeat":"repeat","background-position":"center center","background-size":"auto","background-attachment":"scroll","background-type":"","background-media":"","overlay-type":"","overlay-color":"","overlay-opacity":"","overlay-gradient":""},"tablet":{"background-color":"var(--ast-global-color-5)","background-image":"","background-repeat":"repeat","background-position":"center center","background-size":"auto","background-attachment":"scroll","background-type":"","background-media":"","overlay-type":"","overlay-color":"","overlay-opacity":"","overlay-gradient":""},"mobile":{"background-color":"var(--ast-global-color-5)","background-image":"","background-repeat":"repeat","background-position":"center center","background-size":"auto","background-attachment":"scroll","background-type":"","background-media":"","overlay-type":"","overlay-color":"","overlay-opacity":"","overlay-gradient":""}},"footnotes":""},"class_list":["post-547","page","type-page","status-publish","hentry"],"post_mailing_queue_ids":[],"_links":{"self":[{"href":"https:\/\/agora.xtec.cat\/esc-joancasas\/wp-json\/wp\/v2\/pages\/547","targetHints":{"allow":["GET"]}}],"collection":[{"href":"https:\/\/agora.xtec.cat\/esc-joancasas\/wp-json\/wp\/v2\/pages"}],"about":[{"href":"https:\/\/agora.xtec.cat\/esc-joancasas\/wp-json\/wp\/v2\/types\/page"}],"author":[{"embeddable":true,"href":"https:\/\/agora.xtec.cat\/esc-joancasas\/wp-json\/wp\/v2\/users\/1"}],"replies":[{"embeddable":true,"href":"https:\/\/agora.xtec.cat\/esc-joancasas\/wp-json\/wp\/v2\/comments?post=547"}],"version-history":[{"count":7,"href":"https:\/\/agora.xtec.cat\/esc-joancasas\/wp-json\/wp\/v2\/pages\/547\/revisions"}],"predecessor-version":[{"id":15170,"href":"https:\/\/agora.xtec.cat\/esc-joancasas\/wp-json\/wp\/v2\/pages\/547\/revisions\/15170"}],"up":[{"embeddable":true,"href":"https:\/\/agora.xtec.cat\/esc-joancasas\/wp-json\/wp\/v2\/pages\/64"}],"wp:attachment":[{"href":"https:\/\/agora.xtec.cat\/esc-joancasas\/wp-json\/wp\/v2\/media?parent=547"}],"curies":[{"name":"wp","href":"https:\/\/api.w.org\/{rel}","templated":true}]}}

Normes d&#8217;Organització i Funcionament de Centre (NOFC)

<h5 style="text-align: center;" align="justify"></h5>
<hr />
<p align="justify"><a href="http://agora.xtec.cat/esc-joancasas/wp-content/uploads/usu1722/2014/09/nofc_escola_joan_casas.pdf"><img loading="lazy" decoding="async" class="wp-image-4906 size-full alignright" src="https://agora.xtec.cat/esc-joancasas/wp-content/uploads/usu1722/2017/11/nofc.jpg" alt="" width="144" height="223" /></a>La Llei d&#8217;educació de Catalunya (LEC) estableix que un dels principis organitzatius pel qual s&#8217;ha de regir el sistema educatiu ha de ser el de l&#8217;autonomia de cada centre. Així doncs, la present Normativa d&#8217;Organització i Funcionament de Centre ha estat elaborada per l&#8217;Equip Directiu amb l&#8217;aportació de criteris i propostes per part dels docents, degudament aprovat en sessió de Claustre, el 26 de maig de 2016, i té el suport del Consell Escolar, d&#8217;acord amb la normativa vigent.</p>
<p align="justify"><strong>Última actualització:</strong> 5 de novembre de 2025. DOCUMENT <a href="https://drive.google.com/file/d/1agtLHC3mXyA99SqqD3ui72Kfof62M8U-/view?usp=drive_link">NOFC_escola joan casas </a></p>
<p align="justify"><strong>Darreres actualitzacions:</strong></p>
<p align="justify"><span style="font-size: 16px; font-style: normal; font-weight: 400;">27 de juny de 2024. DOCUMENT </span><a style="background-color: #ffffff; font-size: 16px; font-style: normal; font-weight: 400;" href="https://drive.google.com/file/d/1bYPZ68vLh0wtZKPw4gjj6iGQuq3cHH9l/view?usp=sharing">NOFC escola joan casas</a></p>
<p align="justify">30 de juny de 2022. DOCUMENT <a href="https://agora.xtec.cat/esc-joancasas/wp-content/uploads/usu1722/2022/07/NOFC_escola_joan_casasa-renovar-2026.pdf">NOFC_escola_joan_casas</a></p>
<p align="justify"><span style="font-family: inherit; font-size: 1em;">17 d&#8217;octubre de 2018.  DOCUMENT </span><a style="font-family: inherit; font-size: 1em;" href="https://agora.xtec.cat/esc-joancasas/wp-content/uploads/usu1722/2019/10/nofc_escola_joan_casas_18_19.pdf">NOFC_escola_joan_casas</a></p>
<p style="text-align: left;" align="justify"><strong>annexos NOFC:</strong> <a href="https://agora.xtec.cat/esc-joancasas/wp-content/uploads/usu1722/2018/10/annex4_PAT_-Joan-Casas.pdf">annex4_PAT_ Joan Casas            </a><a href="https://agora.xtec.cat/esc-joancasas/wp-content/uploads/usu1722/2018/10/annex6normes_convivencia.pdf">annex6normes_convivencia</a></p>
<p style="text-align: left;" align="justify">Correspon a la directora vetllar pel compliment d&#8217;aquesta normativa, essent obligació de tots els membres d&#8217;aquesta comunitat educativa conèixer-lo i complir-lo. L&#8217;aplicació de les NOFC afecta tots els integrants de la comunitat educativa de <strong>l&#8217;escola Joan Casas</strong> i haurà de vigilar i avaluar les normes inherents al present reglament, sempre amb un esperit de comprensió i de recerca de solucions per damunt de la repressió i el càstig. Entenem doncs que aquest document és l&#8217;instrument regulador de la vida interna del centre, que concreta els següents fonaments:<br />
1- Les relacions entre els diferents sectors que formen part de la comunitat educativa.<br />
2- Plasma normes i/o pautes a seguir per tots/es aquells/es que participen en el procés educatiu dels alumnes del centre.<br />
3- Garanteix, al mateix temps, els drets i deures que la legislació vigent preveu.</p>
<p style="text-align: left;" align="justify">Les Normes d&#8217;Organització i Funcionament del Centre, que formen part del projecte educatiu, és el document que recull de manera ordenada els preceptes que regeixen la nostra organització i les interrelacions de la vida escolar: explicita l&#8217;estructura; defineix els vincles; recull les funcions, els drets i els deures dels diferents sectors que formen l&#8217;escola; fixa els procediments; adapta la normativa general a la nostra realitat i estableix l&#8217;específica pel nostre centre educatiu.</p>
<p align="justify">Les normes d&#8217;organització i funcionament del centre és un document viu amb constant renovació a proposta de tots els sectors, per a la millora i compliment de la seva funció i són aprovades pel Claustre i presentades en Consell Escolar.</p>
<p align="justify">Donades les seves característiques és convenient que siguin conegudes per tota la comunitat escolar i, amb aquest objectiu, s&#8217;inclouran els aspectes més rellevants en els diferents documents que fem arribar a les famílies. De tota manera, el document, està a la disposició de qualsevol membre de la comunitat escolar que el vulgui consultar. Per aquest motiu, us deixem les nostres NOFC.</p>
<p align="justify"><strong>Normativa reguladora</strong></p>
<p align="justify"><sup>&#8211; Llei Orgànica 2/2006, de 3 de maig, d&#8217;Educació.</sup></p>
<p><sup>&#8211; Llei Orgànica 12/2009, del 10 de juliol, d&#8217;Educació. </sup></p>
<p>&nbsp;</p>

<p>La Llei d&#8217;educació de Catalunya (LEC) estableix que un dels principis organitzatius pel qual s&#8217;ha de regir el sistema educatiu ha de ser el de l&#8217;autonomia de cada centre. Així doncs, la present Normativa d&#8217;Organització i Funcionament de Centre ha estat elaborada per l&#8217;Equip Directiu amb l&#8217;aportació de criteris i propostes per part dels docents, [&hellip;]</p>
