{"id":3847,"date":"2018-01-26T09:52:08","date_gmt":"2018-01-26T08:52:08","guid":{"rendered":"http:\/\/agora.xtec.cat\/esc-joancasas\/?page_id=3847"},"modified":"2024-07-03T23:58:08","modified_gmt":"2024-07-03T21:58:08","slug":"memoria-pga-curs-20162017","status":"publish","type":"page","link":"https:\/\/agora.xtec.cat\/esc-joancasas\/projecte-educatiu\/memoria-pga-curs-20162017\/","title":{"rendered":"Pla de Transport Escolar"},"content":{"rendered":"<h3><strong>DADES DEL SERVEI DE TRANSPORT ESCOLAR<\/strong><br \/>\n<a href=\"http:\/\/agora.xtec.cat\/esc-joancasas\/wp-content\/uploads\/usu1722\/2018\/01\/PGA17-18.pdf\"><img loading=\"lazy\" decoding=\"async\" class=\"alignleft wp-image-4916 size-full\" src=\"http:\/\/agora.xtec.cat\/esc-joancasas\/wp-content\/uploads\/usu1722\/2018\/01\/llapis-verd.gif\" alt=\"\" width=\"228\" height=\"220\" \/><\/a><\/h3>\n<p>&nbsp;<\/p>\n<p><strong>RUTA POP08<\/strong><\/p>\n<p>a. Tel\u00e8fon escola Joan Casas: T. 93 845 21 50 Sr. Ferran Ll. (bidell).<br \/>\nb. Tel\u00e8fon direcci\u00f3 escola Joan Casas T. 634 79 93 13 Sr. Laura Bertran (directora).<br \/>\nc. Tel\u00e8fon monitora de transport: T. 681 07 04 14 Sra. Caterina M. (monitora d\u2019autocar).<br \/>\nd. Tel\u00e8fon Consell Comarcal- incid\u00e8ncies des de principis de curs: T. 93 115 77 89\/\/ <span lang=\"CA\">\u00a0\u00a0<\/span><a href=\"tel:935466343\" target=\"_blank\" rel=\"noopener\"><span lang=\"CA\">93 546 63 43<\/span><\/a><span class=\"m_7972717805390748745MsoHyperlink\">\u00a0<\/span><span lang=\"CA\">de dilluns a divendres de 8\u00a0a 15\u00a0h.<\/span><br \/>\ne. Tel\u00e8fon Consell Comarcal- de 7\u201900h a 20\u201900h- T. 93 860 07 08 Sra. Eug\u00e8nia Ll. i Sra. Berta X.<br \/>\nf. Tel\u00e8fon Serveis Territorials- de 9\u201900h a 14\u201900h- T. 93 693 18 90.<\/p>\n<p>DOCUMENT AMB ESPECIFICACIONS DEL SERVEI: <a href=\"https:\/\/drive.google.com\/file\/d\/1ar14mQMemYSTAsplVzVowFaNt4KHvx6l\/view?usp=sharing\">ENLLA\u00c7<\/a><\/p>\n<p><strong>DATA D&#8217;ACTUALITZACI\u00d3: JUNY 2024<\/strong><\/p>\n","protected":false},"excerpt":{"rendered":"<p>DADES DEL SERVEI DE TRANSPORT ESCOLAR &nbsp; RUTA POP08 a. Tel\u00e8fon escola Joan Casas: T. 93 845 21 50 Sr. Ferran Ll. (bidell). b. Tel\u00e8fon direcci\u00f3 escola Joan Casas T. 634 79 93 13 Sr. Laura Bertran (directora). c. Tel\u00e8fon monitora de transport: T. 681 07 04 14 Sra. Caterina M. (monitora d\u2019autocar). d. Tel\u00e8fon [&hellip;]<\/p>\n","protected":false},"author":1,"featured_media":0,"parent":64,"menu_order":0,"comment_status":"closed","ping_status":"closed","template":"page-templates\/side-menu.php","meta":{"_bbp_topic_count":0,"_bbp_reply_count":0,"_bbp_total_topic_count":0,"_bbp_total_reply_count":0,"_bbp_voice_count":0,"_bbp_anonymous_reply_count":0,"_bbp_topic_count_hidden":0,"_bbp_reply_count_hidden":0,"_bbp_forum_subforum_count":0,"site-sidebar-layout":"default","site-content-layout":"","ast-site-content-layout":"","site-content-style":"default","site-sidebar-style":"default","ast-global-header-display":"","ast-banner-title-visibility":"","ast-main-header-display":"","ast-hfb-above-header-display":"","ast-hfb-below-header-display":"","ast-hfb-mobile-header-display":"","site-post-title":"","ast-breadcrumbs-content":"","ast-featured-img":"","footer-sml-layout":"","theme-transparent-header-meta":"","adv-header-id-meta":"","stick-header-meta":"","header-above-stick-meta":"","header-main-stick-meta":"","header-below-stick-meta":"","astra-migrate-meta-layouts":"default","ast-page-background-enabled":"default","ast-page-background-meta":{"desktop":{"background-color":"var(--ast-global-color-4)","background-image":"","background-repeat":"repeat","background-position":"center center","background-size":"auto","background-attachment":"scroll","background-type":"","background-media":"","overlay-type":"","overlay-color":"","overlay-opacity":"","overlay-gradient":""},"tablet":{"background-color":"","background-image":"","background-repeat":"repeat","background-position":"center center","background-size":"auto","background-attachment":"scroll","background-type":"","background-media":"","overlay-type":"","overlay-color":"","overlay-opacity":"","overlay-gradient":""},"mobile":{"background-color":"","background-image":"","background-repeat":"repeat","background-position":"center center","background-size":"auto","background-attachment":"scroll","background-type":"","background-media":"","overlay-type":"","overlay-color":"","overlay-opacity":"","overlay-gradient":""}},"ast-content-background-meta":{"desktop":{"background-color":"var(--ast-global-color-5)","background-image":"","background-repeat":"repeat","background-position":"center center","background-size":"auto","background-attachment":"scroll","background-type":"","background-media":"","overlay-type":"","overlay-color":"","overlay-opacity":"","overlay-gradient":""},"tablet":{"background-color":"var(--ast-global-color-5)","background-image":"","background-repeat":"repeat","background-position":"center center","background-size":"auto","background-attachment":"scroll","background-type":"","background-media":"","overlay-type":"","overlay-color":"","overlay-opacity":"","overlay-gradient":""},"mobile":{"background-color":"var(--ast-global-color-5)","background-image":"","background-repeat":"repeat","background-position":"center center","background-size":"auto","background-attachment":"scroll","background-type":"","background-media":"","overlay-type":"","overlay-color":"","overlay-opacity":"","overlay-gradient":""}},"footnotes":""},"class_list":["post-3847","page","type-page","status-publish","hentry"],"post_mailing_queue_ids":[],"_links":{"self":[{"href":"https:\/\/agora.xtec.cat\/esc-joancasas\/wp-json\/wp\/v2\/pages\/3847","targetHints":{"allow":["GET"]}}],"collection":[{"href":"https:\/\/agora.xtec.cat\/esc-joancasas\/wp-json\/wp\/v2\/pages"}],"about":[{"href":"https:\/\/agora.xtec.cat\/esc-joancasas\/wp-json\/wp\/v2\/types\/page"}],"author":[{"embeddable":true,"href":"https:\/\/agora.xtec.cat\/esc-joancasas\/wp-json\/wp\/v2\/users\/1"}],"replies":[{"embeddable":true,"href":"https:\/\/agora.xtec.cat\/esc-joancasas\/wp-json\/wp\/v2\/comments?post=3847"}],"version-history":[{"count":7,"href":"https:\/\/agora.xtec.cat\/esc-joancasas\/wp-json\/wp\/v2\/pages\/3847\/revisions"}],"predecessor-version":[{"id":14851,"href":"https:\/\/agora.xtec.cat\/esc-joancasas\/wp-json\/wp\/v2\/pages\/3847\/revisions\/14851"}],"up":[{"embeddable":true,"href":"https:\/\/agora.xtec.cat\/esc-joancasas\/wp-json\/wp\/v2\/pages\/64"}],"wp:attachment":[{"href":"https:\/\/agora.xtec.cat\/esc-joancasas\/wp-json\/wp\/v2\/media?parent=3847"}],"curies":[{"name":"wp","href":"https:\/\/api.w.org\/{rel}","templated":true}]}}

<h3><strong>DADES DEL SERVEI DE TRANSPORT ESCOLAR</strong><br />
<a href="http://agora.xtec.cat/esc-joancasas/wp-content/uploads/usu1722/2018/01/PGA17-18.pdf"><img loading="lazy" decoding="async" class="alignleft wp-image-4916 size-full" src="http://agora.xtec.cat/esc-joancasas/wp-content/uploads/usu1722/2018/01/llapis-verd.gif" alt="" width="228" height="220" /></a></h3>
<p>&nbsp;</p>
<p><strong>RUTA POP08</strong></p>
<p>a. Telèfon escola Joan Casas: T. 93 845 21 50 Sr. Ferran Ll. (bidell).<br />
b. Telèfon direcció escola Joan Casas T. 634 79 93 13 Sr. Laura Bertran (directora).<br />
c. Telèfon monitora de transport: T. 681 07 04 14 Sra. Caterina M. (monitora d’autocar).<br />
d. Telèfon Consell Comarcal- incidències des de principis de curs: T. 93 115 77 89// <span lang="CA">  </span><a href="tel:935466343" target="_blank" rel="noopener"><span lang="CA">93 546 63 43</span></a><span class="m_7972717805390748745MsoHyperlink"> </span><span lang="CA">de dilluns a divendres de 8 a 15 h.</span><br />
e. Telèfon Consell Comarcal- de 7’00h a 20’00h- T. 93 860 07 08 Sra. Eugènia Ll. i Sra. Berta X.<br />
f. Telèfon Serveis Territorials- de 9’00h a 14’00h- T. 93 693 18 90.</p>
<p>DOCUMENT AMB ESPECIFICACIONS DEL SERVEI: <a href="https://drive.google.com/file/d/1ar14mQMemYSTAsplVzVowFaNt4KHvx6l/view?usp=sharing">ENLLAÇ</a></p>
<p><strong>DATA D&#8217;ACTUALITZACIÓ: JUNY 2024</strong></p>

<p>DADES DEL SERVEI DE TRANSPORT ESCOLAR &nbsp; RUTA POP08 a. Telèfon escola Joan Casas: T. 93 845 21 50 Sr. Ferran Ll. (bidell). b. Telèfon direcció escola Joan Casas T. 634 79 93 13 Sr. Laura Bertran (directora). c. Telèfon monitora de transport: T. 681 07 04 14 Sra. Caterina M. (monitora d’autocar). d. Telèfon [&hellip;]</p>
