{"id":34,"date":"2020-04-15T22:22:18","date_gmt":"2020-04-15T20:22:18","guid":{"rendered":"http:\/\/agora.xtec.cat\/esc-joancasas\/?page_id=34"},"modified":"2020-04-30T19:40:55","modified_gmt":"2020-04-30T17:40:55","slug":"oferta-educativa","status":"publish","type":"page","link":"https:\/\/agora.xtec.cat\/esc-joancasas\/lescola\/oferta-educativa\/","title":{"rendered":"L&#8217;Escola per dins"},"content":{"rendered":"<hr \/>\n<h3 style=\"text-align: right;\"><strong>\u00a0 \u00a0 \u00a0 \u00a0 \u00a0 \u00a0 \u00a0 \u00a0 \u00a0 \u00a0 \u00a0 \u00a0 \u00a0 \u00a0 \u00a0 \u00a0 \u00a0 \u00a0 <b>\u2728<\/b><b>E<\/b><b>scola STEA<\/b><b>M<\/b>\u00a0<\/strong><\/h3>\n<p><a href=\"http:\/\/agora.xtec.cat\/esc-joancasas\/wp-content\/uploads\/usu1722\/2014\/09\/E-JOAN-CASAS-definitiu.jpg\"><img loading=\"lazy\" decoding=\"async\" class=\"size-full wp-image-536 alignright\" src=\"http:\/\/agora.xtec.cat\/esc-joancasas\/wp-content\/uploads\/usu1722\/2014\/09\/E-JOAN-CASAS-definitiu.jpg\" alt=\"\" width=\"320\" height=\"240\" srcset=\"https:\/\/agora.xtec.cat\/esc-joancasas\/wp-content\/uploads\/usu1722\/2014\/09\/E-JOAN-CASAS-definitiu.jpg 320w, https:\/\/agora.xtec.cat\/esc-joancasas\/wp-content\/uploads\/usu1722\/2014\/09\/E-JOAN-CASAS-definitiu-300x225.jpg 300w, https:\/\/agora.xtec.cat\/esc-joancasas\/wp-content\/uploads\/usu1722\/2014\/09\/E-JOAN-CASAS-definitiu-200x150.jpg 200w\" sizes=\"auto, (max-width: 320px) 100vw, 320px\" \/><\/a>La nostra escola \u00e9s oberta, global i participativa. Considerem m\u00e9s aviat que \u00e9s un centre educatiu perqu\u00e8 inclou ensenyants i ensenyats d&#8217;edats molt diverses, de tipologies d&#8217;estudi diferent, amb m\u00faltiples interessos i amb abund\u00e0ncia de ganes per saber. I \u00e9s el centre que ens ajunta i ens arreplega en aquest gran PROP\u00d2SIT EDUCATIU. Som l&#8217;escola de refer\u00e8ncia al municipi i oferim doble l\u00ednia educativa amb alumnes <strong>d\u2019Educaci\u00f3 Infantil i Prim\u00e0ria<\/strong> (des dels 3 als 12 anys).<\/p>\n<p>Tenim molt clara la oferta educativa basada en valors, en la visi\u00f3 matem\u00e0tica de la natura, en el m\u00e8tode cient\u00edfic al laboratori, en l&#8217;art com manifestaci\u00f3 creativa aut\u00e8ntica i genu\u00efna, amb la m\u00fasica com part de vibraci\u00f3 del cos i amb el gaudi de llegir com a font de coneixement ling\u00fc\u00edstic i imaginari.<\/p>\n<p>Per donar suport a la qualitat educativa i atendre millor les necessitats escolars i personals de l&#8217;alumnat, <strong>l\u2019escola aposta per la distribuci\u00f3 hor\u00e0ria en franges flexibles i amb agrupaments desdoblats<\/strong><strong>, <\/strong>de manera que els grups tutorials queden redu\u00efts a la meitat per l&#8217;aprofitament d&#8217;altres aspectes transversals b\u00e0sics com el di\u00e0leg, l&#8217;atenci\u00f3 personalitzada, el seguiment dels processos, l&#8217;acompanyament i la guia individual. Aquesta disposici\u00f3 permet tenir visi\u00f3 global de les \u00e0rees de contingut, dona continu\u00eftat als aprenentatges i garantitza que cada alumne descobreixi el ritme m\u00e9s adient, qu\u00e8 m\u00e9s li agrada i en qu\u00e8 s&#8217;haur\u00e0 d&#8217;esfor\u00e7ar m\u00e9s, permet temporitzar sense presses i gaudir del proc\u00e9s d&#8217;ensenyament-aprenentatge a l&#8217;aula.<\/p>\n<p>L&#8217;escola dona import\u00e0ncia als espais, perqu\u00e8 s\u00f3n el reflex del caliu i m\u00e8tode que s&#8217;aplica a l&#8217;escola. Disposa d&#8217;<strong>ESPAIS TEM\u00c0TICS <\/strong>com ara aula pr\u00f2pia de m\u00fasica, angl\u00e8s, psicomotricitat i la sala<strong> THE VILLAGE <\/strong>pels m\u00e9s petits, la sala d&#8217;<strong>INFINIT <\/strong>per matem\u00e0tiques manipulatives,\u00a0 el<strong> LABORATORI <\/strong>per science entre d&#8217;altres.<\/p>\n<ul>\n<li>A<strong> Educaci\u00f3 Infantil<\/strong> centrem el curr\u00edculum basat en la creaci\u00f3 pr\u00f2pia, l&#8217;experimentaci\u00f3 basada en m\u00e8tode cient\u00edfic, vivenciant i manipulant, per\u00f2 per damunt de tot jugant amb els altres. S\u2019organitza en les capacitats adaptatives i d&#8217;exploraci\u00f3 del propi cos i de l&#8217;entorn al voltant dels quatre eixos b\u00e0sics: <strong>1.<\/strong>aprendre a ser i actuar d\u2019una manera cada vegada m\u00e9s aut\u00f2noma; <strong>2<\/strong>.aprendre a pensar i a comunicar; <strong>3<\/strong>.aprendre a descobrir i tenir iniciativa; i<strong> 4.<\/strong>aprendre a conviure i habitar el m\u00f3n. En acabar l&#8217;etapa l&#8217;alumnat d&#8217;infantil ha tingut oportunitat de desenvolupar el tra\u00e7, el moviment creatiu, la coordinaci\u00f3, els h\u00e0bits personals, l&#8217;observaci\u00f3, el respecte per les normes comunes, enfilar&#8230; i en definitiva tot un bagatge d&#8217;exploraci\u00f3 d&#8217;un mateix i dels altres.<\/li>\n<li>A <strong>Educaci\u00f3 Prim\u00e0ria<\/strong> prioritzem l\u2019ensenyament basat en les compet\u00e8ncies b\u00e0siques emmarcades amb els valors del respecte, el saber fer i el saber estar. \u00c9s el pas educatiu tamb\u00e9 de grans fites i a nivell curricular l&#8217;estructura d&#8217;escola organitza les \u00e0rees tenint present la flexibilitat hor\u00e0ria i la distribuci\u00f3 de grups heterog\u00e8nia. El desplegament de l&#8217;aprenentatge basat en les Compet\u00e8ncies B\u00e0siques afavoreix l&#8217;estudi, l\u2019autonomia i la contextualitzaci\u00f3 pel desenvolupament personal i social de l\u2019alumnat.<\/li>\n<\/ul>\n<p>Per aconseguir-ho tot plegat potenciem la coordinaci\u00f3 d&#8217;activitats, sortides, col\u00f2nies i tallers escolars amb les \u00e0rees curriculars, treient m\u00e9s profit de les sessions fora el centre escolar. El calendari escolar garanteix\u00a0 tallers d&#8217;higiene personal i postural, tallers d&#8217;alimentaci\u00f3 saludable aix\u00ed com ara visita de l&#8217;entorn, visita a la biblioteca, bombers, Ajuntament.<\/p>\n<p>Ens sentim molt orgulloses\/osos de l\u2019organitzaci\u00f3 de l\u2019equip docent i la seva permanent formaci\u00f3 que facilita el dese<img loading=\"lazy\" decoding=\"async\" class=\"wp-image-10789 alignleft\" src=\"https:\/\/agora.xtec.cat\/esc-joancasas\/wp-content\/uploads\/usu1722\/2019\/02\/PORTES-OBERTES.png\" alt=\"\" width=\"226\" height=\"129\" srcset=\"https:\/\/agora.xtec.cat\/esc-joancasas\/wp-content\/uploads\/usu1722\/2019\/02\/PORTES-OBERTES.png 817w, https:\/\/agora.xtec.cat\/esc-joancasas\/wp-content\/uploads\/usu1722\/2019\/02\/PORTES-OBERTES-300x171.png 300w, https:\/\/agora.xtec.cat\/esc-joancasas\/wp-content\/uploads\/usu1722\/2019\/02\/PORTES-OBERTES-768x438.png 768w\" sizes=\"auto, (max-width: 226px) 100vw, 226px\" \/><span style=\"font-family: inherit; font-size: 1em;\">nvolupament de les din\u00e0miques d&#8217;aula i d&#8217;escola amb rigor i implicaci\u00f3. L&#8217;alumnat \u00e9s protagonista tamb\u00e9 en la participaci\u00f3 de la vida escolar, prenent decisions en les din\u00e0miques dels delegats\/des i delegats\/des ambientals, guanyant autonomia en l&#8217;estudi i aprenent amb treball cooperatiu.<\/span><\/p>\n<ul>\n<li>L\u2019escola \u00e9s referent STEAM (Science, Technology, Engineery, Art and Maths) aix\u00ed que desenvolupa projectes, din\u00e0miques i actuacions educatives al voltant d&#8217;aquests eixos essent els m\u00e9s b\u00e0sics i focus del nostre estudi les ci\u00e8ncies, les matem\u00e0tiques i l&#8217;art.<\/li>\n<li>Ofereix <strong>Angl\u00e8s com a 1\u00aa llengua estrangera<\/strong> des de P3 fent a la comunitat de grans mitjos grups per <em>speaking\/writing<\/em>. I llengua vehicular a Science Lab a tota la prim\u00e0ria.<\/li>\n<li>Portem a terme el<strong>\u00a0Projecte lector<\/strong>, amb l&#8217;objectiu de potenciar el gust i el gaudi per la lectura i formar lectors competents en velocitat i comprensi\u00f3.<\/li>\n<\/ul>\n<ul>\n<li>L\u2019escola disposa del <strong>supor<\/strong>t d\u2019un membre de<strong> l\u2019equip d\u2019assessorament i atenci\u00f3 psicopedag\u00f2gica<\/strong> (un mat\u00ed setmanal)<strong> i d\u2019una logopeda<\/strong> (quatre matins setmanals) a m\u00e9s d&#8217;una vetlladora.<\/li>\n<li>Cada curs els alumnes de tota l&#8217;escola treballen a l&#8217;entorn d&#8217;un <strong>projecte com\u00fa<\/strong>, el projecte interdisciplinar per aprofundiment d&#8217;un contingut identitari de grup.<\/li>\n<li>Tant a l&#8217;Educaci\u00f3 Infantil com a l&#8217;Educaci\u00f3 Prim\u00e0ria tenim present a les fam\u00edlies per activitats i propostes diverses: tallers, sortides, festes, trobades solid\u00e0ries, etc&#8230;<\/li>\n<li>Participem en el programa <strong>\u201cActivitats Culturals\u201d<\/strong> que organitza la Diputaci\u00f3 de Barcelona amb la col.laboraci\u00f3 de la Regidoria d\u2019Educaci\u00f3 de l\u2019Ajuntament de Sant Antoni de Vilamajor tot afavorint una activitat de les tres propostes en versi\u00f3 original anglesa.<\/li>\n<li>A l&#8217;entorn de <strong>la setmana de Sant Jordi, es fa la tradicional ballada de danses <\/strong>on participen tots els cursos i \u00e9s oberta a totes les fam\u00edlies del poble.<\/li>\n<li><strong> Celebrem amb les fam\u00edlies la festa de final de curs<\/strong> (acostuma a ser un divendres a la tarda del mes de juny).<\/li>\n<li>Estem adherits a la campanya <strong>\u201c Mengem fruita a l\u2019escola \u201c<\/strong>.<a href=\"https:\/\/agora.xtec.cat\/esc-joancasas\/wp-content\/uploads\/usu1722\/2019\/06\/IMG_20190620_222945.jpg\"><img loading=\"lazy\" decoding=\"async\" class=\"wp-image-11634 alignleft\" src=\"https:\/\/agora.xtec.cat\/esc-joancasas\/wp-content\/uploads\/usu1722\/2019\/06\/IMG_20190620_222945.jpg\" alt=\"\" width=\"214\" height=\"264\" srcset=\"https:\/\/agora.xtec.cat\/esc-joancasas\/wp-content\/uploads\/usu1722\/2019\/06\/IMG_20190620_222945.jpg 2547w, https:\/\/agora.xtec.cat\/esc-joancasas\/wp-content\/uploads\/usu1722\/2019\/06\/IMG_20190620_222945-243x300.jpg 243w, https:\/\/agora.xtec.cat\/esc-joancasas\/wp-content\/uploads\/usu1722\/2019\/06\/IMG_20190620_222945-768x948.jpg 768w, https:\/\/agora.xtec.cat\/esc-joancasas\/wp-content\/uploads\/usu1722\/2019\/06\/IMG_20190620_222945-830x1024.jpg 830w\" sizes=\"auto, (max-width: 214px) 100vw, 214px\" \/><\/a><\/li>\n<li>Amb el desig de promoure la participaci\u00f3 activa de l&#8217;alumnat de prim\u00e0ria en el dia a dia de l&#8217;escola i complementar el treball de tutoria, <strong>tenim delegats i delegades d&#8217;aula<\/strong> que regularment es reuneixen amb la directora per fomentar el di\u00e0leg i l&#8217;intercanvi d&#8217;apreciacions.<\/li>\n<li>Tamb\u00e9, a cada aula hi ha un <strong>delegat o delegada mediambiental<\/strong>. Aquests delegats es reuneixen regularment amb la directora i mestres per fomentar activitats relacionades amb el medi ambient a l&#8217;escola.<\/li>\n<li>Celebrem les festes de la <strong>Castanyada <\/strong>amb tallers de tardor<strong>, <\/strong>el <strong>concert<\/strong> d&#8217;hivern amb<strong> Nadales, Carnestoltes <\/strong>amb rua<strong>, St. Jordi <\/strong>amb<strong> Jocs Florals<\/strong> i la festa<strong> de final de curs.<\/strong>\u00a0 A m\u00e9s participem de manera especial durant dues setmanes a l&#8217;any <strong>la setmana de les matem\u00e0tiques i la setmana <\/strong><strong>cultural.\u00a0<\/strong><\/li>\n<li>L\u2019escola col\u00b7labora i\/o participa en activitats socials, municipals i locals com ara <strong>Les minis, <\/strong>els<strong> detectius SAV <\/strong>a la setmana cultural<strong>, la Marat\u00f3 de TV3 <\/strong>juntament amb<strong> l&#8217;AMPA, <\/strong>les<strong> jornades esportives <\/strong>amb escola St Pere. A m\u00e9s de rebre la visita dels m\u00e9s petits de les llars de refer\u00e8ncia.<\/li>\n<li>Fem <strong>dues sortides <\/strong>de tot el dia amb autocar i <strong>una<\/strong> per<strong> l&#8217;entorn de migdia<\/strong>.<\/li>\n<li>Els alumnes de totes tres <strong>comunitats petits, mitjans i grans <\/strong>participen en anar de<strong> col\u00f2nies<\/strong> organitzades des de l&#8217;escola amb l&#8217;objectiu de fomentar la conviv\u00e8ncia entre alumnes.<\/li>\n<\/ul>\n<h4>I amb aquest poti poti us hem volgut explicar com \u00e9s part del nostre dia a dia, compartim, creixem i regalem somriures, la resta ja est\u00e0 fet!<\/h4>\n","protected":false},"excerpt":{"rendered":"<p>\u00a0 \u00a0 \u00a0 \u00a0 \u00a0 \u00a0 \u00a0 \u00a0 \u00a0 \u00a0 \u00a0 \u00a0 \u00a0 \u00a0 \u00a0 \u00a0 \u00a0 \u00a0 \u2728Escola STEAM\u00a0 La nostra escola \u00e9s oberta, global i participativa. Considerem m\u00e9s aviat que \u00e9s un centre educatiu perqu\u00e8 inclou ensenyants i ensenyats d&#8217;edats molt diverses, de tipologies d&#8217;estudi diferent, amb m\u00faltiples interessos i amb abund\u00e0ncia de [&hellip;]<\/p>\n","protected":false},"author":1,"featured_media":0,"parent":22,"menu_order":0,"comment_status":"closed","ping_status":"closed","template":"page-templates\/side-menu.php","meta":{"_bbp_topic_count":0,"_bbp_reply_count":0,"_bbp_total_topic_count":0,"_bbp_total_reply_count":0,"_bbp_voice_count":0,"_bbp_anonymous_reply_count":0,"_bbp_topic_count_hidden":0,"_bbp_reply_count_hidden":0,"_bbp_forum_subforum_count":0,"site-sidebar-layout":"default","site-content-layout":"","ast-site-content-layout":"","site-content-style":"default","site-sidebar-style":"default","ast-global-header-display":"","ast-banner-title-visibility":"","ast-main-header-display":"","ast-hfb-above-header-display":"","ast-hfb-below-header-display":"","ast-hfb-mobile-header-display":"","site-post-title":"","ast-breadcrumbs-content":"","ast-featured-img":"","footer-sml-layout":"","theme-transparent-header-meta":"","adv-header-id-meta":"","stick-header-meta":"","header-above-stick-meta":"","header-main-stick-meta":"","header-below-stick-meta":"","astra-migrate-meta-layouts":"default","ast-page-background-enabled":"default","ast-page-background-meta":{"desktop":{"background-color":"var(--ast-global-color-4)","background-image":"","background-repeat":"repeat","background-position":"center center","background-size":"auto","background-attachment":"scroll","background-type":"","background-media":"","overlay-type":"","overlay-color":"","overlay-opacity":"","overlay-gradient":""},"tablet":{"background-color":"","background-image":"","background-repeat":"repeat","background-position":"center center","background-size":"auto","background-attachment":"scroll","background-type":"","background-media":"","overlay-type":"","overlay-color":"","overlay-opacity":"","overlay-gradient":""},"mobile":{"background-color":"","background-image":"","background-repeat":"repeat","background-position":"center center","background-size":"auto","background-attachment":"scroll","background-type":"","background-media":"","overlay-type":"","overlay-color":"","overlay-opacity":"","overlay-gradient":""}},"ast-content-background-meta":{"desktop":{"background-color":"var(--ast-global-color-5)","background-image":"","background-repeat":"repeat","background-position":"center center","background-size":"auto","background-attachment":"scroll","background-type":"","background-media":"","overlay-type":"","overlay-color":"","overlay-opacity":"","overlay-gradient":""},"tablet":{"background-color":"var(--ast-global-color-5)","background-image":"","background-repeat":"repeat","background-position":"center center","background-size":"auto","background-attachment":"scroll","background-type":"","background-media":"","overlay-type":"","overlay-color":"","overlay-opacity":"","overlay-gradient":""},"mobile":{"background-color":"var(--ast-global-color-5)","background-image":"","background-repeat":"repeat","background-position":"center center","background-size":"auto","background-attachment":"scroll","background-type":"","background-media":"","overlay-type":"","overlay-color":"","overlay-opacity":"","overlay-gradient":""}},"footnotes":""},"class_list":["post-34","page","type-page","status-publish","hentry"],"post_mailing_queue_ids":[],"_links":{"self":[{"href":"https:\/\/agora.xtec.cat\/esc-joancasas\/wp-json\/wp\/v2\/pages\/34","targetHints":{"allow":["GET"]}}],"collection":[{"href":"https:\/\/agora.xtec.cat\/esc-joancasas\/wp-json\/wp\/v2\/pages"}],"about":[{"href":"https:\/\/agora.xtec.cat\/esc-joancasas\/wp-json\/wp\/v2\/types\/page"}],"author":[{"embeddable":true,"href":"https:\/\/agora.xtec.cat\/esc-joancasas\/wp-json\/wp\/v2\/users\/1"}],"replies":[{"embeddable":true,"href":"https:\/\/agora.xtec.cat\/esc-joancasas\/wp-json\/wp\/v2\/comments?post=34"}],"version-history":[{"count":5,"href":"https:\/\/agora.xtec.cat\/esc-joancasas\/wp-json\/wp\/v2\/pages\/34\/revisions"}],"predecessor-version":[{"id":13001,"href":"https:\/\/agora.xtec.cat\/esc-joancasas\/wp-json\/wp\/v2\/pages\/34\/revisions\/13001"}],"up":[{"embeddable":true,"href":"https:\/\/agora.xtec.cat\/esc-joancasas\/wp-json\/wp\/v2\/pages\/22"}],"wp:attachment":[{"href":"https:\/\/agora.xtec.cat\/esc-joancasas\/wp-json\/wp\/v2\/media?parent=34"}],"curies":[{"name":"wp","href":"https:\/\/api.w.org\/{rel}","templated":true}]}}