{"id":22,"date":"2014-09-18T12:19:57","date_gmt":"2014-09-18T11:19:57","guid":{"rendered":"http:\/\/agora.xtec.cat\/esc-joancasas\/?page_id=22"},"modified":"2025-03-17T11:01:10","modified_gmt":"2025-03-17T10:01:10","slug":"lescola","status":"publish","type":"page","link":"https:\/\/agora.xtec.cat\/esc-joancasas\/lescola\/","title":{"rendered":"L&#8217;escola, centre educatiu de refer\u00e8ncia."},"content":{"rendered":"<p><strong>M\u00e9s de 85 anys d&#8217;hist\u00f2ria educativa a Sant Antoni de Vilamajor.<\/strong><\/p>\n<p>L\u2019escola Joan Casas \u00e9s una escola p\u00fablica que dep\u00e8n de la Generalitat de Catalunya el Departament d&#8217;Educaci\u00f3 i Formaci\u00f3 Professional. \u00c9s l\u2019escola referent de Sant Antoni de Vilamajor, aprop de 400 alumnes repartits en dues l\u00ednies educatives. Es troba situada al carrer Ramon Berenguer IV, n\u00ba21. Una zona del <strong>poble envoltada d&#8217;espais verds,<\/strong> de la riera i del pavell\u00f3 d&#8217;esports Joan Sap\u00e9.<\/p>\n<p>&nbsp;<\/p>\n<p><a href=\"https:\/\/agora.xtec.cat\/esc-joancasas\/wp-content\/uploads\/usu1722\/2022\/02\/edifici1.png\"><img loading=\"lazy\" decoding=\"async\" class=\"alignnone size-full wp-image-14247\" src=\"https:\/\/agora.xtec.cat\/esc-joancasas\/wp-content\/uploads\/usu1722\/2022\/02\/edifici1.png\" alt=\"\" width=\"1144\" height=\"508\" srcset=\"https:\/\/agora.xtec.cat\/esc-joancasas\/wp-content\/uploads\/usu1722\/2022\/02\/edifici1.png 1144w, https:\/\/agora.xtec.cat\/esc-joancasas\/wp-content\/uploads\/usu1722\/2022\/02\/edifici1-300x133.png 300w, https:\/\/agora.xtec.cat\/esc-joancasas\/wp-content\/uploads\/usu1722\/2022\/02\/edifici1-1024x455.png 1024w, https:\/\/agora.xtec.cat\/esc-joancasas\/wp-content\/uploads\/usu1722\/2022\/02\/edifici1-768x341.png 768w\" sizes=\"auto, (max-width: 1144px) 100vw, 1144px\" \/><\/a>Apostem pel tracte personal, per l&#8217;acompanyament en el proc\u00e9s d&#8217;aprenentatge, l&#8217;apropament als interessos de l&#8217;alumnat i a l&#8217;atenci\u00f3 individualitzada, per aix\u00f2 comptem amb <strong>mecanismes interns que garanteixen la cohesi\u00f3 social i la pertinen\u00e7a al grup, coordinem els equips docents per afavorir la formaci\u00f3 compartida i el treball en xarxa. Optimitzem els espais i els fem dignes d&#8217;all\u00f2 que anem a fer i valorem per sobre de tot els recursos humans que disposem<\/strong>.<\/p>\n<p>El nostre objectiu principal \u00e9s el d\u2019oferir una educaci\u00f3 integral que ajudi als infants a esdevenir persones aut\u00f2nomes, cr\u00edtiques i compromeses, que puguin<strong> participar de forma activa en el seu entorn i en la societat en general<\/strong>.<\/p>\n<p><a href=\"https:\/\/agora.xtec.cat\/esc-joancasas\/wp-content\/uploads\/usu1722\/2022\/02\/pati1.png\"><img loading=\"lazy\" decoding=\"async\" class=\"alignnone size-full wp-image-14248\" src=\"https:\/\/agora.xtec.cat\/esc-joancasas\/wp-content\/uploads\/usu1722\/2022\/02\/pati1.png\" alt=\"\" width=\"1153\" height=\"517\" srcset=\"https:\/\/agora.xtec.cat\/esc-joancasas\/wp-content\/uploads\/usu1722\/2022\/02\/pati1.png 1153w, https:\/\/agora.xtec.cat\/esc-joancasas\/wp-content\/uploads\/usu1722\/2022\/02\/pati1-300x135.png 300w, https:\/\/agora.xtec.cat\/esc-joancasas\/wp-content\/uploads\/usu1722\/2022\/02\/pati1-1024x459.png 1024w, https:\/\/agora.xtec.cat\/esc-joancasas\/wp-content\/uploads\/usu1722\/2022\/02\/pati1-768x344.png 768w\" sizes=\"auto, (max-width: 1153px) 100vw, 1153px\" \/><\/a> <a href=\"https:\/\/agora.xtec.cat\/esc-joancasas\/wp-content\/uploads\/usu1722\/2022\/02\/pati3.png\"><img loading=\"lazy\" decoding=\"async\" class=\"alignnone size-full wp-image-14250\" src=\"https:\/\/agora.xtec.cat\/esc-joancasas\/wp-content\/uploads\/usu1722\/2022\/02\/pati3.png\" alt=\"\" width=\"1153\" height=\"544\" srcset=\"https:\/\/agora.xtec.cat\/esc-joancasas\/wp-content\/uploads\/usu1722\/2022\/02\/pati3.png 1153w, https:\/\/agora.xtec.cat\/esc-joancasas\/wp-content\/uploads\/usu1722\/2022\/02\/pati3-300x142.png 300w, https:\/\/agora.xtec.cat\/esc-joancasas\/wp-content\/uploads\/usu1722\/2022\/02\/pati3-1024x483.png 1024w, https:\/\/agora.xtec.cat\/esc-joancasas\/wp-content\/uploads\/usu1722\/2022\/02\/pati3-768x362.png 768w\" sizes=\"auto, (max-width: 1153px) 100vw, 1153px\" \/><\/a> <a href=\"https:\/\/agora.xtec.cat\/esc-joancasas\/wp-content\/uploads\/usu1722\/2022\/02\/pati5.png\"><img loading=\"lazy\" decoding=\"async\" class=\"alignnone size-full wp-image-14252\" src=\"https:\/\/agora.xtec.cat\/esc-joancasas\/wp-content\/uploads\/usu1722\/2022\/02\/pati5.png\" alt=\"\" width=\"1147\" height=\"595\" srcset=\"https:\/\/agora.xtec.cat\/esc-joancasas\/wp-content\/uploads\/usu1722\/2022\/02\/pati5.png 1147w, https:\/\/agora.xtec.cat\/esc-joancasas\/wp-content\/uploads\/usu1722\/2022\/02\/pati5-300x156.png 300w, https:\/\/agora.xtec.cat\/esc-joancasas\/wp-content\/uploads\/usu1722\/2022\/02\/pati5-1024x531.png 1024w, https:\/\/agora.xtec.cat\/esc-joancasas\/wp-content\/uploads\/usu1722\/2022\/02\/pati5-768x398.png 768w\" sizes=\"auto, (max-width: 1147px) 100vw, 1147px\" \/><\/a> <a href=\"https:\/\/agora.xtec.cat\/esc-joancasas\/wp-content\/uploads\/usu1722\/2022\/02\/pati6.png\"><img loading=\"lazy\" decoding=\"async\" class=\"alignnone size-full wp-image-14253\" src=\"https:\/\/agora.xtec.cat\/esc-joancasas\/wp-content\/uploads\/usu1722\/2022\/02\/pati6.png\" alt=\"\" width=\"1156\" height=\"531\" srcset=\"https:\/\/agora.xtec.cat\/esc-joancasas\/wp-content\/uploads\/usu1722\/2022\/02\/pati6.png 1156w, https:\/\/agora.xtec.cat\/esc-joancasas\/wp-content\/uploads\/usu1722\/2022\/02\/pati6-300x138.png 300w, https:\/\/agora.xtec.cat\/esc-joancasas\/wp-content\/uploads\/usu1722\/2022\/02\/pati6-1024x470.png 1024w, https:\/\/agora.xtec.cat\/esc-joancasas\/wp-content\/uploads\/usu1722\/2022\/02\/pati6-768x353.png 768w\" sizes=\"auto, (max-width: 1156px) 100vw, 1156px\" \/><\/a><\/p>\n<p>&nbsp;<\/p>\n","protected":false},"excerpt":{"rendered":"<p>M\u00e9s de 85 anys d&#8217;hist\u00f2ria educativa a Sant Antoni de Vilamajor. L\u2019escola Joan Casas \u00e9s una escola p\u00fablica que dep\u00e8n de la Generalitat de Catalunya el Departament d&#8217;Educaci\u00f3 i Formaci\u00f3 Professional. \u00c9s l\u2019escola referent de Sant Antoni de Vilamajor, aprop de 400 alumnes repartits en dues l\u00ednies educatives. Es troba situada al carrer Ramon Berenguer [&hellip;]<\/p>\n","protected":false},"author":1,"featured_media":0,"parent":0,"menu_order":0,"comment_status":"closed","ping_status":"closed","template":"page-templates\/side-menu.php","meta":{"_bbp_topic_count":0,"_bbp_reply_count":0,"_bbp_total_topic_count":0,"_bbp_total_reply_count":0,"_bbp_voice_count":0,"_bbp_anonymous_reply_count":0,"_bbp_topic_count_hidden":0,"_bbp_reply_count_hidden":0,"_bbp_forum_subforum_count":0,"site-sidebar-layout":"default","site-content-layout":"","ast-site-content-layout":"","site-content-style":"default","site-sidebar-style":"default","ast-global-header-display":"","ast-banner-title-visibility":"","ast-main-header-display":"","ast-hfb-above-header-display":"","ast-hfb-below-header-display":"","ast-hfb-mobile-header-display":"","site-post-title":"","ast-breadcrumbs-content":"","ast-featured-img":"","footer-sml-layout":"","theme-transparent-header-meta":"","adv-header-id-meta":"","stick-header-meta":"","header-above-stick-meta":"","header-main-stick-meta":"","header-below-stick-meta":"","astra-migrate-meta-layouts":"default","ast-page-background-enabled":"default","ast-page-background-meta":{"desktop":{"background-color":"var(--ast-global-color-4)","background-image":"","background-repeat":"repeat","background-position":"center center","background-size":"auto","background-attachment":"scroll","background-type":"","background-media":"","overlay-type":"","overlay-color":"","overlay-opacity":"","overlay-gradient":""},"tablet":{"background-color":"","background-image":"","background-repeat":"repeat","background-position":"center center","background-size":"auto","background-attachment":"scroll","background-type":"","background-media":"","overlay-type":"","overlay-color":"","overlay-opacity":"","overlay-gradient":""},"mobile":{"background-color":"","background-image":"","background-repeat":"repeat","background-position":"center center","background-size":"auto","background-attachment":"scroll","background-type":"","background-media":"","overlay-type":"","overlay-color":"","overlay-opacity":"","overlay-gradient":""}},"ast-content-background-meta":{"desktop":{"background-color":"var(--ast-global-color-5)","background-image":"","background-repeat":"repeat","background-position":"center center","background-size":"auto","background-attachment":"scroll","background-type":"","background-media":"","overlay-type":"","overlay-color":"","overlay-opacity":"","overlay-gradient":""},"tablet":{"background-color":"var(--ast-global-color-5)","background-image":"","background-repeat":"repeat","background-position":"center center","background-size":"auto","background-attachment":"scroll","background-type":"","background-media":"","overlay-type":"","overlay-color":"","overlay-opacity":"","overlay-gradient":""},"mobile":{"background-color":"var(--ast-global-color-5)","background-image":"","background-repeat":"repeat","background-position":"center center","background-size":"auto","background-attachment":"scroll","background-type":"","background-media":"","overlay-type":"","overlay-color":"","overlay-opacity":"","overlay-gradient":""}},"footnotes":""},"class_list":["post-22","page","type-page","status-publish","hentry"],"post_mailing_queue_ids":[],"_links":{"self":[{"href":"https:\/\/agora.xtec.cat\/esc-joancasas\/wp-json\/wp\/v2\/pages\/22","targetHints":{"allow":["GET"]}}],"collection":[{"href":"https:\/\/agora.xtec.cat\/esc-joancasas\/wp-json\/wp\/v2\/pages"}],"about":[{"href":"https:\/\/agora.xtec.cat\/esc-joancasas\/wp-json\/wp\/v2\/types\/page"}],"author":[{"embeddable":true,"href":"https:\/\/agora.xtec.cat\/esc-joancasas\/wp-json\/wp\/v2\/users\/1"}],"replies":[{"embeddable":true,"href":"https:\/\/agora.xtec.cat\/esc-joancasas\/wp-json\/wp\/v2\/comments?post=22"}],"version-history":[{"count":5,"href":"https:\/\/agora.xtec.cat\/esc-joancasas\/wp-json\/wp\/v2\/pages\/22\/revisions"}],"predecessor-version":[{"id":14977,"href":"https:\/\/agora.xtec.cat\/esc-joancasas\/wp-json\/wp\/v2\/pages\/22\/revisions\/14977"}],"wp:attachment":[{"href":"https:\/\/agora.xtec.cat\/esc-joancasas\/wp-json\/wp\/v2\/media?parent=22"}],"curies":[{"name":"wp","href":"https:\/\/api.w.org\/{rel}","templated":true}]}}

L&#8217;escola, centre educatiu de referència.

<p><strong>Més de 85 anys d&#8217;història educativa a Sant Antoni de Vilamajor.</strong></p>
<p>L’escola Joan Casas és una escola pública que depèn de la Generalitat de Catalunya el Departament d&#8217;Educació i Formació Professional. És l’escola referent de Sant Antoni de Vilamajor, aprop de 400 alumnes repartits en dues línies educatives. Es troba situada al carrer Ramon Berenguer IV, nº21. Una zona del <strong>poble envoltada d&#8217;espais verds,</strong> de la riera i del pavelló d&#8217;esports Joan Sapé.</p>
<p>&nbsp;</p>
<p><a href="https://agora.xtec.cat/esc-joancasas/wp-content/uploads/usu1722/2022/02/edifici1.png"><img loading="lazy" decoding="async" class="alignnone size-full wp-image-14247" src="https://agora.xtec.cat/esc-joancasas/wp-content/uploads/usu1722/2022/02/edifici1.png" alt="" width="1144" height="508" srcset="https://agora.xtec.cat/esc-joancasas/wp-content/uploads/usu1722/2022/02/edifici1.png 1144w, https://agora.xtec.cat/esc-joancasas/wp-content/uploads/usu1722/2022/02/edifici1-300x133.png 300w, https://agora.xtec.cat/esc-joancasas/wp-content/uploads/usu1722/2022/02/edifici1-1024x455.png 1024w, https://agora.xtec.cat/esc-joancasas/wp-content/uploads/usu1722/2022/02/edifici1-768x341.png 768w" sizes="auto, (max-width: 1144px) 100vw, 1144px" /></a>Apostem pel tracte personal, per l&#8217;acompanyament en el procés d&#8217;aprenentatge, l&#8217;apropament als interessos de l&#8217;alumnat i a l&#8217;atenció individualitzada, per això comptem amb <strong>mecanismes interns que garanteixen la cohesió social i la pertinença al grup, coordinem els equips docents per afavorir la formació compartida i el treball en xarxa. Optimitzem els espais i els fem dignes d&#8217;allò que anem a fer i valorem per sobre de tot els recursos humans que disposem</strong>.</p>
<p>El nostre objectiu principal és el d’oferir una educació integral que ajudi als infants a esdevenir persones autònomes, crítiques i compromeses, que puguin<strong> participar de forma activa en el seu entorn i en la societat en general</strong>.</p>
<p><a href="https://agora.xtec.cat/esc-joancasas/wp-content/uploads/usu1722/2022/02/pati1.png"><img loading="lazy" decoding="async" class="alignnone size-full wp-image-14248" src="https://agora.xtec.cat/esc-joancasas/wp-content/uploads/usu1722/2022/02/pati1.png" alt="" width="1153" height="517" srcset="https://agora.xtec.cat/esc-joancasas/wp-content/uploads/usu1722/2022/02/pati1.png 1153w, https://agora.xtec.cat/esc-joancasas/wp-content/uploads/usu1722/2022/02/pati1-300x135.png 300w, https://agora.xtec.cat/esc-joancasas/wp-content/uploads/usu1722/2022/02/pati1-1024x459.png 1024w, https://agora.xtec.cat/esc-joancasas/wp-content/uploads/usu1722/2022/02/pati1-768x344.png 768w" sizes="auto, (max-width: 1153px) 100vw, 1153px" /></a> <a href="https://agora.xtec.cat/esc-joancasas/wp-content/uploads/usu1722/2022/02/pati3.png"><img loading="lazy" decoding="async" class="alignnone size-full wp-image-14250" src="https://agora.xtec.cat/esc-joancasas/wp-content/uploads/usu1722/2022/02/pati3.png" alt="" width="1153" height="544" srcset="https://agora.xtec.cat/esc-joancasas/wp-content/uploads/usu1722/2022/02/pati3.png 1153w, https://agora.xtec.cat/esc-joancasas/wp-content/uploads/usu1722/2022/02/pati3-300x142.png 300w, https://agora.xtec.cat/esc-joancasas/wp-content/uploads/usu1722/2022/02/pati3-1024x483.png 1024w, https://agora.xtec.cat/esc-joancasas/wp-content/uploads/usu1722/2022/02/pati3-768x362.png 768w" sizes="auto, (max-width: 1153px) 100vw, 1153px" /></a> <a href="https://agora.xtec.cat/esc-joancasas/wp-content/uploads/usu1722/2022/02/pati5.png"><img loading="lazy" decoding="async" class="alignnone size-full wp-image-14252" src="https://agora.xtec.cat/esc-joancasas/wp-content/uploads/usu1722/2022/02/pati5.png" alt="" width="1147" height="595" srcset="https://agora.xtec.cat/esc-joancasas/wp-content/uploads/usu1722/2022/02/pati5.png 1147w, https://agora.xtec.cat/esc-joancasas/wp-content/uploads/usu1722/2022/02/pati5-300x156.png 300w, https://agora.xtec.cat/esc-joancasas/wp-content/uploads/usu1722/2022/02/pati5-1024x531.png 1024w, https://agora.xtec.cat/esc-joancasas/wp-content/uploads/usu1722/2022/02/pati5-768x398.png 768w" sizes="auto, (max-width: 1147px) 100vw, 1147px" /></a> <a href="https://agora.xtec.cat/esc-joancasas/wp-content/uploads/usu1722/2022/02/pati6.png"><img loading="lazy" decoding="async" class="alignnone size-full wp-image-14253" src="https://agora.xtec.cat/esc-joancasas/wp-content/uploads/usu1722/2022/02/pati6.png" alt="" width="1156" height="531" srcset="https://agora.xtec.cat/esc-joancasas/wp-content/uploads/usu1722/2022/02/pati6.png 1156w, https://agora.xtec.cat/esc-joancasas/wp-content/uploads/usu1722/2022/02/pati6-300x138.png 300w, https://agora.xtec.cat/esc-joancasas/wp-content/uploads/usu1722/2022/02/pati6-1024x470.png 1024w, https://agora.xtec.cat/esc-joancasas/wp-content/uploads/usu1722/2022/02/pati6-768x353.png 768w" sizes="auto, (max-width: 1156px) 100vw, 1156px" /></a></p>
<p>&nbsp;</p>

<p>Més de 85 anys d&#8217;història educativa a Sant Antoni de Vilamajor. L’escola Joan Casas és una escola pública que depèn de la Generalitat de Catalunya el Departament d&#8217;Educació i Formació Professional. És l’escola referent de Sant Antoni de Vilamajor, aprop de 400 alumnes repartits en dues línies educatives. Es troba situada al carrer Ramon Berenguer [&hellip;]</p>
