{"id":10501,"date":"2018-12-16T13:12:30","date_gmt":"2018-12-16T12:12:30","guid":{"rendered":"http:\/\/agora.xtec.cat\/esc-joancasas\/?page_id=10501"},"modified":"2020-04-30T19:04:46","modified_gmt":"2020-04-30T17:04:46","slug":"pla-de-convivencia","status":"publish","type":"page","link":"https:\/\/agora.xtec.cat\/esc-joancasas\/projecte-educatiu\/pla-de-convivencia\/","title":{"rendered":"Pla de conviv\u00e8ncia"},"content":{"rendered":"<h4 style=\"text-align: center;\"><strong>PLA DE CONVIV\u00c8NCIA de l&#8217;ESCOLA JOAN CASAS<\/strong><\/h4>\n<hr \/>\n<p>Seguint les indicacions previstes per aquest mar\u00e7&#8217;20 on les escoles ten\u00edem calendaritzat presentar el Pla de Conviv\u00e8ncia, aqu\u00ed us deixem el document final elaborat pels membres de la comissi\u00f3, revisat i aprovat pels mestres del claustre en votaci\u00f3 telem\u00e0tica i amb el suport majoritari dels membres del Consell Escolar que tamb\u00e9 han emprat el sistema telem\u00e0tic de consulta.<\/p>\n<p>Comprovareu que \u00e9s un document que no nom\u00e9s estableix les l\u00ednies d&#8217;actuaci\u00f3 en relaci\u00f3 a la conviv\u00e8ncia al centre educatiu sin\u00f3 tamb\u00e9 reflecteix el marc de benvinguda i acollida aix\u00ed com les din\u00e0miques internes per tenir mirada igualit\u00e0ria en el tractament del g\u00e8nere. Com sabeu l&#8217;escola gaudeix d&#8217;un clima, caliu hum\u00e0 i atenci\u00f3 extraordin\u00e0ria, per aix\u00f2 hem considerat recollir l&#8217;organigrama intern que garanteix aquesta bona actuaci\u00f3 en mat\u00e8ria de conviv\u00e8ncia i la dona a con\u00e8ixer per guanyar transpar\u00e8ncia informativa.<\/p>\n<p>DOCUMENT:\u00a0<a href=\"https:\/\/agora.xtec.cat\/esc-joancasas\/wp-content\/uploads\/usu1722\/2020\/03\/PLA-DE-CONVIV\u00c8NCIA-ACOLLIDA-G\u00c8NERE-6.pdf\" target=\"_blank\" rel=\"noopener noreferrer\">PLA DE CONVIV\u00c8NCIA &#8211; ACOLLIDA &#8211; G\u00c8NERE<\/a><\/p>\n<p><strong>MARC LEGAL<\/strong><\/p>\n<p>La\u00a0<strong>Resoluci\u00f3 ENS\/585\/2017, de 17 de mar\u00e7<\/strong>, per la qual s&#8217;estableix l&#8217;elaboraci\u00f3 i la implementaci\u00f3 del projecte de conviv\u00e8ncia en els centres educatius en el marc del projecte educatiu de centre, determina que els centres educatius del servei d&#8217;educaci\u00f3 de Catalunya han de tenir implementat el projecte de conviv\u00e8ncia en el marc del seu projecte educatiu, en un termini m\u00e0xim de tres anys a partir de la data de publicaci\u00f3.<\/p>\n<p><strong>L&#8217;article 30.2 de la Llei 12\/2009, del 10 de juliol<\/strong>, d&#8217;educaci\u00f3, exposa que tots els membres de la comunitat escolar tenen el dret a conviure en un bon clima escolar i el deure de facilitar-lo amb la seva actitud i conducta en tot moment i en tots els \u00e0mbits de l&#8217;activitat del centre. En aquest sentit, <strong>la Llei org\u00e0nica 2\/2006, de 3 de maig,<\/strong> d&#8217;educaci\u00f3, estableix que tots els centres han d&#8217;elaborar un pla de conviv\u00e8ncia en el marc del seu projecte educatiu.<\/p>\n<p>Cursos anteriors&#8230;.<\/p>\n<p>El projecte de conviv\u00e8ncia de l&#8217;escola est\u00e0 en fase preliminar, i degut a que forma part del projecte educatiu de centre, recollir\u00e0 les mesures de promoci\u00f3 de la conviv\u00e8ncia, els mecanismes i les f\u00f3rmules per a la resoluci\u00f3 pac\u00edfica dels conflictes, especialment la mediaci\u00f3, aix\u00ed com els processos i les mesures d&#8217;intervenci\u00f3 educativa aplicables en cas d&#8217;incompliment de les normes d&#8217;organitzaci\u00f3 i funcionament del centre i d&#8217;acord amb la normativa vigent.<\/p>\n<p>Es realitzaran diferents estrat\u00e8gies per anar definint i recollint les aportacions dels membres de la comunitat educativa:<\/p>\n<ul>\n<li>Confecci\u00f3 grup de treball amb mestres formats en aquesta mat\u00e8ria.<\/li>\n<li>Din\u00e0miques de detecci\u00f3 de punts a definir.<\/li>\n<li>Punt de reflexi\u00f3 amb delegats d&#8217;aula<\/li>\n<li>Enquesta a alumnes de grup<\/li>\n<li>Confecci\u00f3 enquesta<\/li>\n<\/ul>\n<p>Aqu\u00ed us deixem el pla de treball que s&#8217;ha anant concretant pels membres de la comissi\u00f3 del pla a mida que ha anat avan\u00e7ant els cursos 2019 i\u00a0 2020.<\/p>\n<p>DOCUMENT: <a href=\"https:\/\/agora.xtec.cat\/esc-joancasas\/wp-content\/uploads\/usu1722\/2018\/12\/pladetreballPladeConvivencia.pdf\">pladetreballPladeConvivencia<\/a><\/p>\n","protected":false},"excerpt":{"rendered":"<p>PLA DE CONVIV\u00c8NCIA de l&#8217;ESCOLA JOAN CASAS Seguint les indicacions previstes per aquest mar\u00e7&#8217;20 on les escoles ten\u00edem calendaritzat presentar el Pla de Conviv\u00e8ncia, aqu\u00ed us deixem el document final elaborat pels membres de la comissi\u00f3, revisat i aprovat pels mestres del claustre en votaci\u00f3 telem\u00e0tica i amb el suport majoritari dels membres del Consell [&hellip;]<\/p>\n","protected":false},"author":1,"featured_media":0,"parent":64,"menu_order":0,"comment_status":"closed","ping_status":"closed","template":"page-templates\/side-menu.php","meta":{"_bbp_topic_count":0,"_bbp_reply_count":0,"_bbp_total_topic_count":0,"_bbp_total_reply_count":0,"_bbp_voice_count":0,"_bbp_anonymous_reply_count":0,"_bbp_topic_count_hidden":0,"_bbp_reply_count_hidden":0,"_bbp_forum_subforum_count":0,"site-sidebar-layout":"default","site-content-layout":"","ast-site-content-layout":"","site-content-style":"default","site-sidebar-style":"default","ast-global-header-display":"","ast-banner-title-visibility":"","ast-main-header-display":"","ast-hfb-above-header-display":"","ast-hfb-below-header-display":"","ast-hfb-mobile-header-display":"","site-post-title":"","ast-breadcrumbs-content":"","ast-featured-img":"","footer-sml-layout":"","theme-transparent-header-meta":"","adv-header-id-meta":"","stick-header-meta":"","header-above-stick-meta":"","header-main-stick-meta":"","header-below-stick-meta":"","astra-migrate-meta-layouts":"default","ast-page-background-enabled":"default","ast-page-background-meta":{"desktop":{"background-color":"var(--ast-global-color-4)","background-image":"","background-repeat":"repeat","background-position":"center center","background-size":"auto","background-attachment":"scroll","background-type":"","background-media":"","overlay-type":"","overlay-color":"","overlay-opacity":"","overlay-gradient":""},"tablet":{"background-color":"","background-image":"","background-repeat":"repeat","background-position":"center center","background-size":"auto","background-attachment":"scroll","background-type":"","background-media":"","overlay-type":"","overlay-color":"","overlay-opacity":"","overlay-gradient":""},"mobile":{"background-color":"","background-image":"","background-repeat":"repeat","background-position":"center center","background-size":"auto","background-attachment":"scroll","background-type":"","background-media":"","overlay-type":"","overlay-color":"","overlay-opacity":"","overlay-gradient":""}},"ast-content-background-meta":{"desktop":{"background-color":"var(--ast-global-color-5)","background-image":"","background-repeat":"repeat","background-position":"center center","background-size":"auto","background-attachment":"scroll","background-type":"","background-media":"","overlay-type":"","overlay-color":"","overlay-opacity":"","overlay-gradient":""},"tablet":{"background-color":"var(--ast-global-color-5)","background-image":"","background-repeat":"repeat","background-position":"center center","background-size":"auto","background-attachment":"scroll","background-type":"","background-media":"","overlay-type":"","overlay-color":"","overlay-opacity":"","overlay-gradient":""},"mobile":{"background-color":"var(--ast-global-color-5)","background-image":"","background-repeat":"repeat","background-position":"center center","background-size":"auto","background-attachment":"scroll","background-type":"","background-media":"","overlay-type":"","overlay-color":"","overlay-opacity":"","overlay-gradient":""}},"footnotes":""},"class_list":["post-10501","page","type-page","status-publish","hentry"],"post_mailing_queue_ids":[],"_links":{"self":[{"href":"https:\/\/agora.xtec.cat\/esc-joancasas\/wp-json\/wp\/v2\/pages\/10501","targetHints":{"allow":["GET"]}}],"collection":[{"href":"https:\/\/agora.xtec.cat\/esc-joancasas\/wp-json\/wp\/v2\/pages"}],"about":[{"href":"https:\/\/agora.xtec.cat\/esc-joancasas\/wp-json\/wp\/v2\/types\/page"}],"author":[{"embeddable":true,"href":"https:\/\/agora.xtec.cat\/esc-joancasas\/wp-json\/wp\/v2\/users\/1"}],"replies":[{"embeddable":true,"href":"https:\/\/agora.xtec.cat\/esc-joancasas\/wp-json\/wp\/v2\/comments?post=10501"}],"version-history":[{"count":4,"href":"https:\/\/agora.xtec.cat\/esc-joancasas\/wp-json\/wp\/v2\/pages\/10501\/revisions"}],"predecessor-version":[{"id":12992,"href":"https:\/\/agora.xtec.cat\/esc-joancasas\/wp-json\/wp\/v2\/pages\/10501\/revisions\/12992"}],"up":[{"embeddable":true,"href":"https:\/\/agora.xtec.cat\/esc-joancasas\/wp-json\/wp\/v2\/pages\/64"}],"wp:attachment":[{"href":"https:\/\/agora.xtec.cat\/esc-joancasas\/wp-json\/wp\/v2\/media?parent=10501"}],"curies":[{"name":"wp","href":"https:\/\/api.w.org\/{rel}","templated":true}]}}

Pla de convivència

<h4 style="text-align: center;"><strong>PLA DE CONVIVÈNCIA de l&#8217;ESCOLA JOAN CASAS</strong></h4>
<hr />
<p>Seguint les indicacions previstes per aquest març&#8217;20 on les escoles teníem calendaritzat presentar el Pla de Convivència, aquí us deixem el document final elaborat pels membres de la comissió, revisat i aprovat pels mestres del claustre en votació telemàtica i amb el suport majoritari dels membres del Consell Escolar que també han emprat el sistema telemàtic de consulta.</p>
<p>Comprovareu que és un document que no només estableix les línies d&#8217;actuació en relació a la convivència al centre educatiu sinó també reflecteix el marc de benvinguda i acollida així com les dinàmiques internes per tenir mirada igualitària en el tractament del gènere. Com sabeu l&#8217;escola gaudeix d&#8217;un clima, caliu humà i atenció extraordinària, per això hem considerat recollir l&#8217;organigrama intern que garanteix aquesta bona actuació en matèria de convivència i la dona a conèixer per guanyar transparència informativa.</p>
<p>DOCUMENT: <a href="https://agora.xtec.cat/esc-joancasas/wp-content/uploads/usu1722/2020/03/PLA-DE-CONVIVÈNCIA-ACOLLIDA-GÈNERE-6.pdf" target="_blank" rel="noopener noreferrer">PLA DE CONVIVÈNCIA &#8211; ACOLLIDA &#8211; GÈNERE</a></p>
<p><strong>MARC LEGAL</strong></p>
<p>La <strong>Resolució ENS/585/2017, de 17 de març</strong>, per la qual s&#8217;estableix l&#8217;elaboració i la implementació del projecte de convivència en els centres educatius en el marc del projecte educatiu de centre, determina que els centres educatius del servei d&#8217;educació de Catalunya han de tenir implementat el projecte de convivència en el marc del seu projecte educatiu, en un termini màxim de tres anys a partir de la data de publicació.</p>
<p><strong>L&#8217;article 30.2 de la Llei 12/2009, del 10 de juliol</strong>, d&#8217;educació, exposa que tots els membres de la comunitat escolar tenen el dret a conviure en un bon clima escolar i el deure de facilitar-lo amb la seva actitud i conducta en tot moment i en tots els àmbits de l&#8217;activitat del centre. En aquest sentit, <strong>la Llei orgànica 2/2006, de 3 de maig,</strong> d&#8217;educació, estableix que tots els centres han d&#8217;elaborar un pla de convivència en el marc del seu projecte educatiu.</p>
<p>Cursos anteriors&#8230;.</p>
<p>El projecte de convivència de l&#8217;escola està en fase preliminar, i degut a que forma part del projecte educatiu de centre, recollirà les mesures de promoció de la convivència, els mecanismes i les fórmules per a la resolució pacífica dels conflictes, especialment la mediació, així com els processos i les mesures d&#8217;intervenció educativa aplicables en cas d&#8217;incompliment de les normes d&#8217;organització i funcionament del centre i d&#8217;acord amb la normativa vigent.</p>
<p>Es realitzaran diferents estratègies per anar definint i recollint les aportacions dels membres de la comunitat educativa:</p>
<ul>
<li>Confecció grup de treball amb mestres formats en aquesta matèria.</li>
<li>Dinàmiques de detecció de punts a definir.</li>
<li>Punt de reflexió amb delegats d&#8217;aula</li>
<li>Enquesta a alumnes de grup</li>
<li>Confecció enquesta</li>
</ul>
<p>Aquí us deixem el pla de treball que s&#8217;ha anant concretant pels membres de la comissió del pla a mida que ha anat avançant els cursos 2019 i  2020.</p>
<p>DOCUMENT: <a href="https://agora.xtec.cat/esc-joancasas/wp-content/uploads/usu1722/2018/12/pladetreballPladeConvivencia.pdf">pladetreballPladeConvivencia</a></p>

<p>PLA DE CONVIVÈNCIA de l&#8217;ESCOLA JOAN CASAS Seguint les indicacions previstes per aquest març&#8217;20 on les escoles teníem calendaritzat presentar el Pla de Convivència, aquí us deixem el document final elaborat pels membres de la comissió, revisat i aprovat pels mestres del claustre en votació telemàtica i amb el suport majoritari dels membres del Consell [&hellip;]</p>
