{"id":888,"date":"2016-02-24T17:46:01","date_gmt":"2016-02-24T16:46:01","guid":{"rendered":"http:\/\/agora.xtec.cat\/esc-jmaragall\/?page_id=888"},"modified":"2025-06-01T14:37:01","modified_gmt":"2025-06-01T12:37:01","slug":"ampa","status":"publish","type":"page","link":"https:\/\/agora.xtec.cat\/esc-jmaragall\/afa\/ampa\/","title":{"rendered":"QUI SOM?"},"content":{"rendered":"<p><a href=\"https:\/\/agora.xtec.cat\/esc-jmaragall\/wp-content\/uploads\/usu782\/2021\/09\/nou-logo-AFA-joan-maragall-2021.jpeg\"><img loading=\"lazy\" decoding=\"async\" class=\"wp-image-7480 size-medium aligncenter\" src=\"https:\/\/agora.xtec.cat\/esc-jmaragall\/wp-content\/uploads\/usu782\/2021\/09\/nou-logo-AFA-joan-maragall-2021-300x300.jpeg\" alt=\"\" width=\"300\" height=\"300\" srcset=\"https:\/\/agora.xtec.cat\/esc-jmaragall\/wp-content\/uploads\/usu782\/2021\/09\/nou-logo-AFA-joan-maragall-2021-300x300.jpeg 300w, https:\/\/agora.xtec.cat\/esc-jmaragall\/wp-content\/uploads\/usu782\/2021\/09\/nou-logo-AFA-joan-maragall-2021-1024x1024.jpeg 1024w, https:\/\/agora.xtec.cat\/esc-jmaragall\/wp-content\/uploads\/usu782\/2021\/09\/nou-logo-AFA-joan-maragall-2021-150x150.jpeg 150w, https:\/\/agora.xtec.cat\/esc-jmaragall\/wp-content\/uploads\/usu782\/2021\/09\/nou-logo-AFA-joan-maragall-2021-768x768.jpeg 768w, https:\/\/agora.xtec.cat\/esc-jmaragall\/wp-content\/uploads\/usu782\/2021\/09\/nou-logo-AFA-joan-maragall-2021-1536x1536.jpeg 1536w, https:\/\/agora.xtec.cat\/esc-jmaragall\/wp-content\/uploads\/usu782\/2021\/09\/nou-logo-AFA-joan-maragall-2021-2048x2048.jpeg 2048w\" sizes=\"auto, (max-width: 300px) 100vw, 300px\" \/><\/a><\/p>\n<h3><strong>Qu\u00e8 \u00e9s l\u2019AFA&#8230; o QUI som?<\/strong><\/h3>\n<p>L\u2019AFA de l\u2019Escola Joan Maragall \u00e9s una <strong>entitat sense \u00e0nim de lucre<\/strong> que aplega les fam\u00edlies que volen co\u00b7laborar amb l\u2019escola d\u2019una manera m\u00e9s directa. <strong>Participa en<\/strong><strong> la<\/strong> <strong>millora de la qualitat educativa<\/strong>, en coordinaci\u00f3 amb la direcci\u00f3 del centre, i amb la implicaci\u00f3 oberta de pares i mares.<\/p>\n<h3><strong>Qu\u00e8 fem?<\/strong><\/h3>\n<p>S\u2019encarrega d\u2019organitzar <strong>activitats extraescolars<\/strong> i tamb\u00e9 col\u00b7labora amb l\u2019escola en <strong>diferents festes i actes<\/strong>, al llarg del curs: els esmorzars de Sant Jordi i de fi de curs, el Cros Joan Maragall, la festa de Carnestoltes, el Taller de contes, la Cantata de 4t&#8230; Tamb\u00e9 contribu\u00efm en la compra de material necessari per al centre (mobiliari per al pati i l\u2019escola, material inform\u00e0tic, microscopi&#8230;). Tamb\u00e9 hem ajudat a fer possible la <strong>socialitzaci\u00f3 dels llibres<\/strong>.<\/p>\n<h3><strong>Com ho fem?<\/strong><\/h3>\n<p>Totes les accions que realitzem s\u00f3n possibles gr\u00e0cies a les aportacions econ\u00f2miques de les fam\u00edlies que paguen <strong>la quota anual de 30 \u20ac per fam\u00edlia. <\/strong><\/p>\n<p><strong>Sense vosaltres no ho podem fer possible. <\/strong>ANIMEU-VOS A FORMAR PART DE L\u2019AMPA. Gr\u00e0cies per endavant!<\/p>\n<p><strong><u>PER FER-SE\u2019N SOCI nom\u00e9s cal pagar la quota de 30 \u20ac anual fent un ingr\u00e9s al Banc Sabadell:<\/u><\/strong><\/p>\n<ul>\n<li>Pagament per caixer autom\u00e0tic: amb el codi n\u00famero 130478<\/li>\n<li>Pagament per Internet. N\u00famero de compte: ES03 0081 1615 9500 0636 3047<\/li>\n<\/ul>\n<p><strong>Heu de posar al pagament els cognoms del nen. <\/strong><\/p>\n<p>Pots seguir-nos al nostre \u00a0<a href=\"http:\/\/agora.xtec.cat\/esc-jmaragall\/wp-content\/uploads\/usu782\/2016\/02\/images.jpg\"><img loading=\"lazy\" decoding=\"async\" class=\"wp-image-3994 alignnone\" src=\"http:\/\/agora.xtec.cat\/esc-jmaragall\/wp-content\/uploads\/usu782\/2016\/02\/images.jpg\" alt=\"\" width=\"44\" height=\"44\" srcset=\"https:\/\/agora.xtec.cat\/esc-jmaragall\/wp-content\/uploads\/usu782\/2016\/02\/images.jpg 175w, https:\/\/agora.xtec.cat\/esc-jmaragall\/wp-content\/uploads\/usu782\/2016\/02\/images-150x150.jpg 150w\" sizes=\"auto, (max-width: 44px) 100vw, 44px\" \/><\/a>\u00a0<a href=\"https:\/\/www.facebook.com\/AMPAJoanMaragallVilanovadelCami\/\">https:\/\/www.facebook.com\/AMPAJoanMaragallVilanovadelCami\/<\/a><\/p>\n<p>Tel\u00e8fon de contacte: <strong>722616176<\/strong><\/p>\n","protected":false},"excerpt":{"rendered":"<p>Qu\u00e8 \u00e9s l\u2019AFA&#8230; o QUI som? L\u2019AFA de l\u2019Escola Joan Maragall \u00e9s una entitat sense \u00e0nim de lucre que aplega les fam\u00edlies que volen co\u00b7laborar amb l\u2019escola d\u2019una manera m\u00e9s directa. Participa en la millora de la qualitat educativa, en coordinaci\u00f3 amb la direcci\u00f3 del centre, i amb la implicaci\u00f3 oberta de pares i mares. [&hellip;]<\/p>\n","protected":false},"author":1,"featured_media":0,"parent":8597,"menu_order":5,"comment_status":"closed","ping_status":"closed","template":"","meta":{"_bbp_topic_count":0,"_bbp_reply_count":0,"_bbp_total_topic_count":0,"_bbp_total_reply_count":0,"_bbp_voice_count":0,"_bbp_anonymous_reply_count":0,"_bbp_topic_count_hidden":0,"_bbp_reply_count_hidden":0,"_bbp_forum_subforum_count":0,"site-sidebar-layout":"default","site-content-layout":"","ast-site-content-layout":"default","site-content-style":"default","site-sidebar-style":"default","ast-global-header-display":"","ast-banner-title-visibility":"","ast-main-header-display":"","ast-hfb-above-header-display":"","ast-hfb-below-header-display":"","ast-hfb-mobile-header-display":"","site-post-title":"","ast-breadcrumbs-content":"","ast-featured-img":"","footer-sml-layout":"","theme-transparent-header-meta":"","adv-header-id-meta":"","stick-header-meta":"","header-above-stick-meta":"","header-main-stick-meta":"","header-below-stick-meta":"","astra-migrate-meta-layouts":"set","ast-page-background-enabled":"default","ast-page-background-meta":{"desktop":{"background-color":"var(--ast-global-color-4)","background-image":"","background-repeat":"repeat","background-position":"center center","background-size":"auto","background-attachment":"scroll","background-type":"","background-media":"","overlay-type":"","overlay-color":"","overlay-opacity":"","overlay-gradient":""},"tablet":{"background-color":"","background-image":"","background-repeat":"repeat","background-position":"center center","background-size":"auto","background-attachment":"scroll","background-type":"","background-media":"","overlay-type":"","overlay-color":"","overlay-opacity":"","overlay-gradient":""},"mobile":{"background-color":"","background-image":"","background-repeat":"repeat","background-position":"center center","background-size":"auto","background-attachment":"scroll","background-type":"","background-media":"","overlay-type":"","overlay-color":"","overlay-opacity":"","overlay-gradient":""}},"ast-content-background-meta":{"desktop":{"background-color":"var(--ast-global-color-5)","background-image":"","background-repeat":"repeat","background-position":"center center","background-size":"auto","background-attachment":"scroll","background-type":"","background-media":"","overlay-type":"","overlay-color":"","overlay-opacity":"","overlay-gradient":""},"tablet":{"background-color":"var(--ast-global-color-5)","background-image":"","background-repeat":"repeat","background-position":"center center","background-size":"auto","background-attachment":"scroll","background-type":"","background-media":"","overlay-type":"","overlay-color":"","overlay-opacity":"","overlay-gradient":""},"mobile":{"background-color":"var(--ast-global-color-5)","background-image":"","background-repeat":"repeat","background-position":"center center","background-size":"auto","background-attachment":"scroll","background-type":"","background-media":"","overlay-type":"","overlay-color":"","overlay-opacity":"","overlay-gradient":""}},"footnotes":""},"class_list":["post-888","page","type-page","status-publish","hentry"],"post_mailing_queue_ids":[],"_links":{"self":[{"href":"https:\/\/agora.xtec.cat\/esc-jmaragall\/wp-json\/wp\/v2\/pages\/888","targetHints":{"allow":["GET"]}}],"collection":[{"href":"https:\/\/agora.xtec.cat\/esc-jmaragall\/wp-json\/wp\/v2\/pages"}],"about":[{"href":"https:\/\/agora.xtec.cat\/esc-jmaragall\/wp-json\/wp\/v2\/types\/page"}],"author":[{"embeddable":true,"href":"https:\/\/agora.xtec.cat\/esc-jmaragall\/wp-json\/wp\/v2\/users\/1"}],"replies":[{"embeddable":true,"href":"https:\/\/agora.xtec.cat\/esc-jmaragall\/wp-json\/wp\/v2\/comments?post=888"}],"version-history":[{"count":6,"href":"https:\/\/agora.xtec.cat\/esc-jmaragall\/wp-json\/wp\/v2\/pages\/888\/revisions"}],"predecessor-version":[{"id":10150,"href":"https:\/\/agora.xtec.cat\/esc-jmaragall\/wp-json\/wp\/v2\/pages\/888\/revisions\/10150"}],"up":[{"embeddable":true,"href":"https:\/\/agora.xtec.cat\/esc-jmaragall\/wp-json\/wp\/v2\/pages\/8597"}],"wp:attachment":[{"href":"https:\/\/agora.xtec.cat\/esc-jmaragall\/wp-json\/wp\/v2\/media?parent=888"}],"curies":[{"name":"wp","href":"https:\/\/api.w.org\/{rel}","templated":true}]}}