{"id":4919,"date":"2022-05-12T13:16:59","date_gmt":"2022-05-12T11:16:59","guid":{"rendered":"https:\/\/agora.xtec.cat\/esc-jmaragall-sabadell\/?page_id=4919"},"modified":"2023-06-28T11:10:43","modified_gmt":"2023-06-28T09:10:43","slug":"estrategia-digital-de-centre","status":"publish","type":"page","link":"https:\/\/agora.xtec.cat\/esc-jmaragall-sabadell\/estrategia-digital-de-centre\/","title":{"rendered":"Estrat\u00e8gia Digital de Centre (En proc\u00e9s)"},"content":{"rendered":"<p>L&#8217;estrat\u00e8gia digital de centre (EDC) defineix i concreta les l\u00ednies d&#8217;actuaci\u00f3 d&#8217;un centre que fan possible que docents, alumnat i centre assoleixin la compet\u00e8ncia digital. Per aconseguir aquesta compet\u00e8ncia digital, l&#8217;EDC compr\u00e8n tots els \u00e0mbits del centre: organitzatius, metodol\u00f2gics, curriculars i comunicatius, els quals s&#8217;han de veure necess\u00e0riament implicats i, si escau, transformats, des d\u2019una perspectiva d&#8217;innovaci\u00f3 i de millora cont\u00ednua.<\/p>\n<p>Els objectius de l&#8217;EDC es poden agrupar en cinc \u00e0mbits, que tenen com a fita el m\u00e0xim assoliment de la compet\u00e8ncia digital de l\u2019alumnat, del professorat i del centre: <a href=\"https:\/\/agora.xtec.cat\/esc-jmaragall-sabadell\/wp-content\/uploads\/usu1082\/2022\/06\/EDC1.png\"><img loading=\"lazy\" decoding=\"async\" class=\"size-full wp-image-5001 alignright\" src=\"https:\/\/agora.xtec.cat\/esc-jmaragall-sabadell\/wp-content\/uploads\/usu1082\/2022\/06\/EDC1.png\" alt=\"\" width=\"428\" height=\"692\" srcset=\"https:\/\/agora.xtec.cat\/esc-jmaragall-sabadell\/wp-content\/uploads\/usu1082\/2022\/06\/EDC1.png 428w, https:\/\/agora.xtec.cat\/esc-jmaragall-sabadell\/wp-content\/uploads\/usu1082\/2022\/06\/EDC1-186x300.png 186w\" sizes=\"auto, (max-width: 428px) 100vw, 428px\" \/><\/a><\/p>\n<ul>\n<li style=\"list-style-type: none;\">\n<ul>\n<li>Assoliment de la compet\u00e8ncia digital<\/li>\n<li>Planificaci\u00f3 estrat\u00e8gica i organitzaci\u00f3<\/li>\n<li>Metodologies did\u00e0ctiques i innovaci\u00f3<\/li>\n<li>Inclusi\u00f3 digital i de g\u00e8nere<\/li>\n<li>Seguretat i protecci\u00f3 de dades<\/li>\n<\/ul>\n<\/li>\n<\/ul>\n<ul>\n<li><a href=\"https:\/\/agora.xtec.cat\/esc-jmaragall-sabadell\/estrategia-digital-de-centre\/estrategia-digital\/\">Estrat\u00e8gia<\/a><\/li>\n<\/ul>\n<ol>\n<li style=\"list-style-type: none;\">\n<ol>\n<li><a href=\"https:\/\/agora.xtec.cat\/esc-jmaragall-sabadell\/lescola\/estrategia-digital-de-centre\/diagnosi\/\">Diagnosi<\/a><\/li>\n<li><a href=\"https:\/\/agora.xtec.cat\/esc-jmaragall-sabadell\/lescola\/estrategia-digital-de-centre\/objectius\/\">Objectius<\/a><\/li>\n<li><a href=\"https:\/\/agora.xtec.cat\/esc-jmaragall-sabadell\/lescola\/estrategia-digital-de-centre\/planificacio\/\">Planificaci\u00f3<\/a><\/li>\n<li><a href=\"https:\/\/agora.xtec.cat\/esc-jmaragall-sabadell\/lescola\/estrategia-digital-de-centre\/avaluacio\/\">Avaluaci\u00f3<\/a><\/li>\n<\/ol>\n<\/li>\n<\/ol>\n<ul>\n<li><a href=\"https:\/\/agora.xtec.cat\/esc-jmaragall-sabadell\/lescola\/estrategia-digital-de-centre\/cultura-digital\/\">Cultura Digital del centre<\/a><\/li>\n<\/ul>\n<ol>\n<li style=\"list-style-type: none;\">\n<ol>\n<li>Desplegament curricular de la compet\u00e8ncia digital de l&#8217;alumnat<\/li>\n<li>Serveis digitals que s&#8217;ofereix a la comunitat educativa<\/li>\n<li>Acolliment digital dels alumnes, docents i fam\u00edlies de nova incorporaci\u00f3<\/li>\n<li>Comunicacions amb la comunitat educativa<\/li>\n<li>Acords o protocols de centre referents a l&#8217;EDC<\/li>\n<\/ol>\n<\/li>\n<\/ol>\n<p><a href=\"https:\/\/agora.xtec.cat\/esc-jmaragall-sabadell\/wp-content\/uploads\/usu1082\/2023\/06\/Logos_documents-scaled.jpg\"><img loading=\"lazy\" decoding=\"async\" class=\"alignnone size-medium wp-image-6303\" src=\"https:\/\/agora.xtec.cat\/esc-jmaragall-sabadell\/wp-content\/uploads\/usu1082\/2023\/06\/Logos_documents-300x40.jpg\" alt=\"\" width=\"300\" height=\"40\" srcset=\"https:\/\/agora.xtec.cat\/esc-jmaragall-sabadell\/wp-content\/uploads\/usu1082\/2023\/06\/Logos_documents-300x40.jpg 300w, https:\/\/agora.xtec.cat\/esc-jmaragall-sabadell\/wp-content\/uploads\/usu1082\/2023\/06\/Logos_documents-1024x137.jpg 1024w, https:\/\/agora.xtec.cat\/esc-jmaragall-sabadell\/wp-content\/uploads\/usu1082\/2023\/06\/Logos_documents-768x103.jpg 768w, https:\/\/agora.xtec.cat\/esc-jmaragall-sabadell\/wp-content\/uploads\/usu1082\/2023\/06\/Logos_documents-1536x205.jpg 1536w, https:\/\/agora.xtec.cat\/esc-jmaragall-sabadell\/wp-content\/uploads\/usu1082\/2023\/06\/Logos_documents-2048x273.jpg 2048w\" sizes=\"auto, (max-width: 300px) 100vw, 300px\" \/><\/a><\/p>\n","protected":false},"excerpt":{"rendered":"<p>L&#8217;estrat\u00e8gia digital de centre (EDC) defineix i concreta les l\u00ednies d&#8217;actuaci\u00f3 d&#8217;un centre que fan possible que docents, alumnat i centre assoleixin la compet\u00e8ncia digital. Per aconseguir aquesta compet\u00e8ncia digital, l&#8217;EDC compr\u00e8n tots els \u00e0mbits del centre: organitzatius, metodol\u00f2gics, curriculars i comunicatius, els quals s&#8217;han&hellip;  <a href=\"https:\/\/agora.xtec.cat\/esc-jmaragall-sabadell\/estrategia-digital-de-centre\/\" title=\"Read Estrat\u00e8gia Digital de Centre (En proc\u00e9s)\">Llegeix m\u00e9s\u00bb<\/a><\/p>\n","protected":false},"author":11,"featured_media":0,"parent":0,"menu_order":70,"comment_status":"closed","ping_status":"closed","template":"page-templates\/side-menu.php","meta":{"_bbp_topic_count":0,"_bbp_reply_count":0,"_bbp_total_topic_count":0,"_bbp_total_reply_count":0,"_bbp_voice_count":0,"_bbp_anonymous_reply_count":0,"_bbp_topic_count_hidden":0,"_bbp_reply_count_hidden":0,"_bbp_forum_subforum_count":0,"footnotes":""},"class_list":["post-4919","page","type-page","status-publish","hentry"],"post_mailing_queue_ids":[],"_links":{"self":[{"href":"https:\/\/agora.xtec.cat\/esc-jmaragall-sabadell\/wp-json\/wp\/v2\/pages\/4919","targetHints":{"allow":["GET"]}}],"collection":[{"href":"https:\/\/agora.xtec.cat\/esc-jmaragall-sabadell\/wp-json\/wp\/v2\/pages"}],"about":[{"href":"https:\/\/agora.xtec.cat\/esc-jmaragall-sabadell\/wp-json\/wp\/v2\/types\/page"}],"author":[{"embeddable":true,"href":"https:\/\/agora.xtec.cat\/esc-jmaragall-sabadell\/wp-json\/wp\/v2\/users\/11"}],"replies":[{"embeddable":true,"href":"https:\/\/agora.xtec.cat\/esc-jmaragall-sabadell\/wp-json\/wp\/v2\/comments?post=4919"}],"version-history":[{"count":3,"href":"https:\/\/agora.xtec.cat\/esc-jmaragall-sabadell\/wp-json\/wp\/v2\/pages\/4919\/revisions"}],"predecessor-version":[{"id":6304,"href":"https:\/\/agora.xtec.cat\/esc-jmaragall-sabadell\/wp-json\/wp\/v2\/pages\/4919\/revisions\/6304"}],"wp:attachment":[{"href":"https:\/\/agora.xtec.cat\/esc-jmaragall-sabadell\/wp-json\/wp\/v2\/media?parent=4919"}],"curies":[{"name":"wp","href":"https:\/\/api.w.org\/{rel}","templated":true}]}}

Estratègia Digital de Centre (En procés)

<p>L&#8217;estratègia digital de centre (EDC) defineix i concreta les línies d&#8217;actuació d&#8217;un centre que fan possible que docents, alumnat i centre assoleixin la competència digital. Per aconseguir aquesta competència digital, l&#8217;EDC comprèn tots els àmbits del centre: organitzatius, metodològics, curriculars i comunicatius, els quals s&#8217;han de veure necessàriament implicats i, si escau, transformats, des d’una perspectiva d&#8217;innovació i de millora contínua.</p>
<p>Els objectius de l&#8217;EDC es poden agrupar en cinc àmbits, que tenen com a fita el màxim assoliment de la competència digital de l’alumnat, del professorat i del centre: <a href="https://agora.xtec.cat/esc-jmaragall-sabadell/wp-content/uploads/usu1082/2022/06/EDC1.png"><img loading="lazy" decoding="async" class="size-full wp-image-5001 alignright" src="https://agora.xtec.cat/esc-jmaragall-sabadell/wp-content/uploads/usu1082/2022/06/EDC1.png" alt="" width="428" height="692" srcset="https://agora.xtec.cat/esc-jmaragall-sabadell/wp-content/uploads/usu1082/2022/06/EDC1.png 428w, https://agora.xtec.cat/esc-jmaragall-sabadell/wp-content/uploads/usu1082/2022/06/EDC1-186x300.png 186w" sizes="auto, (max-width: 428px) 100vw, 428px" /></a></p>
<ul>
<li style="list-style-type: none;">
<ul>
<li>Assoliment de la competència digital</li>
<li>Planificació estratègica i organització</li>
<li>Metodologies didàctiques i innovació</li>
<li>Inclusió digital i de gènere</li>
<li>Seguretat i protecció de dades</li>
</ul>
</li>
</ul>
<ul>
<li><a href="https://agora.xtec.cat/esc-jmaragall-sabadell/estrategia-digital-de-centre/estrategia-digital/">Estratègia</a></li>
</ul>
<ol>
<li style="list-style-type: none;">
<ol>
<li><a href="https://agora.xtec.cat/esc-jmaragall-sabadell/lescola/estrategia-digital-de-centre/diagnosi/">Diagnosi</a></li>
<li><a href="https://agora.xtec.cat/esc-jmaragall-sabadell/lescola/estrategia-digital-de-centre/objectius/">Objectius</a></li>
<li><a href="https://agora.xtec.cat/esc-jmaragall-sabadell/lescola/estrategia-digital-de-centre/planificacio/">Planificació</a></li>
<li><a href="https://agora.xtec.cat/esc-jmaragall-sabadell/lescola/estrategia-digital-de-centre/avaluacio/">Avaluació</a></li>
</ol>
</li>
</ol>
<ul>
<li><a href="https://agora.xtec.cat/esc-jmaragall-sabadell/lescola/estrategia-digital-de-centre/cultura-digital/">Cultura Digital del centre</a></li>
</ul>
<ol>
<li style="list-style-type: none;">
<ol>
<li>Desplegament curricular de la competència digital de l&#8217;alumnat</li>
<li>Serveis digitals que s&#8217;ofereix a la comunitat educativa</li>
<li>Acolliment digital dels alumnes, docents i famílies de nova incorporació</li>
<li>Comunicacions amb la comunitat educativa</li>
<li>Acords o protocols de centre referents a l&#8217;EDC</li>
</ol>
</li>
</ol>
<p><a href="https://agora.xtec.cat/esc-jmaragall-sabadell/wp-content/uploads/usu1082/2023/06/Logos_documents-scaled.jpg"><img loading="lazy" decoding="async" class="alignnone size-medium wp-image-6303" src="https://agora.xtec.cat/esc-jmaragall-sabadell/wp-content/uploads/usu1082/2023/06/Logos_documents-300x40.jpg" alt="" width="300" height="40" srcset="https://agora.xtec.cat/esc-jmaragall-sabadell/wp-content/uploads/usu1082/2023/06/Logos_documents-300x40.jpg 300w, https://agora.xtec.cat/esc-jmaragall-sabadell/wp-content/uploads/usu1082/2023/06/Logos_documents-1024x137.jpg 1024w, https://agora.xtec.cat/esc-jmaragall-sabadell/wp-content/uploads/usu1082/2023/06/Logos_documents-768x103.jpg 768w, https://agora.xtec.cat/esc-jmaragall-sabadell/wp-content/uploads/usu1082/2023/06/Logos_documents-1536x205.jpg 1536w, https://agora.xtec.cat/esc-jmaragall-sabadell/wp-content/uploads/usu1082/2023/06/Logos_documents-2048x273.jpg 2048w" sizes="auto, (max-width: 300px) 100vw, 300px" /></a></p>

<p>L&#8217;estratègia digital de centre (EDC) defineix i concreta les línies d&#8217;actuació d&#8217;un centre que fan possible que docents, alumnat i centre assoleixin la competència digital. Per aconseguir aquesta competència digital, l&#8217;EDC comprèn tots els àmbits del centre: organitzatius, metodològics, curriculars i comunicatius, els quals s&#8217;han&hellip;  <a href="https://agora.xtec.cat/esc-jmaragall-sabadell/estrategia-digital-de-centre/" title="Read Estratègia Digital de Centre (En procés)">Llegeix més»</a></p>
