{"id":32,"date":"2023-09-15T11:00:33","date_gmt":"2023-09-15T09:00:33","guid":{"rendered":"http:\/\/agora.xtec.cat\/esc-jmaragall-sabadell\/?page_id=32"},"modified":"2025-09-02T14:04:56","modified_gmt":"2025-09-02T12:04:56","slug":"calendari-del-curs","status":"publish","type":"page","link":"https:\/\/agora.xtec.cat\/esc-jmaragall-sabadell\/lescola\/calendari-del-curs\/","title":{"rendered":"Calendari del curs 25-26"},"content":{"rendered":"<p><iframe loading=\"lazy\" src=\"https:\/\/drive.google.com\/file\/d\/1pG2RoyoPR8pFXdBA9wvwOR2JimHSu4P1\/preview\" width=\"640\" height=\"480\"><\/iframe><\/p>\n<h4><strong>Inici de curs:<\/strong><\/h4>\n<p>9 de setembre de 2025<\/p>\n<h4><strong>Vacances:<\/strong><\/h4>\n<p>Del 22 de desembre de 2025 al 7 de gener de 2026\u00a0 (ambd\u00f3s inclosos)<\/p>\n<p>Del 30 de mar\u00e7 al 6 d&#8217;abril de 2026 (ambd\u00f3s inclosos)<\/p>\n<p>A partir del 22 de juny de 2026<\/p>\n<h4><strong>Dies festius i de lliure disposici\u00f3:<\/strong><\/h4>\n<p>8 i 11 de setembre de 2025<\/p>\n<p>1 i 3 de novembre de 2025<\/p>\n<p>6 i 8 de desembre de 2025<\/p>\n<p>13 i 16 de febrer de 2026<\/p>\n<p>30 d&#8217;abril de 2026<\/p>\n<p>1 i 11 de maig de 2026<\/p>\n<h4><strong>Jornada compactada:<\/strong><\/h4>\n<p>19 de desembre de 2025 i del 8 al 19 de juny de 2026 (ambd\u00f3s inclosos).<\/p>\n<h4><strong>Col\u00f2nies:<\/strong><\/h4>\n<ul>\n<li>28-29 de maig de 2026 1r-5\u00e8 prim\u00e0ria<\/li>\n<li>3-4-5 de juny 6\u00e8 de prim\u00e0ria<\/li>\n<\/ul>\n<p>L\u2019<b>horari lectiu<\/b> del centre <strong>a partir de setembre<\/strong> \u00e9s de 8.30 a 13 h i de 15 a 16.30 h per als alumnes de Prim\u00e0ria i de 9.30 a 13 h i de 15 a 16.30 h d&#8217;Educaci\u00f3 Infantil. Els dies de jornada compactada l&#8217;horari ser\u00e0 de 9 a 13h.<\/p>\n<p>Per als alumnes que inicien l\u2019escolaritzaci\u00f3 a I3 s\u2019organitza un breu per\u00edode d\u2019adaptaci\u00f3 que suposa una certa modificaci\u00f3 dels horaris de la primera setmana de classe i que es fa saber a les fam\u00edlies en les reunions pr\u00e8vies corresponents.<\/p>\n","protected":false},"excerpt":{"rendered":"<p>Inici de curs:<br \/>\n9 de setembre de 2025<br \/>\nVacances:<br \/>\nDel 22 de desembre de 2025 al 7 de gener de 2026\u00a0 (ambd\u00f3s inclosos)<br \/>\nDel 30 de mar\u00e7 al 6 d&#8217;abril de 2026 (ambd\u00f3s inclosos)<br \/>\nA partir del 22 de juny de 2026<br \/>\nDies festius i de lliure disposici\u00f3:<br \/>\n8 i 11 de&hellip;  <a href=\"https:\/\/agora.xtec.cat\/esc-jmaragall-sabadell\/lescola\/calendari-del-curs\/\" title=\"Read Calendari del curs 25-26\">Llegeix m\u00e9s\u00bb<\/a><\/p>\n","protected":false},"author":68,"featured_media":0,"parent":22,"menu_order":50,"comment_status":"closed","ping_status":"closed","template":"page-templates\/side-menu.php","meta":{"_bbp_topic_count":0,"_bbp_reply_count":0,"_bbp_total_topic_count":0,"_bbp_total_reply_count":0,"_bbp_voice_count":0,"_bbp_anonymous_reply_count":0,"_bbp_topic_count_hidden":0,"_bbp_reply_count_hidden":0,"_bbp_forum_subforum_count":0,"footnotes":""},"class_list":["post-32","page","type-page","status-publish","hentry"],"post_mailing_queue_ids":[],"_links":{"self":[{"href":"https:\/\/agora.xtec.cat\/esc-jmaragall-sabadell\/wp-json\/wp\/v2\/pages\/32","targetHints":{"allow":["GET"]}}],"collection":[{"href":"https:\/\/agora.xtec.cat\/esc-jmaragall-sabadell\/wp-json\/wp\/v2\/pages"}],"about":[{"href":"https:\/\/agora.xtec.cat\/esc-jmaragall-sabadell\/wp-json\/wp\/v2\/types\/page"}],"author":[{"embeddable":true,"href":"https:\/\/agora.xtec.cat\/esc-jmaragall-sabadell\/wp-json\/wp\/v2\/users\/68"}],"replies":[{"embeddable":true,"href":"https:\/\/agora.xtec.cat\/esc-jmaragall-sabadell\/wp-json\/wp\/v2\/comments?post=32"}],"version-history":[{"count":8,"href":"https:\/\/agora.xtec.cat\/esc-jmaragall-sabadell\/wp-json\/wp\/v2\/pages\/32\/revisions"}],"predecessor-version":[{"id":8515,"href":"https:\/\/agora.xtec.cat\/esc-jmaragall-sabadell\/wp-json\/wp\/v2\/pages\/32\/revisions\/8515"}],"up":[{"embeddable":true,"href":"https:\/\/agora.xtec.cat\/esc-jmaragall-sabadell\/wp-json\/wp\/v2\/pages\/22"}],"wp:attachment":[{"href":"https:\/\/agora.xtec.cat\/esc-jmaragall-sabadell\/wp-json\/wp\/v2\/media?parent=32"}],"curies":[{"name":"wp","href":"https:\/\/api.w.org\/{rel}","templated":true}]}}

<p><iframe loading="lazy" src="https://drive.google.com/file/d/1pG2RoyoPR8pFXdBA9wvwOR2JimHSu4P1/preview" width="640" height="480"></iframe></p>
<h4><strong>Inici de curs:</strong></h4>
<p>9 de setembre de 2025</p>
<h4><strong>Vacances:</strong></h4>
<p>Del 22 de desembre de 2025 al 7 de gener de 2026  (ambdós inclosos)</p>
<p>Del 30 de març al 6 d&#8217;abril de 2026 (ambdós inclosos)</p>
<p>A partir del 22 de juny de 2026</p>
<h4><strong>Dies festius i de lliure disposició:</strong></h4>
<p>8 i 11 de setembre de 2025</p>
<p>1 i 3 de novembre de 2025</p>
<p>6 i 8 de desembre de 2025</p>
<p>13 i 16 de febrer de 2026</p>
<p>30 d&#8217;abril de 2026</p>
<p>1 i 11 de maig de 2026</p>
<h4><strong>Jornada compactada:</strong></h4>
<p>19 de desembre de 2025 i del 8 al 19 de juny de 2026 (ambdós inclosos).</p>
<h4><strong>Colònies:</strong></h4>
<ul>
<li>28-29 de maig de 2026 1r-5è primària</li>
<li>3-4-5 de juny 6è de primària</li>
</ul>
<p>L’<b>horari lectiu</b> del centre <strong>a partir de setembre</strong> és de 8.30 a 13 h i de 15 a 16.30 h per als alumnes de Primària i de 9.30 a 13 h i de 15 a 16.30 h d&#8217;Educació Infantil. Els dies de jornada compactada l&#8217;horari serà de 9 a 13h.</p>
<p>Per als alumnes que inicien l’escolarització a I3 s’organitza un breu període d’adaptació que suposa una certa modificació dels horaris de la primera setmana de classe i que es fa saber a les famílies en les reunions prèvies corresponents.</p>

<p>Inici de curs:<br />
9 de setembre de 2025<br />
Vacances:<br />
Del 22 de desembre de 2025 al 7 de gener de 2026  (ambdós inclosos)<br />
Del 30 de març al 6 d&#8217;abril de 2026 (ambdós inclosos)<br />
A partir del 22 de juny de 2026<br />
Dies festius i de lliure disposició:<br />
8 i 11 de&hellip;  <a href="https://agora.xtec.cat/esc-jmaragall-sabadell/lescola/calendari-del-curs/" title="Read Calendari del curs 25-26">Llegeix més»</a></p>
