{"id":612,"date":"2020-08-29T11:43:26","date_gmt":"2020-08-29T09:43:26","guid":{"rendered":"https:\/\/agora.xtec.cat\/esc-jeronidemoragas\/?page_id=612"},"modified":"2020-08-29T11:43:26","modified_gmt":"2020-08-29T09:43:26","slug":"nofc","status":"publish","type":"page","link":"https:\/\/agora.xtec.cat\/esc-jeronidemoragas\/documents-de-centre\/nofc\/","title":{"rendered":"NOFC"},"content":{"rendered":"<p style=\"text-align: justify;\"><strong>Les normes d\u2019organitzaci\u00f3 i funcionament de centre<\/strong>\u00a0(NOFC) apleguen el conjunt d\u2019acords i decisions d\u2019organitzaci\u00f3 i de funcionament que adoptem per fer possible, en el dia a dia, el treball educatiu i de gesti\u00f3 que ens ha de permetre assolir els objectius proposats en el projecte educatiu del centre i en la programaci\u00f3 anual.<\/p>\n<p style=\"text-align: justify;\">S\u00f3n una eina per regular la vida interna de l\u2019escola i establir les relacions entre els diferents sectors de la comunitat educativa. Serveixen per garantir la conviv\u00e8ncia, considerant els drets i deures de tots els membres integrants i el bon funcionament del centre.<\/p>\n<p style=\"text-align: justify;\">El NOFC ha estat elaborat per l\u2019Equip Directiu amb l\u2019aportaci\u00f3 de criteris i propostes per part del claustre i amb el suport del Consell Escolar, d\u2019acord amb la normativa vigent.<\/p>\n<p style=\"text-align: justify;\">Aix\u00ed doncs, aquest document \u00e9s l\u2019instrument regulador de la vida interna del centre, que concreta els seg\u00fcents fonaments:<br \/>\n1- les relacions entre els diferents sectors que formen part de la comunitat educativa.<br \/>\n2- plasma normes i\/o pautes a seguir per tots\/es aquells\/es que participen en el proc\u00e9s educatiu dels alumnes del centre.<br \/>\n3- garanteix, al mateix temps, els drets i deures que la legislaci\u00f3 vigent preveu.<\/p>\n<p style=\"text-align: justify;\" align=\"justify\"><strong>Normativa reguladora<\/strong><\/p>\n<p style=\"text-align: justify;\" align=\"justify\"><sup>\u2013 Llei Org\u00e0nica 2\/2006, de 3 de maig, d\u2019Educaci\u00f3.<\/sup><\/p>\n<p style=\"text-align: justify;\"><sup>\u2013 Llei Org\u00e0nica 12\/2009, del 10 de juliol, d\u2019Educaci\u00f3.\u00a0<\/sup><\/p>\n","protected":false},"excerpt":{"rendered":"<p>Les normes d\u2019organitzaci\u00f3 i funcionament de centre\u00a0(NOFC) apleguen el conjunt d\u2019acords i decisions d\u2019organitzaci\u00f3 i de funcionament que adoptem per fer possible, en el dia a dia, el treball educatiu i de gesti\u00f3 que ens ha de permetre assolir els objectius proposats en el projecte&hellip;  <a href=\"https:\/\/agora.xtec.cat\/esc-jeronidemoragas\/documents-de-centre\/nofc\/\" title=\"Read NOFC\">Llegeix m\u00e9s\u00bb<\/a><\/p>\n","protected":false},"author":1,"featured_media":0,"parent":537,"menu_order":0,"comment_status":"closed","ping_status":"closed","template":"page-templates\/side-menu.php","meta":{"_bbp_topic_count":0,"_bbp_reply_count":0,"_bbp_total_topic_count":0,"_bbp_total_reply_count":0,"_bbp_voice_count":0,"_bbp_anonymous_reply_count":0,"_bbp_topic_count_hidden":0,"_bbp_reply_count_hidden":0,"_bbp_forum_subforum_count":0,"footnotes":""},"class_list":["post-612","page","type-page","status-publish","hentry"],"post_mailing_queue_ids":[],"_links":{"self":[{"href":"https:\/\/agora.xtec.cat\/esc-jeronidemoragas\/wp-json\/wp\/v2\/pages\/612","targetHints":{"allow":["GET"]}}],"collection":[{"href":"https:\/\/agora.xtec.cat\/esc-jeronidemoragas\/wp-json\/wp\/v2\/pages"}],"about":[{"href":"https:\/\/agora.xtec.cat\/esc-jeronidemoragas\/wp-json\/wp\/v2\/types\/page"}],"author":[{"embeddable":true,"href":"https:\/\/agora.xtec.cat\/esc-jeronidemoragas\/wp-json\/wp\/v2\/users\/1"}],"replies":[{"embeddable":true,"href":"https:\/\/agora.xtec.cat\/esc-jeronidemoragas\/wp-json\/wp\/v2\/comments?post=612"}],"version-history":[{"count":1,"href":"https:\/\/agora.xtec.cat\/esc-jeronidemoragas\/wp-json\/wp\/v2\/pages\/612\/revisions"}],"predecessor-version":[{"id":613,"href":"https:\/\/agora.xtec.cat\/esc-jeronidemoragas\/wp-json\/wp\/v2\/pages\/612\/revisions\/613"}],"up":[{"embeddable":true,"href":"https:\/\/agora.xtec.cat\/esc-jeronidemoragas\/wp-json\/wp\/v2\/pages\/537"}],"wp:attachment":[{"href":"https:\/\/agora.xtec.cat\/esc-jeronidemoragas\/wp-json\/wp\/v2\/media?parent=612"}],"curies":[{"name":"wp","href":"https:\/\/api.w.org\/{rel}","templated":true}]}}