{"id":589,"date":"2020-08-29T11:12:07","date_gmt":"2020-08-29T09:12:07","guid":{"rendered":"https:\/\/agora.xtec.cat\/esc-jeronidemoragas\/?page_id=589"},"modified":"2020-08-29T11:27:22","modified_gmt":"2020-08-29T09:27:22","slug":"fem-teatre","status":"publish","type":"page","link":"https:\/\/agora.xtec.cat\/esc-jeronidemoragas\/projecte-educatiu\/fem-teatre\/","title":{"rendered":"Fem teatre"},"content":{"rendered":"<p style=\"text-align: justify;\">\u00c9s una activitat que potencia les capacitats cognitives comunicatives, constitueix una part molt important en l\u2019educaci\u00f3 de l\u2019expressi\u00f3 corporal i oral. Els d\u00f3na eines per aprendre a expressar i comunicar els propis sentiments, autoavaluar-se, enriquir els seus mitjans d\u2019expressi\u00f3 i la seva espontane\u00eftat. Aprenen la import\u00e0ncia de treballar conjuntament i la valoren, reconeixen que en un equip tothom \u00e9s important i que es treballa per tirar endavant un projecte com\u00fa.<\/p>\n<p style=\"text-align: justify;\">En aquest projecte hi participen gaireb\u00e9 tots els alumnes del col\u00b7legi.<\/p>\n<p style=\"text-align: justify;\">Participen en la Mostra de Teatre Infantil i Juvenil dels centres escolars de la Ribera d\u2019Ebre.<\/p>\n","protected":false},"excerpt":{"rendered":"<p>\u00c9s una activitat que potencia les capacitats cognitives comunicatives, constitueix una part molt important en l\u2019educaci\u00f3 de l\u2019expressi\u00f3 corporal i oral. Els d\u00f3na eines per aprendre a expressar i comunicar els propis sentiments, autoavaluar-se, enriquir els seus mitjans d\u2019expressi\u00f3 i la seva espontane\u00eftat. Aprenen la&hellip;  <a href=\"https:\/\/agora.xtec.cat\/esc-jeronidemoragas\/projecte-educatiu\/fem-teatre\/\" title=\"Read Fem teatre\">Llegeix m\u00e9s\u00bb<\/a><\/p>\n","protected":false},"author":1,"featured_media":0,"parent":64,"menu_order":0,"comment_status":"closed","ping_status":"closed","template":"page-templates\/side-menu.php","meta":{"_bbp_topic_count":0,"_bbp_reply_count":0,"_bbp_total_topic_count":0,"_bbp_total_reply_count":0,"_bbp_voice_count":0,"_bbp_anonymous_reply_count":0,"_bbp_topic_count_hidden":0,"_bbp_reply_count_hidden":0,"_bbp_forum_subforum_count":0,"footnotes":""},"class_list":["post-589","page","type-page","status-publish","hentry"],"post_mailing_queue_ids":[],"_links":{"self":[{"href":"https:\/\/agora.xtec.cat\/esc-jeronidemoragas\/wp-json\/wp\/v2\/pages\/589","targetHints":{"allow":["GET"]}}],"collection":[{"href":"https:\/\/agora.xtec.cat\/esc-jeronidemoragas\/wp-json\/wp\/v2\/pages"}],"about":[{"href":"https:\/\/agora.xtec.cat\/esc-jeronidemoragas\/wp-json\/wp\/v2\/types\/page"}],"author":[{"embeddable":true,"href":"https:\/\/agora.xtec.cat\/esc-jeronidemoragas\/wp-json\/wp\/v2\/users\/1"}],"replies":[{"embeddable":true,"href":"https:\/\/agora.xtec.cat\/esc-jeronidemoragas\/wp-json\/wp\/v2\/comments?post=589"}],"version-history":[{"count":1,"href":"https:\/\/agora.xtec.cat\/esc-jeronidemoragas\/wp-json\/wp\/v2\/pages\/589\/revisions"}],"predecessor-version":[{"id":590,"href":"https:\/\/agora.xtec.cat\/esc-jeronidemoragas\/wp-json\/wp\/v2\/pages\/589\/revisions\/590"}],"up":[{"embeddable":true,"href":"https:\/\/agora.xtec.cat\/esc-jeronidemoragas\/wp-json\/wp\/v2\/pages\/64"}],"wp:attachment":[{"href":"https:\/\/agora.xtec.cat\/esc-jeronidemoragas\/wp-json\/wp\/v2\/media?parent=589"}],"curies":[{"name":"wp","href":"https:\/\/api.w.org\/{rel}","templated":true}]}}