{"id":585,"date":"2020-08-29T11:08:28","date_gmt":"2020-08-29T09:08:28","guid":{"rendered":"https:\/\/agora.xtec.cat\/esc-jeronidemoragas\/?page_id=585"},"modified":"2020-08-29T11:19:26","modified_gmt":"2020-08-29T09:19:26","slug":"un-jardi-ple-de-colors","status":"publish","type":"page","link":"https:\/\/agora.xtec.cat\/esc-jeronidemoragas\/projecte-educatiu\/un-jardi-ple-de-colors\/","title":{"rendered":"Un jard\u00ed ple de colors"},"content":{"rendered":"<p style=\"text-align: justify;\">L&#8217;alumnat treballa en els jardins de l\u2019escola, des de la compra de les llavors de les plantes,\u00a0 passant per plantar, regar, cuidar, trasplantar\u2026 fins a la venda de la planta. Aquest model d\u2019ensenyament els permet adquirir estrat\u00e8gies d\u2019aprenentatge: expressar el que saben, buscar informaci\u00f3, dialogar, observar, deduir, reflexionar&#8230; Aprenen a Aprendre. S\u2019apliquen i reforcen els coneixements adquirits de matem\u00e0tiques, llengua catalana i castellana, pl\u00e0stica, medi, compet\u00e8ncies digitals, socials i de motricitat fina per poder dura a terme les tasques espec\u00edfiques de jardineria.<\/p>\n<p style=\"text-align: justify;\">Hi participen tos els grups de l\u2019escola adaptant les tasques d\u2019acord amb les habilitats dels alumnes.<\/p>\n","protected":false},"excerpt":{"rendered":"<p>L&#8217;alumnat treballa en els jardins de l\u2019escola, des de la compra de les llavors de les plantes,\u00a0 passant per plantar, regar, cuidar, trasplantar\u2026 fins a la venda de la planta. Aquest model d\u2019ensenyament els permet adquirir estrat\u00e8gies d\u2019aprenentatge: expressar el que saben, buscar informaci\u00f3, dialogar,&hellip;  <a href=\"https:\/\/agora.xtec.cat\/esc-jeronidemoragas\/projecte-educatiu\/un-jardi-ple-de-colors\/\" title=\"Read Un jard\u00ed ple de colors\">Llegeix m\u00e9s\u00bb<\/a><\/p>\n","protected":false},"author":1,"featured_media":0,"parent":64,"menu_order":0,"comment_status":"closed","ping_status":"closed","template":"page-templates\/side-menu.php","meta":{"_bbp_topic_count":0,"_bbp_reply_count":0,"_bbp_total_topic_count":0,"_bbp_total_reply_count":0,"_bbp_voice_count":0,"_bbp_anonymous_reply_count":0,"_bbp_topic_count_hidden":0,"_bbp_reply_count_hidden":0,"_bbp_forum_subforum_count":0,"footnotes":""},"class_list":["post-585","page","type-page","status-publish","hentry"],"post_mailing_queue_ids":[],"_links":{"self":[{"href":"https:\/\/agora.xtec.cat\/esc-jeronidemoragas\/wp-json\/wp\/v2\/pages\/585","targetHints":{"allow":["GET"]}}],"collection":[{"href":"https:\/\/agora.xtec.cat\/esc-jeronidemoragas\/wp-json\/wp\/v2\/pages"}],"about":[{"href":"https:\/\/agora.xtec.cat\/esc-jeronidemoragas\/wp-json\/wp\/v2\/types\/page"}],"author":[{"embeddable":true,"href":"https:\/\/agora.xtec.cat\/esc-jeronidemoragas\/wp-json\/wp\/v2\/users\/1"}],"replies":[{"embeddable":true,"href":"https:\/\/agora.xtec.cat\/esc-jeronidemoragas\/wp-json\/wp\/v2\/comments?post=585"}],"version-history":[{"count":1,"href":"https:\/\/agora.xtec.cat\/esc-jeronidemoragas\/wp-json\/wp\/v2\/pages\/585\/revisions"}],"predecessor-version":[{"id":586,"href":"https:\/\/agora.xtec.cat\/esc-jeronidemoragas\/wp-json\/wp\/v2\/pages\/585\/revisions\/586"}],"up":[{"embeddable":true,"href":"https:\/\/agora.xtec.cat\/esc-jeronidemoragas\/wp-json\/wp\/v2\/pages\/64"}],"wp:attachment":[{"href":"https:\/\/agora.xtec.cat\/esc-jeronidemoragas\/wp-json\/wp\/v2\/media?parent=585"}],"curies":[{"name":"wp","href":"https:\/\/api.w.org\/{rel}","templated":true}]}}