{"id":533,"date":"2020-07-30T17:33:33","date_gmt":"2020-07-30T15:33:33","guid":{"rendered":"https:\/\/agora.xtec.cat\/esc-jeronidemoragas\/?page_id=533"},"modified":"2020-08-29T11:28:54","modified_gmt":"2020-08-29T09:28:54","slug":"associacio","status":"publish","type":"page","link":"https:\/\/agora.xtec.cat\/esc-jeronidemoragas\/associacio\/","title":{"rendered":"Ajem"},"content":{"rendered":"<p style=\"text-align: justify;\">El CEE Jeroni de Moragas forma part de l\u2019Associaci\u00f3 de Rehabilitaci\u00f3 Jeroni de Moragas (AJEM). Localitzat a la poblaci\u00f3 de M\u00f3ra d\u2019Ebre (Ribera d\u2019Ebre). Fou fundada fa trenta anys i d\u00f3na servei a les comarques de la Ribera d\u2019Ebre, Priorat, Terra Alta, Baix Camp i Baix Ebre.<\/p>\n<p style=\"text-align: justify;\">L\u2019escola forma part del complex de l\u2019Associaci\u00f3 compartint instal\u00b7lacions (oficines, menjador, gimn\u00e0s i pati)\u00a0 amb\u00a0 \u00a0el taller Ocupacional i el Centre Especial de Treball de l\u2019Associaci\u00f3. \u00c9s una escola en r\u00e8gim de concert amb el Departament d\u2019Ensenyament de la Generalitat de Catalunya.<\/p>\n<p style=\"text-align: justify;\"><a href=\"http:\/\/www.ajem.cat\/\">http:\/\/www.ajem.cat\/<\/a><\/p>\n","protected":false},"excerpt":{"rendered":"<p>El CEE Jeroni de Moragas forma part de l\u2019Associaci\u00f3 de Rehabilitaci\u00f3 Jeroni de Moragas (AJEM). Localitzat a la poblaci\u00f3 de M\u00f3ra d\u2019Ebre (Ribera d\u2019Ebre). Fou fundada fa trenta anys i d\u00f3na servei a les comarques de la Ribera d\u2019Ebre, Priorat, Terra Alta, Baix Camp i&hellip;  <a href=\"https:\/\/agora.xtec.cat\/esc-jeronidemoragas\/associacio\/\" title=\"Read Ajem\">Llegeix m\u00e9s\u00bb<\/a><\/p>\n","protected":false},"author":1,"featured_media":0,"parent":0,"menu_order":0,"comment_status":"closed","ping_status":"closed","template":"page-templates\/side-menu.php","meta":{"_bbp_topic_count":0,"_bbp_reply_count":0,"_bbp_total_topic_count":0,"_bbp_total_reply_count":0,"_bbp_voice_count":0,"_bbp_anonymous_reply_count":0,"_bbp_topic_count_hidden":0,"_bbp_reply_count_hidden":0,"_bbp_forum_subforum_count":0,"footnotes":""},"class_list":["post-533","page","type-page","status-publish","hentry"],"post_mailing_queue_ids":[],"_links":{"self":[{"href":"https:\/\/agora.xtec.cat\/esc-jeronidemoragas\/wp-json\/wp\/v2\/pages\/533","targetHints":{"allow":["GET"]}}],"collection":[{"href":"https:\/\/agora.xtec.cat\/esc-jeronidemoragas\/wp-json\/wp\/v2\/pages"}],"about":[{"href":"https:\/\/agora.xtec.cat\/esc-jeronidemoragas\/wp-json\/wp\/v2\/types\/page"}],"author":[{"embeddable":true,"href":"https:\/\/agora.xtec.cat\/esc-jeronidemoragas\/wp-json\/wp\/v2\/users\/1"}],"replies":[{"embeddable":true,"href":"https:\/\/agora.xtec.cat\/esc-jeronidemoragas\/wp-json\/wp\/v2\/comments?post=533"}],"version-history":[{"count":3,"href":"https:\/\/agora.xtec.cat\/esc-jeronidemoragas\/wp-json\/wp\/v2\/pages\/533\/revisions"}],"predecessor-version":[{"id":551,"href":"https:\/\/agora.xtec.cat\/esc-jeronidemoragas\/wp-json\/wp\/v2\/pages\/533\/revisions\/551"}],"wp:attachment":[{"href":"https:\/\/agora.xtec.cat\/esc-jeronidemoragas\/wp-json\/wp\/v2\/media?parent=533"}],"curies":[{"name":"wp","href":"https:\/\/api.w.org\/{rel}","templated":true}]}}