{"id":599,"date":"2018-07-18T10:29:17","date_gmt":"2018-07-18T08:29:17","guid":{"rendered":"http:\/\/agora.xtec.cat\/esc-itacabdn\/?page_id=599"},"modified":"2026-05-04T13:51:52","modified_gmt":"2026-05-04T11:51:52","slug":"equip-docent","status":"publish","type":"page","link":"https:\/\/agora.xtec.cat\/esc-itacabdn\/lescola\/equip-docent\/","title":{"rendered":"Equip docent"},"content":{"rendered":"<h3 data-blogger-escaped-style=\"background-color: white; border: 0px; color: #333333; font-family: Helvetica, sans-serif; font-size: 1.66666666666667em; font-weight: normal; line-height: 1.3em; margin: 0px 0px 15px; outline: 0px; padding: 0px; text-align: center; vertical-align: baseline;\"><img loading=\"lazy\" decoding=\"async\" class=\"aligncenter size-large wp-image-4607\" src=\"https:\/\/agora.xtec.cat\/esc-itacabdn\/wp-content\/uploads\/usu1884\/2023\/02\/BANNERS-WEBITACA-8-1024x256.png\" alt=\"\" width=\"1024\" height=\"256\" srcset=\"https:\/\/agora.xtec.cat\/esc-itacabdn\/wp-content\/uploads\/usu1884\/2023\/02\/BANNERS-WEBITACA-8-1024x256.png 1024w, https:\/\/agora.xtec.cat\/esc-itacabdn\/wp-content\/uploads\/usu1884\/2023\/02\/BANNERS-WEBITACA-8-300x75.png 300w, https:\/\/agora.xtec.cat\/esc-itacabdn\/wp-content\/uploads\/usu1884\/2023\/02\/BANNERS-WEBITACA-8-768x192.png 768w, https:\/\/agora.xtec.cat\/esc-itacabdn\/wp-content\/uploads\/usu1884\/2023\/02\/BANNERS-WEBITACA-8-1536x384.png 1536w, https:\/\/agora.xtec.cat\/esc-itacabdn\/wp-content\/uploads\/usu1884\/2023\/02\/BANNERS-WEBITACA-8.png 1920w\" sizes=\"auto, (max-width: 1024px) 100vw, 1024px\" \/><\/h3>\n<h3 style=\"text-align: center;\" data-blogger-escaped-style=\"background-color: white; border: 0px; color: #333333; font-family: Helvetica, sans-serif; font-size: 1.66666666666667em; font-weight: normal; line-height: 1.3em; margin: 0px 0px 15px; outline: 0px; padding: 0px; text-align: center; vertical-align: baseline;\"><b style=\"font-size: 1.4375em;\">CURS 2025-2026<\/b><\/h3>\n<h3 style=\"text-align: center;\" data-blogger-escaped-style=\"background-color: white; border: 0px; color: #333333; font-family: Helvetica, sans-serif; font-size: 1.66666666666667em; font-weight: normal; line-height: 1.3em; margin: 0px 0px 15px; outline: 0px; padding: 0px; text-align: center; vertical-align: baseline;\"><b style=\"font-size: 1.4375em;\">\u00a0<\/b><\/h3>\n<h5 style=\"text-align: left;\"><span style=\"color: #00ccff;\"><b>EQUIP DIRECTIU:<\/b><\/span><\/h5>\n<p style=\"text-align: left;\"><b>Directora<\/b><span style=\"font-weight: 400;\">:\u00a0 Alba Sabater<\/span><\/p>\n<p style=\"text-align: left;\"><b>Cap d\u2019Estudis<\/b><span style=\"font-weight: 400;\">: Elisabet Bonet\u00a0<\/span><\/p>\n<p style=\"text-align: left;\"><b>Secret\u00e0ria<\/b><span style=\"font-weight: 400;\">: Araceli Mart\u00ednez<\/span><\/p>\n<p><strong><span style=\"color: #00ccff;\">COMUNITAT DE PETITS<\/span><\/strong><\/p>\n<p style=\"text-align: left;\"><b>I3: <\/b>Lara Margel\u00ed<span style=\"font-weight: 400;\">\u00a0i T\u00e8cnica Especialista d&#8217;Educaci\u00f3 Infantil\u00a0 Maria Jos\u00e9 Gata<\/span><\/p>\n<p style=\"text-align: left;\"><b>I4: <\/b>Patricia Mac\u00edas<\/p>\n<p style=\"text-align: left;\"><b>I5: <\/b><span style=\"font-weight: 400;\">Noelia Fern\u00e1ndez<\/span><\/p>\n<p><strong><span style=\"color: #00ccff;\">COMUNITAT DE MITJANS<\/span><\/strong><\/p>\n<p style=\"text-align: left;\"><b>1r: <\/b><span style=\"font-weight: 400;\">Eva L\u00f3pez i Clara Gassol<\/span><\/p>\n<p style=\"text-align: left;\"><b>2n: <\/b><span style=\"font-weight: 400;\">Tania Fern\u00e1ndez i Mariona Izquierdo<\/span><\/p>\n<p style=\"text-align: left;\"><b>3r:<\/b><span style=\"font-weight: 400;\"> Victor Garc\u00eda i Jordi Dom\u00e8nech<\/span><\/p>\n<p><strong><span style=\"color: #00ccff;\">COMUNITAT DE GRANS<\/span><\/strong><\/p>\n<p style=\"text-align: left;\"><b>4t: <\/b>Juani Alacio i Luz Reneses<\/p>\n<p style=\"text-align: left;\"><b>5\u00e8: <\/b>Gema de Cubas i Eva Cruells<\/p>\n<p style=\"text-align: left;\"><b>6\u00e8:<\/b> N\u00faria Bigorra i Araceli Mart\u00ednez<\/p>\n<p><strong><span style=\"color: #00ccff;\">MESTRES ESPECIALISTES<\/span><\/strong><\/p>\n<p style=\"text-align: left;\"><b>Educaci\u00f3 Especial<\/b><span style=\"font-weight: 400;\"><strong>:<\/strong> Luz Reneses i Elisabet Bonet<\/span><\/p>\n<p style=\"text-align: left;\"><b>Educaci\u00f3 F\u00edsica<\/b><span style=\"font-weight: 400;\"><strong>:<\/strong> Maria Jes\u00fas Zambrano<\/span><\/p>\n<p style=\"text-align: left;\"><strong>Psicomotricitat:<\/strong> Carolina S\u00e1nchez<\/p>\n<p style=\"text-align: left;\"><b>Angl\u00e8s: <\/b><span style=\"font-weight: 400;\">Ana Fabre i Jordi Dom\u00e8nech<\/span><\/p>\n<p style=\"text-align: left;\"><b>M\u00fasica<\/b><span style=\"font-weight: 400;\"><strong>:<\/strong> N\u00faria Creixell<\/span><\/p>\n<p style=\"text-align: left;\"><b>Mestra d&#8217;Audici\u00f3 i Llenguatge (MALL) i Suport Intensiu a l\u2019Audici\u00f3 i Llenguatge (SIAL)<\/b><span style=\"font-weight: 400;\"><strong>:<\/strong> Mariona Izquierdo, Eva Cruells i Laura Garc\u00eda.<\/span><\/p>\n<p style=\"text-align: left;\"><b>T\u00e8cnica d\u2019Integraci\u00f3 Social (TIS): <\/b><span style=\"font-weight: 400;\">Laia Barba<\/span><\/p>\n<p style=\"text-align: left;\"><b>Administrativa:<\/b><span style=\"font-weight: 400;\"> Carmen Luna<\/span><\/p>\n<p style=\"text-align: left;\"><b>Oficial d\u2019Oficis de l\u2019Ajuntament:<\/b><span style=\"font-weight: 400;\"> Ricardo Palomo<\/span><\/p>\n<p style=\"text-align: left;\"><b>Vetlladora i coordinadora del menjador:<\/b><span style=\"font-weight: 400;\"> Cristina Pardo<\/span><\/p>\n<p><strong>Vetlladora:<\/strong> Lara Alonso<\/p>\n","protected":false},"excerpt":{"rendered":"<p>CURS 2025-2026 \u00a0 EQUIP DIRECTIU: Directora:\u00a0 Alba Sabater Cap d\u2019Estudis: Elisabet Bonet\u00a0 Secret\u00e0ria: Araceli Mart\u00ednez COMUNITAT DE PETITS I3: Lara Margel\u00ed\u00a0i T\u00e8cnica Especialista d&#8217;Educaci\u00f3 Infantil\u00a0 Maria Jos\u00e9 Gata I4: Patricia Mac\u00edas I5: Noelia Fern\u00e1ndez COMUNITAT DE MITJANS 1r: Eva L\u00f3pez i Clara Gassol 2n: Tania Fern\u00e1ndez i Mariona Izquierdo 3r: Victor Garc\u00eda i Jordi Dom\u00e8nech [&hellip;]<\/p>\n","protected":false},"author":1,"featured_media":0,"parent":22,"menu_order":50,"comment_status":"closed","ping_status":"closed","template":"","meta":{"_bbp_topic_count":0,"_bbp_reply_count":0,"_bbp_total_topic_count":0,"_bbp_total_reply_count":0,"_bbp_voice_count":0,"_bbp_anonymous_reply_count":0,"_bbp_topic_count_hidden":0,"_bbp_reply_count_hidden":0,"_bbp_forum_subforum_count":0,"site-sidebar-layout":"default","site-content-layout":"","ast-site-content-layout":"default","site-content-style":"default","site-sidebar-style":"default","ast-global-header-display":"","ast-banner-title-visibility":"","ast-main-header-display":"","ast-hfb-above-header-display":"","ast-hfb-below-header-display":"","ast-hfb-mobile-header-display":"","site-post-title":"","ast-breadcrumbs-content":"","ast-featured-img":"","footer-sml-layout":"","theme-transparent-header-meta":"","adv-header-id-meta":"","stick-header-meta":"","header-above-stick-meta":"","header-main-stick-meta":"","header-below-stick-meta":"","astra-migrate-meta-layouts":"set","ast-page-background-enabled":"default","ast-page-background-meta":{"desktop":{"background-color":"var(--ast-global-color-4)","background-image":"","background-repeat":"repeat","background-position":"center center","background-size":"auto","background-attachment":"scroll","background-type":"","background-media":"","overlay-type":"","overlay-color":"","overlay-opacity":"","overlay-gradient":""},"tablet":{"background-color":"","background-image":"","background-repeat":"repeat","background-position":"center center","background-size":"auto","background-attachment":"scroll","background-type":"","background-media":"","overlay-type":"","overlay-color":"","overlay-opacity":"","overlay-gradient":""},"mobile":{"background-color":"","background-image":"","background-repeat":"repeat","background-position":"center center","background-size":"auto","background-attachment":"scroll","background-type":"","background-media":"","overlay-type":"","overlay-color":"","overlay-opacity":"","overlay-gradient":""}},"ast-content-background-meta":{"desktop":{"background-color":"var(--ast-global-color-5)","background-image":"","background-repeat":"repeat","background-position":"center center","background-size":"auto","background-attachment":"scroll","background-type":"","background-media":"","overlay-type":"","overlay-color":"","overlay-opacity":"","overlay-gradient":""},"tablet":{"background-color":"var(--ast-global-color-5)","background-image":"","background-repeat":"repeat","background-position":"center center","background-size":"auto","background-attachment":"scroll","background-type":"","background-media":"","overlay-type":"","overlay-color":"","overlay-opacity":"","overlay-gradient":""},"mobile":{"background-color":"var(--ast-global-color-5)","background-image":"","background-repeat":"repeat","background-position":"center center","background-size":"auto","background-attachment":"scroll","background-type":"","background-media":"","overlay-type":"","overlay-color":"","overlay-opacity":"","overlay-gradient":""}},"footnotes":""},"class_list":["post-599","page","type-page","status-publish","hentry"],"post_mailing_queue_ids":[],"_links":{"self":[{"href":"https:\/\/agora.xtec.cat\/esc-itacabdn\/wp-json\/wp\/v2\/pages\/599","targetHints":{"allow":["GET"]}}],"collection":[{"href":"https:\/\/agora.xtec.cat\/esc-itacabdn\/wp-json\/wp\/v2\/pages"}],"about":[{"href":"https:\/\/agora.xtec.cat\/esc-itacabdn\/wp-json\/wp\/v2\/types\/page"}],"author":[{"embeddable":true,"href":"https:\/\/agora.xtec.cat\/esc-itacabdn\/wp-json\/wp\/v2\/users\/1"}],"replies":[{"embeddable":true,"href":"https:\/\/agora.xtec.cat\/esc-itacabdn\/wp-json\/wp\/v2\/comments?post=599"}],"version-history":[{"count":6,"href":"https:\/\/agora.xtec.cat\/esc-itacabdn\/wp-json\/wp\/v2\/pages\/599\/revisions"}],"predecessor-version":[{"id":6552,"href":"https:\/\/agora.xtec.cat\/esc-itacabdn\/wp-json\/wp\/v2\/pages\/599\/revisions\/6552"}],"up":[{"embeddable":true,"href":"https:\/\/agora.xtec.cat\/esc-itacabdn\/wp-json\/wp\/v2\/pages\/22"}],"wp:attachment":[{"href":"https:\/\/agora.xtec.cat\/esc-itacabdn\/wp-json\/wp\/v2\/media?parent=599"}],"curies":[{"name":"wp","href":"https:\/\/api.w.org\/{rel}","templated":true}]}}