{"id":5668,"date":"2024-04-04T16:56:07","date_gmt":"2024-04-04T14:56:07","guid":{"rendered":"https:\/\/agora.xtec.cat\/esc-itacabdn\/?page_id=5668"},"modified":"2024-04-04T16:57:21","modified_gmt":"2024-04-04T14:57:21","slug":"projecte-interdisciplinari-el-cinema-2022-2023","status":"publish","type":"page","link":"https:\/\/agora.xtec.cat\/esc-itacabdn\/projectes\/projecte-interdisciplinari\/projecte-interdisciplinari-el-cinema-2022-2023\/","title":{"rendered":"Curs 2022-2023: El cinema"},"content":{"rendered":"<p><a href=\"https:\/\/drive.google.com\/drive\/folders\/15xjQSqnjEWTkmheOTLDwkP1F-WHNbIHt?usp=sharing\"><img loading=\"lazy\" decoding=\"async\" class=\"aligncenter wp-image-5669\" src=\"https:\/\/agora.xtec.cat\/esc-itacabdn\/wp-content\/uploads\/usu1884\/2024\/04\/IMG-20230127-WA0004.jpg\" alt=\"\" width=\"488\" height=\"333\" srcset=\"https:\/\/agora.xtec.cat\/esc-itacabdn\/wp-content\/uploads\/usu1884\/2024\/04\/IMG-20230127-WA0004.jpg 719w, https:\/\/agora.xtec.cat\/esc-itacabdn\/wp-content\/uploads\/usu1884\/2024\/04\/IMG-20230127-WA0004-300x205.jpg 300w\" sizes=\"auto, (max-width: 488px) 100vw, 488px\" \/><\/a><\/p>\n<p><span style=\"font-weight: 400;\">Aquest curs el nostre projecte ha girat entorn d&#8217;un tema molt interessant: el cinema.<\/span><\/p>\n<p><span style=\"font-weight: 400;\">El cinema \u00e9s art, entreteniment, educaci\u00f3&#8230; \u00c9s un element fonamental per comprendre la cultura i el m\u00f3n contemporani. Ens acosta a ficcions i realitats diferents. Ens posa a la pell d\u2019altres persones, en les seves emocions, viv\u00e8ncies i relacions.\u00a0<\/span><\/p>\n<p><span style=\"font-weight: 400;\">El projecte va comen\u00e7ar\u00a0 rebent un <\/span><a href=\"https:\/\/youtu.be\/vztMxFLvvj4\"><span style=\"font-weight: 400;\">v\u00eddeo<\/span><\/a><span style=\"font-weight: 400;\"> de l\u2019Alice Guy, la primera directora de cinema i uns dies m\u00e9s tard vam rebre la seva visita. Ella ens va proposar un repte final a tota l\u2019escola: participar en la primera gala de premis \u00cdtacaStars, en la qual cada classe podria participar amb els seus curtmetratges o stopmotions.<\/span><\/p>\n<p><span style=\"font-weight: 400;\">Aix\u00ed doncs, al llarg de les setmanes, l\u2019Alice Guy ens anava enviant cartes amb petits reptes per tal d\u2019ajudar-nos a descobrir el m\u00f3n del cinema i acompanyar-nos i ajudar-nos en la realitzaci\u00f3 del repte final.\u00a0<\/span><\/p>\n<p><span style=\"font-weight: 400;\">Al llarg del projecte vam treballar:<\/span><\/p>\n<ul>\n<li style=\"font-weight: 400;\" aria-level=\"1\"><span style=\"font-weight: 400;\">La hist\u00f2ria del cinema<\/span><\/li>\n<li style=\"font-weight: 400;\" aria-level=\"1\"><span style=\"font-weight: 400;\">Desglossem una pel\u00b7l\u00edcula<\/span><\/li>\n<li style=\"font-weight: 400;\" aria-level=\"1\"><span style=\"font-weight: 400;\">Qu\u00e8 necessitem per fer una pel\u00b7l\u00edcula?<\/span><\/li>\n<li style=\"font-weight: 400;\" aria-level=\"1\"><span style=\"font-weight: 400;\">3,2,1 Acci\u00f3<\/span><\/li>\n<li style=\"font-weight: 400;\" aria-level=\"1\"><span style=\"font-weight: 400;\">Els \u00cdtacaStars<\/span><\/li>\n<\/ul>\n<p><span style=\"font-weight: 400;\">Els guanyadors i guanyadores dels \u00cdtacaStars van ser:<\/span><\/p>\n<ul>\n<li style=\"list-style-type: none;\">\n<ul>\n<li style=\"font-weight: 400;\" aria-level=\"1\"><span style=\"font-weight: 400;\">La classe guanyadora al millor cinema mut: La classe de la <\/span><a href=\"https:\/\/youtu.be\/H7jVocg2moc\"><b>Geografia<\/b><\/a><span style=\"font-weight: 400;\">\u00a0<\/span><\/li>\n<li style=\"font-weight: 400;\" aria-level=\"1\"><span style=\"font-weight: 400;\">La classe guanyadora per la pel\u00b7l\u00edcula que ha ensenyat a cuidar millor el planeta \u00e9s per: La classe dels <\/span><a href=\"https:\/\/youtu.be\/LL1Ipqe9I4s\"><b>Exploradors i exploradores<\/b><\/a><b>.<\/b><\/li>\n<li style=\"font-weight: 400;\" aria-level=\"1\"><span style=\"font-weight: 400;\">La classe guanyadora pel curtmetratge que ens ha ensenyat a ser millors persones \u00e9s per: La classe dels <\/span><a href=\"https:\/\/youtu.be\/5chZRJ0ubR0\"><b>Pa\u00efsos<\/b><\/a><b>\u00a0<\/b><\/li>\n<li style=\"font-weight: 400;\" aria-level=\"1\"><span style=\"font-weight: 400;\">La classe guanyadora pel film m\u00e9s art\u00edstic i amb els millors decorats \u00e9s per: La classe de les <\/span><a href=\"https:\/\/youtu.be\/7-AsQ6qkaNc\"><b>Temperatures<\/b><\/a><span style=\"font-weight: 400;\">\u00a0<\/span><\/li>\n<li style=\"font-weight: 400;\" aria-level=\"1\"><span style=\"font-weight: 400;\">La classe guanyadora per la pel\u00b7l\u00edcula m\u00e9s animada \u00e9s per: La classe dels <\/span><a href=\"https:\/\/youtu.be\/du6jQCWAba4\"><b>Astronautes<\/b><\/a><b>.<\/b><\/li>\n<li style=\"font-weight: 400;\" aria-level=\"1\"><span style=\"font-weight: 400;\">La classe guanyadora per la pel\u00b7l\u00edcula m\u00e9s terror\u00edfica \u00e9s per: La classe dels <\/span><a href=\"https:\/\/youtu.be\/WCBazJJ10To\"><b>Planetes<\/b><\/a><b>.<\/b><\/li>\n<li style=\"font-weight: 400;\" aria-level=\"1\"><span style=\"font-weight: 400;\">La classe guanyadora per la producci\u00f3 m\u00e9s elaborada \u00e9s: La classe dels <\/span><a href=\"https:\/\/youtu.be\/MAjCGYu4t0c\"><b>Invents<\/b><\/a><b>.<\/b><\/li>\n<li style=\"font-weight: 400;\" aria-level=\"1\"><span style=\"font-weight: 400;\">La classe guanyadora per la pel\u00b7l\u00edcula m\u00e9s divertida \u00e9s: La classe dels <\/span><a href=\"https:\/\/youtu.be\/eoSOpZMqS_8\"><b>Detectius<\/b><\/a><span style=\"font-weight: 400;\">.<\/span><\/li>\n<li style=\"font-weight: 400;\" aria-level=\"1\"><span style=\"font-weight: 400;\">La classe guanyadora al millor musical: La classe dels <\/span><a href=\"https:\/\/youtu.be\/S41DMsMEwLg\"><b>Gats i les gates<\/b><\/a><b>.<\/b><\/li>\n<\/ul>\n<\/li>\n<\/ul>\n<p>Si cliqueu a la imatge inicial podreu veure imatges sobre tot all\u00f2 que hem fet.<\/p>\n","protected":false},"excerpt":{"rendered":"<p>Aquest curs el nostre projecte ha girat entorn d&#8217;un tema molt interessant: el cinema. El cinema \u00e9s art, entreteniment, educaci\u00f3&#8230; \u00c9s un element fonamental per comprendre la cultura i el m\u00f3n contemporani. Ens acosta a ficcions i realitats diferents. Ens posa a la pell d\u2019altres persones, en les seves emocions, viv\u00e8ncies i relacions.\u00a0 El projecte [&hellip;]<\/p>\n","protected":false},"author":1,"featured_media":0,"parent":667,"menu_order":93,"comment_status":"closed","ping_status":"closed","template":"page-templates\/side-menu.php","meta":{"_bbp_topic_count":0,"_bbp_reply_count":0,"_bbp_total_topic_count":0,"_bbp_total_reply_count":0,"_bbp_voice_count":0,"_bbp_anonymous_reply_count":0,"_bbp_topic_count_hidden":0,"_bbp_reply_count_hidden":0,"_bbp_forum_subforum_count":0,"site-sidebar-layout":"default","site-content-layout":"","ast-site-content-layout":"","site-content-style":"default","site-sidebar-style":"default","ast-global-header-display":"","ast-banner-title-visibility":"","ast-main-header-display":"","ast-hfb-above-header-display":"","ast-hfb-below-header-display":"","ast-hfb-mobile-header-display":"","site-post-title":"","ast-breadcrumbs-content":"","ast-featured-img":"","footer-sml-layout":"","theme-transparent-header-meta":"","adv-header-id-meta":"","stick-header-meta":"","header-above-stick-meta":"","header-main-stick-meta":"","header-below-stick-meta":"","astra-migrate-meta-layouts":"default","ast-page-background-enabled":"default","ast-page-background-meta":{"desktop":{"background-color":"var(--ast-global-color-4)","background-image":"","background-repeat":"repeat","background-position":"center center","background-size":"auto","background-attachment":"scroll","background-type":"","background-media":"","overlay-type":"","overlay-color":"","overlay-opacity":"","overlay-gradient":""},"tablet":{"background-color":"","background-image":"","background-repeat":"repeat","background-position":"center center","background-size":"auto","background-attachment":"scroll","background-type":"","background-media":"","overlay-type":"","overlay-color":"","overlay-opacity":"","overlay-gradient":""},"mobile":{"background-color":"","background-image":"","background-repeat":"repeat","background-position":"center center","background-size":"auto","background-attachment":"scroll","background-type":"","background-media":"","overlay-type":"","overlay-color":"","overlay-opacity":"","overlay-gradient":""}},"ast-content-background-meta":{"desktop":{"background-color":"var(--ast-global-color-5)","background-image":"","background-repeat":"repeat","background-position":"center center","background-size":"auto","background-attachment":"scroll","background-type":"","background-media":"","overlay-type":"","overlay-color":"","overlay-opacity":"","overlay-gradient":""},"tablet":{"background-color":"var(--ast-global-color-5)","background-image":"","background-repeat":"repeat","background-position":"center center","background-size":"auto","background-attachment":"scroll","background-type":"","background-media":"","overlay-type":"","overlay-color":"","overlay-opacity":"","overlay-gradient":""},"mobile":{"background-color":"var(--ast-global-color-5)","background-image":"","background-repeat":"repeat","background-position":"center center","background-size":"auto","background-attachment":"scroll","background-type":"","background-media":"","overlay-type":"","overlay-color":"","overlay-opacity":"","overlay-gradient":""}},"footnotes":""},"class_list":["post-5668","page","type-page","status-publish","hentry"],"post_mailing_queue_ids":[],"_links":{"self":[{"href":"https:\/\/agora.xtec.cat\/esc-itacabdn\/wp-json\/wp\/v2\/pages\/5668","targetHints":{"allow":["GET"]}}],"collection":[{"href":"https:\/\/agora.xtec.cat\/esc-itacabdn\/wp-json\/wp\/v2\/pages"}],"about":[{"href":"https:\/\/agora.xtec.cat\/esc-itacabdn\/wp-json\/wp\/v2\/types\/page"}],"author":[{"embeddable":true,"href":"https:\/\/agora.xtec.cat\/esc-itacabdn\/wp-json\/wp\/v2\/users\/1"}],"replies":[{"embeddable":true,"href":"https:\/\/agora.xtec.cat\/esc-itacabdn\/wp-json\/wp\/v2\/comments?post=5668"}],"version-history":[{"count":3,"href":"https:\/\/agora.xtec.cat\/esc-itacabdn\/wp-json\/wp\/v2\/pages\/5668\/revisions"}],"predecessor-version":[{"id":5672,"href":"https:\/\/agora.xtec.cat\/esc-itacabdn\/wp-json\/wp\/v2\/pages\/5668\/revisions\/5672"}],"up":[{"embeddable":true,"href":"https:\/\/agora.xtec.cat\/esc-itacabdn\/wp-json\/wp\/v2\/pages\/667"}],"wp:attachment":[{"href":"https:\/\/agora.xtec.cat\/esc-itacabdn\/wp-json\/wp\/v2\/media?parent=5668"}],"curies":[{"name":"wp","href":"https:\/\/api.w.org\/{rel}","templated":true}]}}