{"id":4683,"date":"2023-03-01T18:55:56","date_gmt":"2023-03-01T17:55:56","guid":{"rendered":"https:\/\/agora.xtec.cat\/esc-itacabdn\/?page_id=4683"},"modified":"2023-03-01T18:55:56","modified_gmt":"2023-03-01T17:55:56","slug":"cantania","status":"publish","type":"page","link":"https:\/\/agora.xtec.cat\/esc-itacabdn\/projectes\/cantania\/","title":{"rendered":"Cant\u00e0nia"},"content":{"rendered":"<p>Nenes i nens de 4t i 5\u00e8,<br \/>\nAqu\u00ed us deixo l\u2019enlla\u00e7 amb el v\u00eddeo de les can\u00e7ons de la Cant\u00e0nia. Aquests v\u00eddeos tenen la lletra, per tant podeu fer karaoke. Tamb\u00e9 aprofito per deixar-vos l\u2019enlla\u00e7 a Soundcloud on tamb\u00e9 les podeu escoltar.<br \/>\nGaudiu-les<\/p>\n<p><b>V\u00eddeos cantats<\/b><\/p>\n<p>1- <a href=\"https:\/\/www.youtube.com\/watch?v=nxyurm2Ci-k&amp;t=34s\">Un m\u00f3n estrany<\/a><\/p>\n<p>2- <a href=\"https:\/\/www.youtube.com\/watch?v=Qjxf2n4AJb8\"><span style=\"font-weight: 400;\">La crida de les coses<\/span><\/a><\/p>\n<p>3- <a href=\"https:\/\/www.youtube.com\/watch?v=XJTZBa0INcU&amp;t=4s\"><span style=\"font-weight: 400;\">Des de la finestra<\/span><\/a><\/p>\n<p>4- <a href=\"https:\/\/www.youtube.com\/watch?v=Os9B-GsfcPg\"><span style=\"font-weight: 400;\">El m\u00f3n segons Daniel<\/span><\/a><\/p>\n<p>5- <a href=\"https:\/\/www.youtube.com\/watch?v=GlHAfXdCNsQ\"><span style=\"font-weight: 400;\">Di\u00e0leg previ India<\/span><\/a><\/p>\n<p>6- <a href=\"https:\/\/www.youtube.com\/watch?v=C1_RgDYPoj4\"><span style=\"font-weight: 400;\">L\u2019origen de la humanitat<\/span><\/a><\/p>\n<p>7- <a href=\"https:\/\/www.youtube.com\/watch?v=GI7VW_2u-R0\"><span style=\"font-weight: 400;\">Di\u00e0leg previ \u00c0frica<\/span><\/a><\/p>\n<p>8- <a href=\"https:\/\/www.youtube.com\/watch?v=6Ma4krJSMrc\"><span style=\"font-weight: 400;\">El gran viatge de Keita<\/span><\/a><\/p>\n<p>9- <a href=\"https:\/\/www.youtube.com\/watch?v=SF1jtCRlB08\"><span style=\"font-weight: 400;\">Un sol m\u00f3n<\/span><\/a><\/p>\n<p>10- <a href=\"https:\/\/www.youtube.com\/watch?v=wY-hFj9IHAs\"><span style=\"font-weight: 400;\">Les portes del m\u00f3n<\/span><\/a><\/p>\n<p>11- <a href=\"https:\/\/www.youtube.com\/watch?v=gcNhPpMzisc&amp;t=2s\"><span style=\"font-weight: 400;\">Les ocasions perdudes<\/span><\/a><\/p>\n<p>12- <a href=\"https:\/\/www.youtube.com\/watch?v=7uDsj1ECH-M\"><span style=\"font-weight: 400;\">El viatge de la vida<\/span><\/a><\/p>\n<p><b>V\u00eddeos cantats amb coreografia<\/b><\/p>\n<p>1- <a href=\"https:\/\/www.youtube.com\/watch?v=C-NTBptf19k\"><span style=\"font-weight: 400;\">La crida de les coses<\/span><\/a><\/p>\n<p>2- <a href=\"https:\/\/www.youtube.com\/watch?v=yn2q6oL8oP0\"><span style=\"font-weight: 400;\">Des de la finestra<\/span><\/a><\/p>\n<p>3- <a href=\"https:\/\/www.youtube.com\/watch?v=WMqFtelILjA\"><span style=\"font-weight: 400;\">El m\u00f3n segons Daniel<\/span><\/a><\/p>\n<p>4- <a href=\"https:\/\/www.youtube.com\/watch?v=dLjSFh5vFCk\"><span style=\"font-weight: 400;\">Di\u00e0leg previ \u00cd<\/span><span style=\"font-weight: 400;\">ndia<\/span><\/a><\/p>\n<p>5- <a href=\"https:\/\/www.youtube.com\/watch?v=WrlJ_yJowGY\"><span style=\"font-weight: 400;\">L\u2019origen de la humanitat<\/span><\/a><\/p>\n<p>6- <a href=\"https:\/\/www.youtube.com\/watch?v=gwEsZFore_s\"><span style=\"font-weight: 400;\">Di\u00e0leg previ \u00c0frica<\/span><\/a><\/p>\n<p>7- <a href=\"https:\/\/www.youtube.com\/watch?v=9xDtmjajxL0\"><span style=\"font-weight: 400;\">El gran viatge de Keita<\/span><\/a><\/p>\n<p>8- <a href=\"https:\/\/www.youtube.com\/watch?v=T99D6uN5lrM\"><span style=\"font-weight: 400;\">Les portes del m\u00f3n<\/span><\/a><\/p>\n<p>9- <a href=\"https:\/\/www.youtube.com\/watch?v=qOEoE709XEc\"><span style=\"font-weight: 400;\">Les ocasions perdudes<\/span><\/a><\/p>\n","protected":false},"excerpt":{"rendered":"<p>Nenes i nens de 4t i 5\u00e8, Aqu\u00ed us deixo l\u2019enlla\u00e7 amb el v\u00eddeo de les can\u00e7ons de la Cant\u00e0nia. Aquests v\u00eddeos tenen la lletra, per tant podeu fer karaoke. Tamb\u00e9 aprofito per deixar-vos l\u2019enlla\u00e7 a Soundcloud on tamb\u00e9 les podeu escoltar. Gaudiu-les V\u00eddeos cantats 1- Un m\u00f3n estrany 2- La crida de les coses [&hellip;]<\/p>\n","protected":false},"author":1,"featured_media":0,"parent":615,"menu_order":35,"comment_status":"closed","ping_status":"closed","template":"page-templates\/side-menu.php","meta":{"_bbp_topic_count":0,"_bbp_reply_count":0,"_bbp_total_topic_count":0,"_bbp_total_reply_count":0,"_bbp_voice_count":0,"_bbp_anonymous_reply_count":0,"_bbp_topic_count_hidden":0,"_bbp_reply_count_hidden":0,"_bbp_forum_subforum_count":0,"site-sidebar-layout":"default","site-content-layout":"","ast-site-content-layout":"","site-content-style":"default","site-sidebar-style":"default","ast-global-header-display":"","ast-banner-title-visibility":"","ast-main-header-display":"","ast-hfb-above-header-display":"","ast-hfb-below-header-display":"","ast-hfb-mobile-header-display":"","site-post-title":"","ast-breadcrumbs-content":"","ast-featured-img":"","footer-sml-layout":"","theme-transparent-header-meta":"","adv-header-id-meta":"","stick-header-meta":"","header-above-stick-meta":"","header-main-stick-meta":"","header-below-stick-meta":"","astra-migrate-meta-layouts":"default","ast-page-background-enabled":"default","ast-page-background-meta":{"desktop":{"background-color":"var(--ast-global-color-4)","background-image":"","background-repeat":"repeat","background-position":"center center","background-size":"auto","background-attachment":"scroll","background-type":"","background-media":"","overlay-type":"","overlay-color":"","overlay-opacity":"","overlay-gradient":""},"tablet":{"background-color":"","background-image":"","background-repeat":"repeat","background-position":"center center","background-size":"auto","background-attachment":"scroll","background-type":"","background-media":"","overlay-type":"","overlay-color":"","overlay-opacity":"","overlay-gradient":""},"mobile":{"background-color":"","background-image":"","background-repeat":"repeat","background-position":"center center","background-size":"auto","background-attachment":"scroll","background-type":"","background-media":"","overlay-type":"","overlay-color":"","overlay-opacity":"","overlay-gradient":""}},"ast-content-background-meta":{"desktop":{"background-color":"var(--ast-global-color-5)","background-image":"","background-repeat":"repeat","background-position":"center center","background-size":"auto","background-attachment":"scroll","background-type":"","background-media":"","overlay-type":"","overlay-color":"","overlay-opacity":"","overlay-gradient":""},"tablet":{"background-color":"var(--ast-global-color-5)","background-image":"","background-repeat":"repeat","background-position":"center center","background-size":"auto","background-attachment":"scroll","background-type":"","background-media":"","overlay-type":"","overlay-color":"","overlay-opacity":"","overlay-gradient":""},"mobile":{"background-color":"var(--ast-global-color-5)","background-image":"","background-repeat":"repeat","background-position":"center center","background-size":"auto","background-attachment":"scroll","background-type":"","background-media":"","overlay-type":"","overlay-color":"","overlay-opacity":"","overlay-gradient":""}},"footnotes":""},"class_list":["post-4683","page","type-page","status-publish","hentry"],"post_mailing_queue_ids":[],"_links":{"self":[{"href":"https:\/\/agora.xtec.cat\/esc-itacabdn\/wp-json\/wp\/v2\/pages\/4683","targetHints":{"allow":["GET"]}}],"collection":[{"href":"https:\/\/agora.xtec.cat\/esc-itacabdn\/wp-json\/wp\/v2\/pages"}],"about":[{"href":"https:\/\/agora.xtec.cat\/esc-itacabdn\/wp-json\/wp\/v2\/types\/page"}],"author":[{"embeddable":true,"href":"https:\/\/agora.xtec.cat\/esc-itacabdn\/wp-json\/wp\/v2\/users\/1"}],"replies":[{"embeddable":true,"href":"https:\/\/agora.xtec.cat\/esc-itacabdn\/wp-json\/wp\/v2\/comments?post=4683"}],"version-history":[{"count":1,"href":"https:\/\/agora.xtec.cat\/esc-itacabdn\/wp-json\/wp\/v2\/pages\/4683\/revisions"}],"predecessor-version":[{"id":4684,"href":"https:\/\/agora.xtec.cat\/esc-itacabdn\/wp-json\/wp\/v2\/pages\/4683\/revisions\/4684"}],"up":[{"embeddable":true,"href":"https:\/\/agora.xtec.cat\/esc-itacabdn\/wp-json\/wp\/v2\/pages\/615"}],"wp:attachment":[{"href":"https:\/\/agora.xtec.cat\/esc-itacabdn\/wp-json\/wp\/v2\/media?parent=4683"}],"curies":[{"name":"wp","href":"https:\/\/api.w.org\/{rel}","templated":true}]}}