{"id":4542,"date":"2023-02-09T13:02:46","date_gmt":"2023-02-09T12:02:46","guid":{"rendered":"https:\/\/agora.xtec.cat\/esc-itacabdn\/?page_id=4542"},"modified":"2023-02-09T13:03:29","modified_gmt":"2023-02-09T12:03:29","slug":"curs-2019-2020-yayoi-kusama","status":"publish","type":"page","link":"https:\/\/agora.xtec.cat\/esc-itacabdn\/projectes\/itaca-art\/curs-2019-2020-yayoi-kusama\/","title":{"rendered":"Curs 2019-2020: Yayoi Kusama"},"content":{"rendered":"<h2 style=\"text-align: center;\"><span style=\"color: #ff0000;\"><b>Yayoi Kusama<\/b><\/span><\/h2>\n<p>&nbsp;<\/p>\n<p>Yayoi Kusama \u00e9s una artista japonesa que va ser una gran precursora de l&#8217;<strong>art pop, el minimalisme i l&#8217;art feminista<\/strong>. Va comen\u00e7ar a crear art quan ja era nena.<\/p>\n<p>La seva obra era tan adelantada al seu temps que va marxar a Nova York, on va poder expressar el seu art amb total llibertat.<\/p>\n<p><span data-keep-original-tag=\"false\" data-original-attrs=\"{&quot;data-blogger-escaped-style&quot;:&quot;color: #444444; font-family: 'trebuchet ms', sans-serif; font-size: large;&quot;}\">El seu art es caracteritza per l&#8217;\u00fas del color, amb creacions plenes de colors llampants. Aix\u00f2 en ha servit per treballar amb els alumnes i fer molt\u00edssimes produccions de tot tipus amb les que hem gaudit i guarnit l\u2019escola.<\/span><\/p>\n<p><span data-keep-original-tag=\"false\" data-original-attrs=\"{&quot;data-blogger-escaped-style&quot;:&quot;color: #444444; font-family: \\&quot;trebuchet ms\\&quot; , sans-serif;&quot;}\">I, sobretot, donar la oportunitat als nostres infants d\u2019expressar-se i donar-li el seu toc<br \/>\na trav\u00e9s del llenguatge art\u00edstic, sempre gaudint de l\u2019aprenentatge.<\/span><\/p>\n<p>Cliqueu\u00a0<a href=\"https:\/\/drive.google.com\/drive\/folders\/1NnJwvPFa7msGHsRYpRAH-jM2FNLQnSee?usp=sharing\">aqu\u00ed<\/a>\u00a0o a la imatge podreu veure tot el que vam fer:<\/p>\n<p><a href=\"https:\/\/drive.google.com\/drive\/folders\/1NnJwvPFa7msGHsRYpRAH-jM2FNLQnSee?usp=sharing\"><img loading=\"lazy\" decoding=\"async\" class=\"aligncenter size-full wp-image-4549\" src=\"https:\/\/agora.xtec.cat\/esc-itacabdn\/wp-content\/uploads\/usu1884\/2023\/02\/DSC4911-Copy.jpg\" alt=\"\" width=\"1024\" height=\"682\" srcset=\"https:\/\/agora.xtec.cat\/esc-itacabdn\/wp-content\/uploads\/usu1884\/2023\/02\/DSC4911-Copy.jpg 1024w, https:\/\/agora.xtec.cat\/esc-itacabdn\/wp-content\/uploads\/usu1884\/2023\/02\/DSC4911-Copy-300x200.jpg 300w, https:\/\/agora.xtec.cat\/esc-itacabdn\/wp-content\/uploads\/usu1884\/2023\/02\/DSC4911-Copy-768x512.jpg 768w\" sizes=\"auto, (max-width: 1024px) 100vw, 1024px\" \/><\/a><\/p>\n","protected":false},"excerpt":{"rendered":"<p>Yayoi Kusama &nbsp; Yayoi Kusama \u00e9s una artista japonesa que va ser una gran precursora de l&#8217;art pop, el minimalisme i l&#8217;art feminista. Va comen\u00e7ar a crear art quan ja era nena. La seva obra era tan adelantada al seu temps que va marxar a Nova York, on va poder expressar el seu art amb [&hellip;]<\/p>\n","protected":false},"author":1,"featured_media":0,"parent":665,"menu_order":96,"comment_status":"closed","ping_status":"closed","template":"page-templates\/side-menu.php","meta":{"_bbp_topic_count":0,"_bbp_reply_count":0,"_bbp_total_topic_count":0,"_bbp_total_reply_count":0,"_bbp_voice_count":0,"_bbp_anonymous_reply_count":0,"_bbp_topic_count_hidden":0,"_bbp_reply_count_hidden":0,"_bbp_forum_subforum_count":0,"site-sidebar-layout":"default","site-content-layout":"","ast-site-content-layout":"","site-content-style":"default","site-sidebar-style":"default","ast-global-header-display":"","ast-banner-title-visibility":"","ast-main-header-display":"","ast-hfb-above-header-display":"","ast-hfb-below-header-display":"","ast-hfb-mobile-header-display":"","site-post-title":"","ast-breadcrumbs-content":"","ast-featured-img":"","footer-sml-layout":"","theme-transparent-header-meta":"","adv-header-id-meta":"","stick-header-meta":"","header-above-stick-meta":"","header-main-stick-meta":"","header-below-stick-meta":"","astra-migrate-meta-layouts":"default","ast-page-background-enabled":"default","ast-page-background-meta":{"desktop":{"background-color":"var(--ast-global-color-4)","background-image":"","background-repeat":"repeat","background-position":"center center","background-size":"auto","background-attachment":"scroll","background-type":"","background-media":"","overlay-type":"","overlay-color":"","overlay-opacity":"","overlay-gradient":""},"tablet":{"background-color":"","background-image":"","background-repeat":"repeat","background-position":"center center","background-size":"auto","background-attachment":"scroll","background-type":"","background-media":"","overlay-type":"","overlay-color":"","overlay-opacity":"","overlay-gradient":""},"mobile":{"background-color":"","background-image":"","background-repeat":"repeat","background-position":"center center","background-size":"auto","background-attachment":"scroll","background-type":"","background-media":"","overlay-type":"","overlay-color":"","overlay-opacity":"","overlay-gradient":""}},"ast-content-background-meta":{"desktop":{"background-color":"var(--ast-global-color-5)","background-image":"","background-repeat":"repeat","background-position":"center center","background-size":"auto","background-attachment":"scroll","background-type":"","background-media":"","overlay-type":"","overlay-color":"","overlay-opacity":"","overlay-gradient":""},"tablet":{"background-color":"var(--ast-global-color-5)","background-image":"","background-repeat":"repeat","background-position":"center center","background-size":"auto","background-attachment":"scroll","background-type":"","background-media":"","overlay-type":"","overlay-color":"","overlay-opacity":"","overlay-gradient":""},"mobile":{"background-color":"var(--ast-global-color-5)","background-image":"","background-repeat":"repeat","background-position":"center center","background-size":"auto","background-attachment":"scroll","background-type":"","background-media":"","overlay-type":"","overlay-color":"","overlay-opacity":"","overlay-gradient":""}},"footnotes":""},"class_list":["post-4542","page","type-page","status-publish","hentry"],"post_mailing_queue_ids":[],"_links":{"self":[{"href":"https:\/\/agora.xtec.cat\/esc-itacabdn\/wp-json\/wp\/v2\/pages\/4542","targetHints":{"allow":["GET"]}}],"collection":[{"href":"https:\/\/agora.xtec.cat\/esc-itacabdn\/wp-json\/wp\/v2\/pages"}],"about":[{"href":"https:\/\/agora.xtec.cat\/esc-itacabdn\/wp-json\/wp\/v2\/types\/page"}],"author":[{"embeddable":true,"href":"https:\/\/agora.xtec.cat\/esc-itacabdn\/wp-json\/wp\/v2\/users\/1"}],"replies":[{"embeddable":true,"href":"https:\/\/agora.xtec.cat\/esc-itacabdn\/wp-json\/wp\/v2\/comments?post=4542"}],"version-history":[{"count":1,"href":"https:\/\/agora.xtec.cat\/esc-itacabdn\/wp-json\/wp\/v2\/pages\/4542\/revisions"}],"predecessor-version":[{"id":4552,"href":"https:\/\/agora.xtec.cat\/esc-itacabdn\/wp-json\/wp\/v2\/pages\/4542\/revisions\/4552"}],"up":[{"embeddable":true,"href":"https:\/\/agora.xtec.cat\/esc-itacabdn\/wp-json\/wp\/v2\/pages\/665"}],"wp:attachment":[{"href":"https:\/\/agora.xtec.cat\/esc-itacabdn\/wp-json\/wp\/v2\/media?parent=4542"}],"curies":[{"name":"wp","href":"https:\/\/api.w.org\/{rel}","templated":true}]}}