{"id":4522,"date":"2023-02-09T12:38:19","date_gmt":"2023-02-09T11:38:19","guid":{"rendered":"https:\/\/agora.xtec.cat\/esc-itacabdn\/?page_id=4522"},"modified":"2023-02-09T12:38:19","modified_gmt":"2023-02-09T11:38:19","slug":"curs-2017-18-art-etnic","status":"publish","type":"page","link":"https:\/\/agora.xtec.cat\/esc-itacabdn\/projectes\/itaca-art\/curs-2017-18-art-etnic\/","title":{"rendered":"Curs 2017-18: Art \u00e8tnic"},"content":{"rendered":"<h2 style=\"text-align: center;\"><span style=\"font-size: x-large;\" data-keep-original-tag=\"false\" data-original-attrs=\"{&quot;style&quot;:&quot;&quot;}\"><span style=\"color: #800080;\" data-keep-original-tag=\"false\" data-original-attrs=\"{&quot;style&quot;:&quot;&quot;,&quot;face&quot;:&quot;'trebuchet ms', sans-serif&quot;}\">Aquest curs 2017-18 hem treballat l&#8217;<b>art \u00e8tnic<\/b><\/span><\/span><\/h2>\n<p><img loading=\"lazy\" decoding=\"async\" class=\"aligncenter size-full wp-image-4523\" src=\"https:\/\/agora.xtec.cat\/esc-itacabdn\/wp-content\/uploads\/usu1884\/2023\/02\/DSC3765-1.jpg\" alt=\"\" width=\"426\" height=\"640\" srcset=\"https:\/\/agora.xtec.cat\/esc-itacabdn\/wp-content\/uploads\/usu1884\/2023\/02\/DSC3765-1.jpg 426w, https:\/\/agora.xtec.cat\/esc-itacabdn\/wp-content\/uploads\/usu1884\/2023\/02\/DSC3765-1-200x300.jpg 200w\" sizes=\"auto, (max-width: 426px) 100vw, 426px\" \/><\/p>\n<p><span style=\"color: #444444; font-size: x-large;\" data-keep-original-tag=\"false\" data-original-attrs=\"{&quot;style&quot;:&quot;&quot;,&quot;face&quot;:&quot;'trebuchet ms', sans-serif&quot;}\">Al llarg de la hist\u00f2ria, han existit multitut de civilitzacions arreu del planeta. Totes elles han deixat la seva empremta i podem apreciar part de la seva cultura a trav\u00e9s de les seves manifestacions art\u00edstiques.<\/span><br \/>\n<span style=\"color: #444444; font-size: x-large;\" data-keep-original-tag=\"false\" data-original-attrs=\"{&quot;style&quot;:&quot;&quot;,&quot;face&quot;:&quot;'trebuchet ms', sans-serif&quot;}\"><br \/>\n<\/span><span style=\"color: #444444; font-size: x-large;\" data-keep-original-tag=\"false\" data-original-attrs=\"{&quot;style&quot;:&quot;&quot;,&quot;face&quot;:&quot;'trebuchet ms', sans-serif&quot;}\">Aquest curs ens hem centrat en estudiar l&#8217;art \u00e8tnic, i aprofitar per con\u00e8ixer la cultura d&#8217;altres continents com \u00c0frica, Am\u00e8rica i Oceania. Hem fet un estudi de les manifestacions art\u00edstiques de les cultures m\u00e9s tribals i primitives de cada continent, quan el m\u00f3n encara no estava globalitzat com avui en dia.<\/span><br \/>\n<span style=\"color: #444444; font-size: x-large;\" data-keep-original-tag=\"false\" data-original-attrs=\"{&quot;style&quot;:&quot;&quot;,&quot;face&quot;:&quot;'trebuchet ms', sans-serif&quot;}\"><br \/>\n<\/span><span style=\"color: #444444; font-size: x-large;\" data-keep-original-tag=\"false\" data-original-attrs=\"{&quot;style&quot;:&quot;&quot;,&quot;face&quot;:&quot;'trebuchet ms', sans-serif&quot;}\">Ha sigut molt interessant veure les similituds i les difer\u00e8ncies, i veure quins aspectes donaven personalitat a cada continent.<\/span><br \/>\n<span style=\"color: #444444;\" data-keep-original-tag=\"false\" data-original-attrs=\"{&quot;style&quot;:&quot;&quot;,&quot;face&quot;:&quot;\\&quot;trebuchet ms\\&quot; , sans-serif&quot;}\"><span style=\"font-size: x-large;\" data-keep-original-tag=\"false\" data-original-attrs=\"{&quot;style&quot;:&quot;&quot;}\">I, sobretot, donar la oportunitat als nostres infants d&#8217;expressar-se i donar-li el seu toc<br \/>\na trav\u00e9s del llenguatge art\u00edstic, sempre gaudint de l&#8217;aprenentatge.<\/span><\/span><\/p>\n<div data-original-attrs=\"{&quot;style&quot;:&quot;&quot;}\">Cliqueu <a href=\"https:\/\/drive.google.com\/drive\/folders\/1o-p0qPxt4M8ff05cmPfFH3QJUPkfFDAp?usp=sharing\">aqu\u00ed<\/a>\u00a0o a la imatge podreu veure tot el que vam fer:<\/div>\n<div data-original-attrs=\"{&quot;style&quot;:&quot;&quot;}\"><\/div>\n<div data-original-attrs=\"{&quot;style&quot;:&quot;&quot;}\"><a href=\"https:\/\/drive.google.com\/drive\/folders\/1o-p0qPxt4M8ff05cmPfFH3QJUPkfFDAp?usp=sharing\"><img loading=\"lazy\" decoding=\"async\" class=\"aligncenter size-full wp-image-4524\" src=\"https:\/\/agora.xtec.cat\/esc-itacabdn\/wp-content\/uploads\/usu1884\/2023\/02\/DSC3805.jpg\" alt=\"\" width=\"640\" height=\"426\" srcset=\"https:\/\/agora.xtec.cat\/esc-itacabdn\/wp-content\/uploads\/usu1884\/2023\/02\/DSC3805.jpg 640w, https:\/\/agora.xtec.cat\/esc-itacabdn\/wp-content\/uploads\/usu1884\/2023\/02\/DSC3805-300x200.jpg 300w\" sizes=\"auto, (max-width: 640px) 100vw, 640px\" \/><\/a><\/div>\n<div data-original-attrs=\"{&quot;style&quot;:&quot;&quot;}\"><\/div>\n<p data-original-attrs=\"{&quot;style&quot;:&quot;&quot;}\"><span style=\"color: #000000;\"><span style=\"font-size: x-large;\" data-keep-original-tag=\"false\" data-original-attrs=\"{&quot;style&quot;:&quot;&quot;,&quot;face&quot;:&quot;'trebuchet ms', sans-serif&quot;}\">Abans de l&#8217;inici de l&#8217;Itaca Art 2017-18, hem dedicat l&#8217;inici de curs a treballar una proposta art\u00edstica:\u00a0<\/span><b data-original-attrs=\"{&quot;style&quot;:&quot;&quot;}\">L&#8217;AUTORETRAT<\/b><\/span><br \/>\n<span style=\"color: #000000;\"><span style=\"font-size: x-large;\" data-keep-original-tag=\"false\" data-original-attrs=\"{&quot;style&quot;:&quot;&quot;}\"><i><br \/>\n<\/i><\/span><span style=\"font-size: x-large;\" data-keep-original-tag=\"false\" data-original-attrs=\"{&quot;style&quot;:&quot;&quot;}\">Us deixem amb unes imatges:<\/span><\/span><\/p>\n<div data-original-attrs=\"{&quot;style&quot;:&quot;&quot;}\"><img loading=\"lazy\" decoding=\"async\" class=\"aligncenter size-full wp-image-4526\" src=\"https:\/\/agora.xtec.cat\/esc-itacabdn\/wp-content\/uploads\/usu1884\/2023\/02\/IMG_20171025_084613.jpg\" alt=\"\" width=\"640\" height=\"480\" srcset=\"https:\/\/agora.xtec.cat\/esc-itacabdn\/wp-content\/uploads\/usu1884\/2023\/02\/IMG_20171025_084613.jpg 640w, https:\/\/agora.xtec.cat\/esc-itacabdn\/wp-content\/uploads\/usu1884\/2023\/02\/IMG_20171025_084613-300x225.jpg 300w, https:\/\/agora.xtec.cat\/esc-itacabdn\/wp-content\/uploads\/usu1884\/2023\/02\/IMG_20171025_084613-200x150.jpg 200w\" sizes=\"auto, (max-width: 640px) 100vw, 640px\" \/><\/div>\n<div data-original-attrs=\"{&quot;style&quot;:&quot;&quot;}\"><\/div>\n<div style=\"text-align: center;\" data-original-attrs=\"{&quot;style&quot;:&quot;&quot;}\">(Aquesta \u00e9s una de les produccions de cicle inicial)<\/div>\n<div data-original-attrs=\"{&quot;style&quot;:&quot;&quot;}\"><\/div>\n<div data-original-attrs=\"{&quot;style&quot;:&quot;&quot;}\"><\/div>\n<div data-original-attrs=\"{&quot;style&quot;:&quot;&quot;}\"><img loading=\"lazy\" decoding=\"async\" class=\"aligncenter size-full wp-image-4527\" src=\"https:\/\/agora.xtec.cat\/esc-itacabdn\/wp-content\/uploads\/usu1884\/2023\/02\/IMG_20171102_135605.jpg\" alt=\"\" width=\"640\" height=\"480\" srcset=\"https:\/\/agora.xtec.cat\/esc-itacabdn\/wp-content\/uploads\/usu1884\/2023\/02\/IMG_20171102_135605.jpg 640w, https:\/\/agora.xtec.cat\/esc-itacabdn\/wp-content\/uploads\/usu1884\/2023\/02\/IMG_20171102_135605-300x225.jpg 300w, https:\/\/agora.xtec.cat\/esc-itacabdn\/wp-content\/uploads\/usu1884\/2023\/02\/IMG_20171102_135605-200x150.jpg 200w\" sizes=\"auto, (max-width: 640px) 100vw, 640px\" \/><\/div>\n<div data-original-attrs=\"{&quot;style&quot;:&quot;&quot;}\"><\/div>\n<div style=\"text-align: center;\" data-original-attrs=\"{&quot;style&quot;:&quot;&quot;}\">(Aquesta \u00e9s una de les produccions de cicle mitj\u00e0)<\/div>\n<div data-original-attrs=\"{&quot;style&quot;:&quot;&quot;}\"><\/div>\n<div data-original-attrs=\"{&quot;style&quot;:&quot;&quot;}\"><img loading=\"lazy\" decoding=\"async\" class=\"aligncenter size-full wp-image-4528\" src=\"https:\/\/agora.xtec.cat\/esc-itacabdn\/wp-content\/uploads\/usu1884\/2023\/02\/IMG_20171102_135421.jpg\" alt=\"\" width=\"640\" height=\"480\" srcset=\"https:\/\/agora.xtec.cat\/esc-itacabdn\/wp-content\/uploads\/usu1884\/2023\/02\/IMG_20171102_135421.jpg 640w, https:\/\/agora.xtec.cat\/esc-itacabdn\/wp-content\/uploads\/usu1884\/2023\/02\/IMG_20171102_135421-300x225.jpg 300w, https:\/\/agora.xtec.cat\/esc-itacabdn\/wp-content\/uploads\/usu1884\/2023\/02\/IMG_20171102_135421-200x150.jpg 200w\" sizes=\"auto, (max-width: 640px) 100vw, 640px\" \/><\/div>\n<div data-original-attrs=\"{&quot;style&quot;:&quot;&quot;}\"><\/div>\n<div style=\"text-align: center;\" data-original-attrs=\"{&quot;style&quot;:&quot;&quot;}\">(Aquesta \u00e9s una de les imatges de la producci\u00f3 de 5\u00e8)<\/div>\n<div data-original-attrs=\"{&quot;style&quot;:&quot;&quot;}\"><img loading=\"lazy\" decoding=\"async\" class=\"aligncenter size-full wp-image-4529\" src=\"https:\/\/agora.xtec.cat\/esc-itacabdn\/wp-content\/uploads\/usu1884\/2023\/02\/IMG_20171102_134952.jpg\" alt=\"\" width=\"480\" height=\"640\" srcset=\"https:\/\/agora.xtec.cat\/esc-itacabdn\/wp-content\/uploads\/usu1884\/2023\/02\/IMG_20171102_134952.jpg 480w, https:\/\/agora.xtec.cat\/esc-itacabdn\/wp-content\/uploads\/usu1884\/2023\/02\/IMG_20171102_134952-225x300.jpg 225w\" sizes=\"auto, (max-width: 480px) 100vw, 480px\" \/><\/div>\n<div style=\"text-align: center;\" data-original-attrs=\"{&quot;style&quot;:&quot;&quot;}\">(Aquesta \u00e9s una de les imatges de la producci\u00f3 de 6\u00e8)<\/div>\n","protected":false},"excerpt":{"rendered":"<p>Aquest curs 2017-18 hem treballat l&#8217;art \u00e8tnic Al llarg de la hist\u00f2ria, han existit multitut de civilitzacions arreu del planeta. Totes elles han deixat la seva empremta i podem apreciar part de la seva cultura a trav\u00e9s de les seves manifestacions art\u00edstiques. Aquest curs ens hem centrat en estudiar l&#8217;art \u00e8tnic, i aprofitar per con\u00e8ixer [&hellip;]<\/p>\n","protected":false},"author":1,"featured_media":0,"parent":665,"menu_order":98,"comment_status":"closed","ping_status":"closed","template":"page-templates\/side-menu.php","meta":{"_bbp_topic_count":0,"_bbp_reply_count":0,"_bbp_total_topic_count":0,"_bbp_total_reply_count":0,"_bbp_voice_count":0,"_bbp_anonymous_reply_count":0,"_bbp_topic_count_hidden":0,"_bbp_reply_count_hidden":0,"_bbp_forum_subforum_count":0,"site-sidebar-layout":"default","site-content-layout":"","ast-site-content-layout":"","site-content-style":"default","site-sidebar-style":"default","ast-global-header-display":"","ast-banner-title-visibility":"","ast-main-header-display":"","ast-hfb-above-header-display":"","ast-hfb-below-header-display":"","ast-hfb-mobile-header-display":"","site-post-title":"","ast-breadcrumbs-content":"","ast-featured-img":"","footer-sml-layout":"","theme-transparent-header-meta":"","adv-header-id-meta":"","stick-header-meta":"","header-above-stick-meta":"","header-main-stick-meta":"","header-below-stick-meta":"","astra-migrate-meta-layouts":"default","ast-page-background-enabled":"default","ast-page-background-meta":{"desktop":{"background-color":"var(--ast-global-color-4)","background-image":"","background-repeat":"repeat","background-position":"center center","background-size":"auto","background-attachment":"scroll","background-type":"","background-media":"","overlay-type":"","overlay-color":"","overlay-opacity":"","overlay-gradient":""},"tablet":{"background-color":"","background-image":"","background-repeat":"repeat","background-position":"center center","background-size":"auto","background-attachment":"scroll","background-type":"","background-media":"","overlay-type":"","overlay-color":"","overlay-opacity":"","overlay-gradient":""},"mobile":{"background-color":"","background-image":"","background-repeat":"repeat","background-position":"center center","background-size":"auto","background-attachment":"scroll","background-type":"","background-media":"","overlay-type":"","overlay-color":"","overlay-opacity":"","overlay-gradient":""}},"ast-content-background-meta":{"desktop":{"background-color":"var(--ast-global-color-5)","background-image":"","background-repeat":"repeat","background-position":"center center","background-size":"auto","background-attachment":"scroll","background-type":"","background-media":"","overlay-type":"","overlay-color":"","overlay-opacity":"","overlay-gradient":""},"tablet":{"background-color":"var(--ast-global-color-5)","background-image":"","background-repeat":"repeat","background-position":"center center","background-size":"auto","background-attachment":"scroll","background-type":"","background-media":"","overlay-type":"","overlay-color":"","overlay-opacity":"","overlay-gradient":""},"mobile":{"background-color":"var(--ast-global-color-5)","background-image":"","background-repeat":"repeat","background-position":"center center","background-size":"auto","background-attachment":"scroll","background-type":"","background-media":"","overlay-type":"","overlay-color":"","overlay-opacity":"","overlay-gradient":""}},"footnotes":""},"class_list":["post-4522","page","type-page","status-publish","hentry"],"post_mailing_queue_ids":[],"_links":{"self":[{"href":"https:\/\/agora.xtec.cat\/esc-itacabdn\/wp-json\/wp\/v2\/pages\/4522","targetHints":{"allow":["GET"]}}],"collection":[{"href":"https:\/\/agora.xtec.cat\/esc-itacabdn\/wp-json\/wp\/v2\/pages"}],"about":[{"href":"https:\/\/agora.xtec.cat\/esc-itacabdn\/wp-json\/wp\/v2\/types\/page"}],"author":[{"embeddable":true,"href":"https:\/\/agora.xtec.cat\/esc-itacabdn\/wp-json\/wp\/v2\/users\/1"}],"replies":[{"embeddable":true,"href":"https:\/\/agora.xtec.cat\/esc-itacabdn\/wp-json\/wp\/v2\/comments?post=4522"}],"version-history":[{"count":1,"href":"https:\/\/agora.xtec.cat\/esc-itacabdn\/wp-json\/wp\/v2\/pages\/4522\/revisions"}],"predecessor-version":[{"id":4530,"href":"https:\/\/agora.xtec.cat\/esc-itacabdn\/wp-json\/wp\/v2\/pages\/4522\/revisions\/4530"}],"up":[{"embeddable":true,"href":"https:\/\/agora.xtec.cat\/esc-itacabdn\/wp-json\/wp\/v2\/pages\/665"}],"wp:attachment":[{"href":"https:\/\/agora.xtec.cat\/esc-itacabdn\/wp-json\/wp\/v2\/media?parent=4522"}],"curies":[{"name":"wp","href":"https:\/\/api.w.org\/{rel}","templated":true}]}}