{"id":26,"date":"2014-09-18T12:24:32","date_gmt":"2014-09-18T11:24:32","guid":{"rendered":"http:\/\/agora.xtec.cat\/esc-itacabdn\/?page_id=26"},"modified":"2023-02-12T17:00:12","modified_gmt":"2023-02-12T16:00:12","slug":"historia","status":"publish","type":"page","link":"https:\/\/agora.xtec.cat\/esc-itacabdn\/lescola\/historia\/","title":{"rendered":"Hist\u00f2ria"},"content":{"rendered":"<div class=\"entry-content clear-fix\" data-blogger-escaped-style=\"background-color: white; border: 0px; color: #444444; font-family: 'Helvetica Neue', Helvetica, Arial, sans-serif; font-size: 12px; line-height: 21px; margin: 0px; outline: 0px; padding: 0px; vertical-align: baseline;\">\n<div data-blogger-escaped-style=\"border: 0px; font-family: inherit; font-style: inherit; font-weight: inherit; margin-bottom: 1.75em; outline: 0px; padding: 0px; vertical-align: baseline;\">\n<div data-blogger-escaped-style=\"text-align: center;\">\n<p><a href=\"https:\/\/escolaitacabadalona.files.wordpress.com\/2012\/11\/historia.jpg\" data-blogger-escaped-style=\"-webkit-transition: all 0.18s ease-out; border: 0px; color: #0da4d3; font-family: inherit; font-style: inherit; font-weight: inherit; margin: 0px; outline: 0px; padding: 0px; text-decoration: none; transition: all 0.18s ease-out; vertical-align: baseline;\"><img loading=\"lazy\" decoding=\"async\" class=\"aligncenter size-large wp-image-4585\" src=\"https:\/\/agora.xtec.cat\/esc-itacabdn\/wp-content\/uploads\/usu1884\/2023\/02\/BANNERS-WEBITACA-3-1024x256.png\" alt=\"\" width=\"1024\" height=\"256\" srcset=\"https:\/\/agora.xtec.cat\/esc-itacabdn\/wp-content\/uploads\/usu1884\/2023\/02\/BANNERS-WEBITACA-3-1024x256.png 1024w, https:\/\/agora.xtec.cat\/esc-itacabdn\/wp-content\/uploads\/usu1884\/2023\/02\/BANNERS-WEBITACA-3-300x75.png 300w, https:\/\/agora.xtec.cat\/esc-itacabdn\/wp-content\/uploads\/usu1884\/2023\/02\/BANNERS-WEBITACA-3-768x192.png 768w, https:\/\/agora.xtec.cat\/esc-itacabdn\/wp-content\/uploads\/usu1884\/2023\/02\/BANNERS-WEBITACA-3-1536x384.png 1536w, https:\/\/agora.xtec.cat\/esc-itacabdn\/wp-content\/uploads\/usu1884\/2023\/02\/BANNERS-WEBITACA-3.png 1920w\" sizes=\"auto, (max-width: 1024px) 100vw, 1024px\" \/><\/a><\/p>\n<\/div>\n<\/div>\n<div data-blogger-escaped-style=\"border: 0px; font-family: inherit; font-style: inherit; font-weight: inherit; margin-bottom: 1.75em; outline: 0px; padding: 0px; vertical-align: baseline;\">\n<p><b data-blogger-escaped-style=\"border: 0px; font-family: inherit; font-style: inherit; margin: 0px; outline: 0px; padding: 0px; vertical-align: baseline;\">Situada al barri emblem\u00e0tic de Llefi\u00e0, a Badalona, la nostra escola t\u00e9 una petita per\u00f2 continuada hist\u00f2ria que cada dia es va ampliant amb l\u2019esfor\u00e7 de tota la gent que hi treballa en ella. De la mateixa forma, la hist\u00f2ria de la nostra escola est\u00e0 lligada a la del barri, perqu\u00e8 Llefi\u00e0 tampoc era tal qual \u00e9s ara.<\/b><\/p>\n<\/div>\n<div data-blogger-escaped-style=\"border: 0px; font-family: inherit; font-style: inherit; font-weight: inherit; margin-bottom: 1.75em; outline: 0px; padding: 0px; vertical-align: baseline;\"><\/div>\n<div data-blogger-escaped-style=\"border: 0px; font-family: inherit; font-style: inherit; font-weight: inherit; margin-bottom: 1.75em; outline: 0px; padding: 0px; vertical-align: baseline;\">\n<div data-blogger-escaped-style=\"text-align: center;\">\n<p><a href=\"https:\/\/escolaitacabadalona.files.wordpress.com\/2012\/11\/1960_plano_de_distritos_y_barrios_sized.jpg\" data-blogger-escaped-style=\"-webkit-transition: all 0.18s ease-out; border: 0px; color: #0da4d3; font-family: inherit; font-style: inherit; font-weight: inherit; margin: 0px; outline: 0px; padding: 0px; text-decoration: none; transition: all 0.18s ease-out; vertical-align: baseline;\"><img decoding=\"async\" class=\"aligncenter size-full wp-image-624\" src=\"https:\/\/escolaitacabadalona.files.wordpress.com\/2012\/11\/1960_plano_de_distritos_y_barrios_sized.jpg?w=470&amp;h=380\" alt=\"1960_Plano_de_distritos_y_barrios_sized\" data-blogger-escaped-style=\"-webkit-transition: all 0.18s ease-out; border: 0px; clear: both; display: block; height: auto; margin: 0px auto 1.75em !important; max-width: 100%; transition: all 0.18s ease-out; vertical-align: middle;\" \/><\/a><\/p>\n<\/div>\n<\/div>\n<div data-blogger-escaped-style=\"border: 0px; font-family: inherit; font-style: inherit; font-weight: inherit; margin-bottom: 1.75em; outline: 0px; padding: 0px; vertical-align: baseline;\"><\/div>\n<div data-blogger-escaped-style=\"border: 0px; font-family: inherit; font-style: inherit; font-weight: inherit; margin-bottom: 1.75em; outline: 0px; padding: 0px; vertical-align: baseline;\">\n<p><b data-blogger-escaped-style=\"border: 0px; font-family: inherit; font-style: inherit; margin: 0px; outline: 0px; padding: 0px; vertical-align: baseline;\">I \u00e9s que aquesta escola no va estar sempre al mateix lloc on ens trobem ara. Antigament, cap a l\u2019any 1989,\u00a0l\u2019escola va n\u00e9ixer\u00a0d\u2019un desglossament d\u2019algunes unitats del CEIP Rafael Alberti a causa d\u2019un augment considerable de la poblaci\u00f3 al barri. Comen\u00e7a a funcionar de manera independent el curs 1989-1990 amb el nom de CEIP Ramon Llull.<\/b><\/p>\n<\/div>\n<div data-blogger-escaped-style=\"border: 0px; font-family: inherit; font-style: inherit; font-weight: inherit; margin-bottom: 1.75em; outline: 0px; padding: 0px; vertical-align: baseline;\">\n<p><b data-blogger-escaped-style=\"border: 0px; font-family: inherit; font-style: inherit; margin: 0px; outline: 0px; padding: 0px; vertical-align: baseline;\">Les classes es feien en unes aules prefabricades situades en els actuals terrenys de la piscina de Llefi\u00e0, mentres esper\u00e0vem la construcci\u00f3 d\u2019una nova escola que se situaria al carrer Antic de Val\u00e8ncia, on abans hi havia una gran f\u00e0brica \u201dCreu Verda\u201d.<\/b><\/p>\n<\/div>\n<div data-blogger-escaped-style=\"border: 0px; font-family: inherit; font-style: inherit; font-weight: inherit; margin-bottom: 1.75em; outline: 0px; padding: 0px; vertical-align: baseline;\"><\/div>\n<div data-blogger-escaped-style=\"border: 0px; font-family: inherit; font-style: inherit; font-weight: inherit; margin-bottom: 1.75em; outline: 0px; padding: 0px; vertical-align: baseline;\">\n<div data-blogger-escaped-style=\"text-align: center;\">\n<p><a href=\"https:\/\/escolaitacabadalona.files.wordpress.com\/2012\/11\/barracones_stantoni.jpg\" data-blogger-escaped-style=\"-webkit-transition: all 0.18s ease-out; border: 0px; color: #0da4d3; font-family: inherit; font-style: inherit; font-weight: inherit; margin: 0px; outline: 0px; padding: 0px; text-decoration: none; transition: all 0.18s ease-out; vertical-align: baseline;\"><img decoding=\"async\" class=\"aligncenter size-full wp-image-737\" src=\"https:\/\/escolaitacabadalona.files.wordpress.com\/2012\/11\/barracones_stantoni.jpg?w=470&amp;h=330\" alt=\"Barracones_stantoni\" data-blogger-escaped-style=\"-webkit-transition: all 0.18s ease-out; border: 0px; clear: both; display: block; height: auto; margin: 0px auto 1.75em !important; max-width: 100%; transition: all 0.18s ease-out; vertical-align: middle;\" \/><\/a><\/p>\n<\/div>\n<\/div>\n<div data-blogger-escaped-style=\"border: 0px; font-family: inherit; font-style: inherit; font-weight: inherit; margin-bottom: 1.75em; outline: 0px; padding: 0px; vertical-align: baseline;\"><\/div>\n<div data-blogger-escaped-style=\"border: 0px; font-family: inherit; font-style: inherit; font-weight: inherit; margin-bottom: 1.75em; outline: 0px; padding: 0px; vertical-align: baseline;\">\n<div data-blogger-escaped-style=\"text-align: center;\">\n<p><a href=\"https:\/\/escolaitacabadalona.files.wordpress.com\/2012\/11\/1971_ctra_antiga_de_valencia_clara_tif.jpg\" data-blogger-escaped-style=\"-webkit-transition: all 0.18s ease-out; border: 0px; color: #0da4d3; font-family: inherit; font-style: inherit; font-weight: inherit; margin: 0px; outline: 0px; padding: 0px; text-decoration: none; transition: all 0.18s ease-out; vertical-align: baseline;\"><img decoding=\"async\" class=\"aligncenter size-full wp-image-626\" src=\"https:\/\/escolaitacabadalona.files.wordpress.com\/2012\/11\/1971_ctra_antiga_de_valencia_clara_tif.jpg?w=470&amp;h=334\" alt=\"1971_Ctra_Antiga_de_Valencia_clara_tif\" data-blogger-escaped-style=\"-webkit-transition: all 0.18s ease-out; border: 0px; clear: both; display: block; height: auto; margin: 0px auto 1.75em !important; max-width: 100%; transition: all 0.18s ease-out; vertical-align: middle;\" \/><\/a><\/p>\n<\/div>\n<\/div>\n<div data-blogger-escaped-style=\"border: 0px; font-family: inherit; font-style: inherit; font-weight: inherit; margin-bottom: 1.75em; outline: 0px; padding: 0px; vertical-align: baseline;\">\n<p><b data-blogger-escaped-style=\"border: 0px; font-family: inherit; font-style: inherit; margin: 0px; outline: 0px; padding: 0px; vertical-align: baseline;\">Aix\u00ed que al poc, durant el curs 1990-1991, va comen\u00e7ar a funcionar l\u2019actual edifici del centre amb l\u2019equip de mestres que ja estava al desglossament anterior. En\u00a0tractar-se d\u2019una escola nova, els mestres van haver de decidir un nom per enlairar-se en aquesta aventura educativa. D\u2019entre molts, es\u00a0va triar com a nom definitiu per l\u2019escola:\u00a0<span style=\"color: #800080; font-family: inherit;\" data-blogger-escaped-style=\"border: 0px; color: purple; font-family: inherit; font-style: inherit; font-weight: inherit; margin: 0px; outline: 0px; padding: 0px; vertical-align: baseline;\">ITACA<\/span><\/b><\/p>\n<\/div>\n<div data-blogger-escaped-style=\"border: 0px; font-family: inherit; font-style: inherit; font-weight: inherit; margin-bottom: 1.75em; outline: 0px; padding: 0px; vertical-align: baseline;\"><\/div>\n<div data-blogger-escaped-style=\"border: 0px; font-family: inherit; font-style: inherit; font-weight: inherit; margin-bottom: 1.75em; outline: 0px; padding: 0px; vertical-align: baseline;\">\n<div data-blogger-escaped-style=\"text-align: center;\">\n<p><a href=\"https:\/\/escolaitacabadalona.files.wordpress.com\/2012\/11\/l-escola.jpg\" data-blogger-escaped-style=\"-webkit-transition: all 0.18s ease-out; border: 0px; color: #0da4d3; font-family: inherit; font-style: inherit; font-weight: inherit; margin: 0px; outline: 0px; padding: 0px; text-decoration: none; transition: all 0.18s ease-out; vertical-align: baseline;\"><img decoding=\"async\" class=\"size-full wp-image-419 aligncenter\" src=\"https:\/\/escolaitacabadalona.files.wordpress.com\/2012\/11\/l-escola.jpg?w=470&amp;h=353\" alt=\"L'Escola\" data-blogger-escaped-style=\"-webkit-transition: all 0.18s ease-out; border: 0px; clear: both; display: block; height: auto; margin: 0px auto 1.75em !important; max-width: 100%; transition: all 0.18s ease-out; vertical-align: middle;\" \/><\/a><\/p>\n<\/div>\n<\/div>\n<div data-blogger-escaped-style=\"border: 0px; font-family: inherit; font-style: inherit; font-weight: inherit; margin-bottom: 1.75em; outline: 0px; padding: 0px; vertical-align: baseline;\">\n<p><b data-blogger-escaped-style=\"border: 0px; font-family: inherit; font-style: inherit; margin: 0px; outline: 0px; padding: 0px; vertical-align: baseline;\">L\u2019escola va comen\u00e7ar una nova etapa, una nova travessa que ens porta fins ara, en el vaixell de l\u2019educaci\u00f3, la solidaritat i el respecte cap al creixement dels nostres navegants. \u00cdtaca no nom\u00e9s \u00e9s el punt d\u2019arribada per a Ulisses a l\u2019Odissea, \u00cdtaca \u00e9s un cam\u00ed ple d\u2019experi\u00e8ncies educatives i emocionals que ens fan cada dia millors persones.<\/b><\/p>\n<\/div>\n<div data-blogger-escaped-style=\"border: 0px; font-family: inherit; font-style: inherit; font-weight: inherit; margin-bottom: 1.75em; outline: 0px; padding: 0px; vertical-align: baseline;\"><\/div>\n<div data-blogger-escaped-style=\"border: 0px; font-family: inherit; font-style: inherit; font-weight: inherit; margin-bottom: 1.75em; outline: 0px; padding: 0px; vertical-align: baseline;\"><\/div>\n<div data-blogger-escaped-style=\"border: 0px; font-family: inherit; font-style: inherit; font-weight: inherit; margin-bottom: 1.75em; outline: 0px; padding: 0px; vertical-align: baseline;\"><\/div>\n<div data-blogger-escaped-style=\"border: 0px; font-family: inherit; font-style: inherit; font-weight: inherit; margin-bottom: 1.75em; outline: 0px; padding: 0px; vertical-align: baseline;\">\n<p><i data-blogger-escaped-style=\"border: 0px; font-family: inherit; font-weight: inherit; margin: 0px; outline: 0px; padding: 0px; vertical-align: baseline;\">*Si esteu interessats en la hist\u00f2ria del barri de Llefi\u00e0, us recomanem que visiteu la web de L\u2019Arxiu Hist\u00f2ric de Llefi\u00e0:\u00a0<\/i><\/p>\n<p><a href=\"http:\/\/www.llefia.org\/arxiu\/\" target=\"_blank\" rel=\"noopener noreferrer\" data-blogger-escaped-style=\"-webkit-transition: all 0.18s ease-out; border: 0px; color: #0da4d3; font-family: inherit; font-style: inherit; font-weight: inherit; margin: 0px; outline: 0px; padding: 0px; text-decoration: none; transition: all 0.18s ease-out; vertical-align: baseline;\">ttp:\/\/www.llefia.org\/arxiu\/<\/a><\/p>\n<\/div>\n<\/div>\n","protected":false},"excerpt":{"rendered":"<p>Situada al barri emblem\u00e0tic de Llefi\u00e0, a Badalona, la nostra escola t\u00e9 una petita per\u00f2 continuada hist\u00f2ria que cada dia es va ampliant amb l\u2019esfor\u00e7 de tota la gent que hi treballa en ella. De la mateixa forma, la hist\u00f2ria de la nostra escola est\u00e0 lligada a la del barri, perqu\u00e8 Llefi\u00e0 tampoc era tal [&hellip;]<\/p>\n","protected":false},"author":1,"featured_media":0,"parent":22,"menu_order":70,"comment_status":"closed","ping_status":"closed","template":"page-templates\/side-menu.php","meta":{"_bbp_topic_count":0,"_bbp_reply_count":0,"_bbp_total_topic_count":0,"_bbp_total_reply_count":0,"_bbp_voice_count":0,"_bbp_anonymous_reply_count":0,"_bbp_topic_count_hidden":0,"_bbp_reply_count_hidden":0,"_bbp_forum_subforum_count":0,"site-sidebar-layout":"default","site-content-layout":"","ast-site-content-layout":"","site-content-style":"default","site-sidebar-style":"default","ast-global-header-display":"","ast-banner-title-visibility":"","ast-main-header-display":"","ast-hfb-above-header-display":"","ast-hfb-below-header-display":"","ast-hfb-mobile-header-display":"","site-post-title":"","ast-breadcrumbs-content":"","ast-featured-img":"","footer-sml-layout":"","theme-transparent-header-meta":"","adv-header-id-meta":"","stick-header-meta":"","header-above-stick-meta":"","header-main-stick-meta":"","header-below-stick-meta":"","astra-migrate-meta-layouts":"default","ast-page-background-enabled":"default","ast-page-background-meta":{"desktop":{"background-color":"var(--ast-global-color-4)","background-image":"","background-repeat":"repeat","background-position":"center center","background-size":"auto","background-attachment":"scroll","background-type":"","background-media":"","overlay-type":"","overlay-color":"","overlay-opacity":"","overlay-gradient":""},"tablet":{"background-color":"","background-image":"","background-repeat":"repeat","background-position":"center center","background-size":"auto","background-attachment":"scroll","background-type":"","background-media":"","overlay-type":"","overlay-color":"","overlay-opacity":"","overlay-gradient":""},"mobile":{"background-color":"","background-image":"","background-repeat":"repeat","background-position":"center center","background-size":"auto","background-attachment":"scroll","background-type":"","background-media":"","overlay-type":"","overlay-color":"","overlay-opacity":"","overlay-gradient":""}},"ast-content-background-meta":{"desktop":{"background-color":"var(--ast-global-color-5)","background-image":"","background-repeat":"repeat","background-position":"center center","background-size":"auto","background-attachment":"scroll","background-type":"","background-media":"","overlay-type":"","overlay-color":"","overlay-opacity":"","overlay-gradient":""},"tablet":{"background-color":"var(--ast-global-color-5)","background-image":"","background-repeat":"repeat","background-position":"center center","background-size":"auto","background-attachment":"scroll","background-type":"","background-media":"","overlay-type":"","overlay-color":"","overlay-opacity":"","overlay-gradient":""},"mobile":{"background-color":"var(--ast-global-color-5)","background-image":"","background-repeat":"repeat","background-position":"center center","background-size":"auto","background-attachment":"scroll","background-type":"","background-media":"","overlay-type":"","overlay-color":"","overlay-opacity":"","overlay-gradient":""}},"footnotes":""},"class_list":["post-26","page","type-page","status-publish","hentry"],"post_mailing_queue_ids":[],"_links":{"self":[{"href":"https:\/\/agora.xtec.cat\/esc-itacabdn\/wp-json\/wp\/v2\/pages\/26","targetHints":{"allow":["GET"]}}],"collection":[{"href":"https:\/\/agora.xtec.cat\/esc-itacabdn\/wp-json\/wp\/v2\/pages"}],"about":[{"href":"https:\/\/agora.xtec.cat\/esc-itacabdn\/wp-json\/wp\/v2\/types\/page"}],"author":[{"embeddable":true,"href":"https:\/\/agora.xtec.cat\/esc-itacabdn\/wp-json\/wp\/v2\/users\/1"}],"replies":[{"embeddable":true,"href":"https:\/\/agora.xtec.cat\/esc-itacabdn\/wp-json\/wp\/v2\/comments?post=26"}],"version-history":[{"count":4,"href":"https:\/\/agora.xtec.cat\/esc-itacabdn\/wp-json\/wp\/v2\/pages\/26\/revisions"}],"predecessor-version":[{"id":4586,"href":"https:\/\/agora.xtec.cat\/esc-itacabdn\/wp-json\/wp\/v2\/pages\/26\/revisions\/4586"}],"up":[{"embeddable":true,"href":"https:\/\/agora.xtec.cat\/esc-itacabdn\/wp-json\/wp\/v2\/pages\/22"}],"wp:attachment":[{"href":"https:\/\/agora.xtec.cat\/esc-itacabdn\/wp-json\/wp\/v2\/media?parent=26"}],"curies":[{"name":"wp","href":"https:\/\/api.w.org\/{rel}","templated":true}]}}