{"id":938,"date":"2014-03-20T00:29:46","date_gmt":"2014-03-19T23:29:46","guid":{"rendered":"http:\/\/blocs.xtec.cat\/hortsavinya\/?page_id=938"},"modified":"2014-03-20T00:29:46","modified_gmt":"2014-03-19T23:29:46","slug":"fills-lectors","status":"publish","type":"page","link":"https:\/\/agora.xtec.cat\/esc-hortsavinya\/families-2\/fills-lectors\/","title":{"rendered":"Fills lectors"},"content":{"rendered":"<div>\n<div>\n<p>(extracte de <a href=\"http:\/\/www20.gencat.cat\/portal\/site\/familiaescola\/menuitem.5b21aabe12191ad9aacf3010b0c0e1a0\/?vgnextoid=a063ede29681f310VgnVCM2000009b0c1e0aRCRD&amp;vgnextchannel=a063ede29681f310VgnVCM2000009b0c1e0aRCRD&amp;vgnextfmt=default\" target=\"_blank\" rel=\"noopener\">Lectura, fam\u00edlia i escola<\/a>)<\/p>\n<p>Aconseguir que els vostres fills obtinguin l&#8217;h\u00e0bit de lectura dep\u00e8n, en gran mesura, de la vostra tasca. L&#8217;escola t\u00e9 un paper molt important en l&#8217;aprenentatge i el foment de la lectura dels vostres fills, per\u00f2 el gust per llegir va m\u00e9s enll\u00e0 i no es podr\u00e0 aconseguir plenament sense la vostra col\u00b7laboraci\u00f3. \u00c9s important fomentar la lectura en els nens des dels primers mesos de vida i acompanyar-los en tot el proc\u00e9s.<\/p>\n<p>Tot seguit us presentem una s\u00e8rie de <strong>recomanacions<\/strong> que us poden ajudar a aconseguir que els vostres fills trobin el gust per la lectura:<\/p>\n<ol>\n<li><strong>Intenteu que us vegin llegir a casa<\/strong>. Aquest \u00e9s el primer pas que heu de fer com a pares: el contagi m\u00e9s efica\u00e7 \u00e9s l&#8217;exemple.<\/li>\n<li><strong>Llegiu en veu alta als vostres fills quan s\u00f3n petits<\/strong>. D&#8217;aquesta manera l&#8217;infant associar\u00e0 els llibres amb una experi\u00e8ncia de benestar i despertareu en ells l&#8217;emoci\u00f3 i l&#8217;inter\u00e8s cap als llibres.<\/li>\n<li><strong>Practiqueu la lectura de deu a vint minuts cada dia amb ells<\/strong>. \u00c9s m\u00e9s benefici\u00f3s llegir un temps curt cada dia que no pas llegir una hora seguida un cop a la setmana. A m\u00e9s d&#8217;ajudar-los a desenvolupar l&#8217;h\u00e0bit lector, els vostres fills us agrairan aquesta estona de dedicaci\u00f3 i acompanyament diari.<\/li>\n<li><strong>Valoreu el vostre fill quan estigui llegint, <\/strong>d&#8217;aquesta manera el motiveu perqu\u00e8 ho segueixi fent i consolideu el seu h\u00e0bit lector.<\/li>\n<li><strong>Cal que tingueu a casa llibres que els interessin<\/strong> perqu\u00e8 s\u00f3n l&#8217;instrument m\u00e9s poder\u00f3s per convidar a la lectura. Els vostres fills han de descobrir que es llegeix per aprendre, per\u00f2 tamb\u00e9 per passar-ho b\u00e9, per plaer i per distracci\u00f3.<\/li>\n<li><strong>\u00c9s important que disposeu d&#8217;un lloc agradable per llegir<\/strong> amb llum adequada, amb tranquil\u00b7litat i sense sorolls que poden distreure la lectura.<\/li>\n<li><strong>Ajudeu-los a planificar un temps per a la lectura<\/strong> i penseu que fora de casa tamb\u00e9 hi ha llocs i moments per llegir: a la biblioteca, a l&#8217;autob\u00fas, a la consulta m\u00e8dica\u2026<\/li>\n<li><strong>Doneu-los a con\u00e8ixer altres formats, com els llibres digitals<\/strong>, els blogs, les p\u00e0gines web\u2026 com una manera diferent d&#8217;acostar-se a la lectura.<\/li>\n<li><strong>Interesseu-vos per les seves lectures de classe<\/strong> i compartiu-les amb tanta naturalitat com pugueu, sense convertir-les \u00fanicament en un deure escolar.<\/li>\n<li><strong>Feu amb ells activitats al voltant dels llibres, <\/strong>com ara dibuixar sobre els personatges dels llibres que llegeix, anar al teatre o al cinema a veure obres relacionades amb llibres.<\/li>\n<li><strong>Mireu amb els vostres fills pel\u00b7l\u00edcules basades en llibres.<\/strong> Quan alguna pel\u00b7l\u00edcula els agradi molt, aprofiteu per explicar-los que est\u00e0 basada en un llibre que inclou moltes m\u00e9s coses que no apareixen en la pel\u00b7l\u00edcula per falta de temps. Podr\u00e0 ser una motivaci\u00f3 per a la lectura.<\/li>\n<\/ol>\n<\/div>\n<\/div>\n<p>Per saber m\u00e9s sobre el tema podeu llegir &#8220;<a href=\"http:\/\/www.fbofill.cat\/intra\/fbofill\/documents\/publicacions\/553.pdf\" target=\"_blank\" rel=\"noopener\">El m\u00e8tode definitiu per tenir fills lectors<\/a>&#8220;<\/p>\n","protected":false},"excerpt":{"rendered":"<p>(extracte de Lectura, fam\u00edlia i escola) Aconseguir que els vostres fills obtinguin l&#8217;h\u00e0bit de lectura dep\u00e8n, en gran mesura, de la vostra tasca. L&#8217;escola t\u00e9 un paper molt important en l&#8217;aprenentatge i el foment de la lectura dels vostres fills, per\u00f2 el gust per llegir va m\u00e9s enll\u00e0 i no es podr\u00e0 aconseguir plenament sense [&hellip;]<\/p>\n","protected":false},"author":3,"featured_media":0,"parent":931,"menu_order":0,"comment_status":"open","ping_status":"open","template":"","meta":{"_bbp_topic_count":0,"_bbp_reply_count":0,"_bbp_total_topic_count":0,"_bbp_total_reply_count":0,"_bbp_voice_count":0,"_bbp_anonymous_reply_count":0,"_bbp_topic_count_hidden":0,"_bbp_reply_count_hidden":0,"_bbp_forum_subforum_count":0,"site-sidebar-layout":"default","site-content-layout":"","ast-site-content-layout":"","site-content-style":"default","site-sidebar-style":"default","ast-global-header-display":"","ast-banner-title-visibility":"","ast-main-header-display":"","ast-hfb-above-header-display":"","ast-hfb-below-header-display":"","ast-hfb-mobile-header-display":"","site-post-title":"","ast-breadcrumbs-content":"","ast-featured-img":"","footer-sml-layout":"","theme-transparent-header-meta":"","adv-header-id-meta":"","stick-header-meta":"","header-above-stick-meta":"","header-main-stick-meta":"","header-below-stick-meta":"","astra-migrate-meta-layouts":"default","ast-page-background-enabled":"default","ast-page-background-meta":{"desktop":{"background-color":"var(--ast-global-color-4)","background-image":"","background-repeat":"repeat","background-position":"center center","background-size":"auto","background-attachment":"scroll","background-type":"","background-media":"","overlay-type":"","overlay-color":"","overlay-opacity":"","overlay-gradient":""},"tablet":{"background-color":"","background-image":"","background-repeat":"repeat","background-position":"center center","background-size":"auto","background-attachment":"scroll","background-type":"","background-media":"","overlay-type":"","overlay-color":"","overlay-opacity":"","overlay-gradient":""},"mobile":{"background-color":"","background-image":"","background-repeat":"repeat","background-position":"center center","background-size":"auto","background-attachment":"scroll","background-type":"","background-media":"","overlay-type":"","overlay-color":"","overlay-opacity":"","overlay-gradient":""}},"ast-content-background-meta":{"desktop":{"background-color":"var(--ast-global-color-5)","background-image":"","background-repeat":"repeat","background-position":"center center","background-size":"auto","background-attachment":"scroll","background-type":"","background-media":"","overlay-type":"","overlay-color":"","overlay-opacity":"","overlay-gradient":""},"tablet":{"background-color":"var(--ast-global-color-5)","background-image":"","background-repeat":"repeat","background-position":"center center","background-size":"auto","background-attachment":"scroll","background-type":"","background-media":"","overlay-type":"","overlay-color":"","overlay-opacity":"","overlay-gradient":""},"mobile":{"background-color":"var(--ast-global-color-5)","background-image":"","background-repeat":"repeat","background-position":"center center","background-size":"auto","background-attachment":"scroll","background-type":"","background-media":"","overlay-type":"","overlay-color":"","overlay-opacity":"","overlay-gradient":""}},"footnotes":""},"class_list":["post-938","page","type-page","status-publish","hentry"],"post_mailing_queue_ids":[],"_links":{"self":[{"href":"https:\/\/agora.xtec.cat\/esc-hortsavinya\/wp-json\/wp\/v2\/pages\/938","targetHints":{"allow":["GET"]}}],"collection":[{"href":"https:\/\/agora.xtec.cat\/esc-hortsavinya\/wp-json\/wp\/v2\/pages"}],"about":[{"href":"https:\/\/agora.xtec.cat\/esc-hortsavinya\/wp-json\/wp\/v2\/types\/page"}],"author":[{"embeddable":true,"href":"https:\/\/agora.xtec.cat\/esc-hortsavinya\/wp-json\/wp\/v2\/users\/3"}],"replies":[{"embeddable":true,"href":"https:\/\/agora.xtec.cat\/esc-hortsavinya\/wp-json\/wp\/v2\/comments?post=938"}],"version-history":[{"count":0,"href":"https:\/\/agora.xtec.cat\/esc-hortsavinya\/wp-json\/wp\/v2\/pages\/938\/revisions"}],"up":[{"embeddable":true,"href":"https:\/\/agora.xtec.cat\/esc-hortsavinya\/wp-json\/wp\/v2\/pages\/931"}],"wp:attachment":[{"href":"https:\/\/agora.xtec.cat\/esc-hortsavinya\/wp-json\/wp\/v2\/media?parent=938"}],"curies":[{"name":"wp","href":"https:\/\/api.w.org\/{rel}","templated":true}]}}