{"id":2504,"date":"2017-05-10T00:03:41","date_gmt":"2017-05-09T22:03:41","guid":{"rendered":"http:\/\/blocs.xtec.cat\/hortsavinya\/?page_id=2504"},"modified":"2017-05-10T00:03:41","modified_gmt":"2017-05-09T22:03:41","slug":"aplicacio-arbres-del-montnegre","status":"publish","type":"page","link":"https:\/\/agora.xtec.cat\/esc-hortsavinya\/alumnes\/aplicacio-arbres-del-montnegre\/","title":{"rendered":"App &#8220;Arbres del Montnegre&#8221;"},"content":{"rendered":"<p><img loading=\"lazy\" decoding=\"async\" class=\" wp-image-2508 alignnone\" src=\"https:\/\/agora.xtec.cat\/esc-hortsavinya\/wp-content\/uploads\/usu2361\/2017\/05\/Captura-Roboresme.png\" alt=\"Captura Roboresme\" width=\"643\" height=\"494\" srcset=\"https:\/\/agora.xtec.cat\/esc-hortsavinya\/wp-content\/uploads\/usu2361\/2017\/05\/Captura-Roboresme.png 889w, https:\/\/agora.xtec.cat\/esc-hortsavinya\/wp-content\/uploads\/usu2361\/2017\/05\/Captura-Roboresme-300x230.png 300w, https:\/\/agora.xtec.cat\/esc-hortsavinya\/wp-content\/uploads\/usu2361\/2017\/05\/Captura-Roboresme-768x590.png 768w\" sizes=\"auto, (max-width: 643px) 100vw, 643px\" \/><\/p>\n<p>Des de gener a maig del 2017 els alumnes de 3r, 4t i 5\u00e8 han estat treballant en el disseny i desenvolupament d&#8217;una aplicaci\u00f3 per tel\u00e8fons i tauletes android amb l&#8217;objectiu de facilitar que qualsevol persona que visiti el nostre entorn pugui recon\u00e8ixer els arbres que creixen de forma natural al Montnegre.<\/p>\n<p>Si voleu podeu instal\u00b7lar l&#8217;aplicaci\u00f3 al vostre tel\u00e8fon per\u00f2 teniu en compte que encara \u00e9s una <strong>versi\u00f3 beta<\/strong> (pot haver alguna errada, faltes ortogr\u00e0fiques&#8230;)<\/p>\n<p>Agrairem que ens comuniqueu qualsevol errada que trobeu. L&#8217;objectiu \u00e9s que arribi a tenir un nivell prou bo per publicar-la a Google Play Store.<\/p>\n<p>Com que la descarregareu d&#8217;un lloc no oficial, per instal\u00b7lar-la haureu de seguir aquestes petites instruccions:<\/p>\n<ol>\n<li>Aneu a configuraci\u00f3 del tel\u00e8fon i busqueu &#8220;seguretat&#8221;.<\/li>\n<li>A dins heu de marcar on diu: &#8220;Fonts desconegudes. Permetre la instal\u00b7laci\u00f3 d&#8217;aplicacions diferents de Google Play Store.<\/li>\n<li>Torneu a aquesta p\u00e0gina amb el tel\u00e8fon o tauleta. Descarregueu-la amb l&#8217;enlla\u00e7 o amb el codi QR<\/li>\n<\/ol>\n<p><strong>Versi\u00f3 actual Beta 0.2 (3 de juny del 2017)<\/strong><\/p>\n<p>Millores: 29 pantalles revisades. Correccions ling\u00fc\u00edstiques i de errades als noms llatins, una\u00a0correcci\u00f3 de clau dicot\u00f2mica (\u00c0lber-Tr\u00e8mol) i algunes de programaci\u00f3.<\/p>\n<p>Volem agrair al Dr. Jaume Llistosella de l&#8217;Institut de Recerca de la Biodiversitat per ajudar-nos a millorar el rigor cient\u00edfic.<\/p>\n<p><a href=\"https:\/\/drive.google.com\/open?id=0B-JWQuQwkLLVZVBXT1JhX1B0UDQ\" target=\"_blank\" rel=\"noopener\">https:\/\/drive.google.com\/open?id=0B-JWQuQwkLLVZVBXT1JhX1B0UDQ<\/a><\/p>\n<p><img loading=\"lazy\" decoding=\"async\" class=\"alignnone\" src=\"http:\/\/www.codigos-qr.com\/qr\/php\/qr_img.php?d=https%3A%2F%2Fdrive.google.com%2Fopen%3Fid%3D0B-JWQuQwkLLVZVBXT1JhX1B0UDQ&amp;s=6&amp;e=m\" width=\"246\" height=\"246\" \/><\/p>\n<h3>Uns petits records:<\/h3>\n<figure style=\"width: 629px\" class=\"wp-caption alignnone\"><img loading=\"lazy\" decoding=\"async\" class=\"\" src=\"https:\/\/lh3.googleusercontent.com\/l2HrpBXNCz3KMbPvYA0yMlT11ztawtqWUuOSLlCElelp5uWipkXpFvwR5vGKKdGnEmSGZOAvjEv4uuU8uM8xz0xTUuKKrlYD80HuxCcK56_FU6gHx1D_CMOyaUBEueGwfbHVnebllIagrODdvlny8w0kqTmKFGgvW-GqoSSQPNrdNTkbwpBFP5u3j1PIuIp_3x2BCAhCO2X3kqR6LTGK4bSn2jC-awSUGK9JxhO7FFq5Jy7ANu0oiIvAP9Hl-jwTRRrCs5e8b94BvZWkcbuT9geWSoyxcJ3bA0WoWLVraAf4VZzmxaivK7qcWua-FBdTUvrkYxVlL9aQnPpVHGD9fFlLGIC-JEsjC61e83w9hn79AnrJJZKnu6cYwMHPdk95oyE6xlBichRJylzwrA7V2Ki4b2cIr0HVgyShaa0qFdhtqrMF4sy_7MjZhM74HaBoCNA3dcdfSHY0KWbdTxAC0w1GEWbNrkhl8k_wGFV8Pwdz9x560fmI1nzAxYP1Yt904xVh2DmHBq2acDK3vg3pALWCIUgmYSGOlkzt2MkoYvfg4qO2shXbmCWTSIZ9qZOG6Hntm92CEVG74H_P8RASMZ9b8ptFmXM965vTj2idaKDNQhkmaPgVknfeLcNSe06o0ZELdhFktj5Vh1fVstA7zBlJWg5QbWdcBfPsaUlRnoQ=w901-h676-no\" width=\"629\" height=\"472\" \/><figcaption class=\"wp-caption-text\">Informaci\u00f3 de les pantalles i control de tasques amb gomets.<\/figcaption><\/figure>\n<figure style=\"width: 611px\" class=\"wp-caption alignright\"><img loading=\"lazy\" decoding=\"async\" class=\"\" src=\"https:\/\/lh3.googleusercontent.com\/NkL-rSHOIfyC0JQQix-LLcJEJ2m_qwzdYkb8sNx5LbwzptRuxhRb8I4ghK-pHBsvSnDH6ga6jmpbej-NxlCSgGgjInWo_GVQLrq6g7o948tVouXOzKKS7ah9T8SHxGmOZPiPa8YhJxlssHewIctuvmjuIOoeMRQ6c0KWvhk13BXndlNW-bgnr2-3FKu9bimrsR-XX_ZVw0IVdwW1Nx86-NvifkUnQUhOxHEWg6Ze61dUUwa70n8gWsEzN7DNBm_ShnOf3QJZlC068EtpLmGcmNTi-Vl4NUbml9B64xdAKSPV-vzguD-N5nqZwZMvF0BQoXj78VtXQ-SiYs-05-lz7T-pNY0smOoLrZct-XXvCqVjbljbUe6UPwXTfVhLeMcn-2NV1rj-iNClHAjQkGPqvYcuPMP6dVYZNNIAcnV8hWMyI7mmaw-AAKU_1ZYjp6UTblHi99NI2eO59bZO4Aa_jD6nGgb3XXLTffGhTwG4mantZCXLr1mf5plX49oC9uS9EUNg5F6CGEOGt_VafxsK3YBQGVC4EVnjKH6Ni7tsVj2a9BG_ACvLWtZwFhYw9KkSpogZi22-nWKJ8zLHNTfUFJmI0Il809QZig8Kd1VORH78Ritl6emf1rwelI1cAmfbpPzPAXffj_z22JCEaNkdJD--SY9kiLtr6gSoBZA4gRg=w898-h673-no\" width=\"611\" height=\"458\" \/><figcaption class=\"wp-caption-text\">Arbres de ribera<\/figcaption><\/figure>\n<p>&nbsp;<\/p>\n<figure style=\"width: 639px\" class=\"wp-caption alignnone\"><img loading=\"lazy\" decoding=\"async\" src=\"https:\/\/lh3.googleusercontent.com\/zF8PdzdLupKCsfq2knGB1eFAauEkQwCuu_LKY4k7k_jZOJa2ogWYHxCIFwSSzdeSLf9CG9aMaUeqJ6RbVc1my1DM4PE2rfiqz5U8HySpI382p0Ci4PvSm2LyEIzatEbVWcAvHQHOXB6uT8r9kAVMFQ7W2VxtUeVsy385132La1GA_3A0s35c84nI1K0H7BuKDh0ZGr2XU92sYpFGyk9fXKSeZTdhd_E-yJKXcmPP5z4se6sRcEzBJoVZsA8sJuxupRTHcP3IlvVnj_aTwKPQSaL9rlRCEa551slq88dEy326jQFYUzEf2tRRG-Z0oi57ogLiH8SX4g4imZUyhHlhPc1VaDvHEdkUMknySSxmmlMG6_n_md20OKOBLrdwZGDnh5YDLx5t6_zziylix-gLK4GM0vv96H-cyQ-vU-u7fIhG_RQBp4CaWiXCO_hx9APHM0XFlJ3L0fyMSOfTms3DFOOY-0xx40Jd11q_CExxHeGO2E-a3XQJCW4qb_jAdd8pW9A3BH56HYgiPBMxY-75x82vpHAsg3Cjj7ILIF1IdKrxJgWhwrj013UzJR_d8uVxiaL0QJ_8tzhwLDrzsQuQx35m1ht0p0XsttVwXhXdVCBbpu9wXJC2eg=w902-h676-no\" width=\"639\" height=\"479\" \/><figcaption class=\"wp-caption-text\">Identificant arbres amb claus dicot\u00f2miques.<\/figcaption><\/figure>\n<p>Programant, cercant i transformant informaci\u00f3&#8230;<\/p>\n<p style=\"text-align: center;\">[youtube]https:\/\/youtu.be\/SfL7LmTVFSU[\/youtube]<\/p>\n","protected":false},"excerpt":{"rendered":"<p>Des de gener a maig del 2017 els alumnes de 3r, 4t i 5\u00e8 han estat treballant en el disseny i desenvolupament d&#8217;una aplicaci\u00f3 per tel\u00e8fons i tauletes android amb l&#8217;objectiu de facilitar que qualsevol persona que visiti el nostre entorn pugui recon\u00e8ixer els arbres que creixen de forma natural al Montnegre. Si voleu podeu [&hellip;]<\/p>\n","protected":false},"author":3,"featured_media":0,"parent":1022,"menu_order":0,"comment_status":"closed","ping_status":"closed","template":"","meta":{"_bbp_topic_count":0,"_bbp_reply_count":0,"_bbp_total_topic_count":0,"_bbp_total_reply_count":0,"_bbp_voice_count":0,"_bbp_anonymous_reply_count":0,"_bbp_topic_count_hidden":0,"_bbp_reply_count_hidden":0,"_bbp_forum_subforum_count":0,"site-sidebar-layout":"default","site-content-layout":"","ast-site-content-layout":"","site-content-style":"default","site-sidebar-style":"default","ast-global-header-display":"","ast-banner-title-visibility":"","ast-main-header-display":"","ast-hfb-above-header-display":"","ast-hfb-below-header-display":"","ast-hfb-mobile-header-display":"","site-post-title":"","ast-breadcrumbs-content":"","ast-featured-img":"","footer-sml-layout":"","theme-transparent-header-meta":"","adv-header-id-meta":"","stick-header-meta":"","header-above-stick-meta":"","header-main-stick-meta":"","header-below-stick-meta":"","astra-migrate-meta-layouts":"default","ast-page-background-enabled":"default","ast-page-background-meta":{"desktop":{"background-color":"var(--ast-global-color-4)","background-image":"","background-repeat":"repeat","background-position":"center center","background-size":"auto","background-attachment":"scroll","background-type":"","background-media":"","overlay-type":"","overlay-color":"","overlay-opacity":"","overlay-gradient":""},"tablet":{"background-color":"","background-image":"","background-repeat":"repeat","background-position":"center center","background-size":"auto","background-attachment":"scroll","background-type":"","background-media":"","overlay-type":"","overlay-color":"","overlay-opacity":"","overlay-gradient":""},"mobile":{"background-color":"","background-image":"","background-repeat":"repeat","background-position":"center center","background-size":"auto","background-attachment":"scroll","background-type":"","background-media":"","overlay-type":"","overlay-color":"","overlay-opacity":"","overlay-gradient":""}},"ast-content-background-meta":{"desktop":{"background-color":"var(--ast-global-color-5)","background-image":"","background-repeat":"repeat","background-position":"center center","background-size":"auto","background-attachment":"scroll","background-type":"","background-media":"","overlay-type":"","overlay-color":"","overlay-opacity":"","overlay-gradient":""},"tablet":{"background-color":"var(--ast-global-color-5)","background-image":"","background-repeat":"repeat","background-position":"center center","background-size":"auto","background-attachment":"scroll","background-type":"","background-media":"","overlay-type":"","overlay-color":"","overlay-opacity":"","overlay-gradient":""},"mobile":{"background-color":"var(--ast-global-color-5)","background-image":"","background-repeat":"repeat","background-position":"center center","background-size":"auto","background-attachment":"scroll","background-type":"","background-media":"","overlay-type":"","overlay-color":"","overlay-opacity":"","overlay-gradient":""}},"footnotes":""},"class_list":["post-2504","page","type-page","status-publish","hentry"],"post_mailing_queue_ids":[],"_links":{"self":[{"href":"https:\/\/agora.xtec.cat\/esc-hortsavinya\/wp-json\/wp\/v2\/pages\/2504","targetHints":{"allow":["GET"]}}],"collection":[{"href":"https:\/\/agora.xtec.cat\/esc-hortsavinya\/wp-json\/wp\/v2\/pages"}],"about":[{"href":"https:\/\/agora.xtec.cat\/esc-hortsavinya\/wp-json\/wp\/v2\/types\/page"}],"author":[{"embeddable":true,"href":"https:\/\/agora.xtec.cat\/esc-hortsavinya\/wp-json\/wp\/v2\/users\/3"}],"replies":[{"embeddable":true,"href":"https:\/\/agora.xtec.cat\/esc-hortsavinya\/wp-json\/wp\/v2\/comments?post=2504"}],"version-history":[{"count":0,"href":"https:\/\/agora.xtec.cat\/esc-hortsavinya\/wp-json\/wp\/v2\/pages\/2504\/revisions"}],"up":[{"embeddable":true,"href":"https:\/\/agora.xtec.cat\/esc-hortsavinya\/wp-json\/wp\/v2\/pages\/1022"}],"wp:attachment":[{"href":"https:\/\/agora.xtec.cat\/esc-hortsavinya\/wp-json\/wp\/v2\/media?parent=2504"}],"curies":[{"name":"wp","href":"https:\/\/api.w.org\/{rel}","templated":true}]}}