{"id":34,"date":"2014-09-18T12:32:18","date_gmt":"2014-09-18T11:32:18","guid":{"rendered":"https:\/\/agora.xtec.cat\/esc-guillemvic\/?page_id=34"},"modified":"2026-02-02T21:29:10","modified_gmt":"2026-02-02T20:29:10","slug":"oferta-educativa","status":"publish","type":"page","link":"https:\/\/agora.xtec.cat\/esc-guillemvic\/lescola\/oferta-educativa\/","title":{"rendered":"Projecte Educatiu de Centre (PEC)"},"content":{"rendered":"<p>El Projecte Educatiu de Centre (PEC) \u00e9s l\u2019element vertebrador del centre i de la seva activitat i, per tant, en determina l\u2019organitzaci\u00f3, la gesti\u00f3 i el funcionament. Aquest document va estar elaborat per l&#8217;Equip Directiu durant el curs 2022 &#8211; 2023 i es va aprovar per claustre el 15 de maig de 2023 i per Consell Escolar el 20 de juny de 2023.<\/p>\n<p>El pots consultar <a href=\"https:\/\/drive.google.com\/file\/d\/18AE0hntZwwj3YmOoeZ2FI52FR919gJu1\/view?usp=sharing\">aqu\u00ed<\/a>.<\/p>\n<p>Dins del Projecte Educatiu de Centre (PEC) hi ha el Projecte Ling\u00fc\u00edstic que \u00e9s un document que recull el tractament de les lleng\u00fces al nostre centre. A partir d\u2019una an\u00e0lisi de la realitat socioling\u00fc\u00edstica de l\u2019alumnat i de les fam\u00edlies del centre volem donar resposta a les necessitats ling\u00fc\u00edstiques del nostre alumnat. Aquest document recull Recull els acords presos en relaci\u00f3 a l&#8217;ensenyament i aprenentatge de les lleng\u00fces i la comunicaci\u00f3 al centre, acords que han de con\u00e8ixer i respectar tots els membres i estaments de la comunitat educativa.<\/p>\n<p>El pots consultar <a href=\"https:\/\/drive.google.com\/file\/d\/1R_vs3OiWWi315dvw-ccBYayRZWaUyUuk\/view?usp=sharing\">aqu\u00ed<\/a>.<\/p>\n<p><a href=\"https:\/\/agora.xtec.cat\/esc-guillemvic\/wp-content\/uploads\/usu3482\/2025\/11\/logo-gran-color-2.jpg\"><img loading=\"lazy\" decoding=\"async\" class=\" wp-image-761 aligncenter\" src=\"https:\/\/agora.xtec.cat\/esc-guillemvic\/wp-content\/uploads\/usu3482\/2025\/11\/logo-gran-color-2-1024x638.jpg\" alt=\"\" width=\"360\" height=\"224\" srcset=\"https:\/\/agora.xtec.cat\/esc-guillemvic\/wp-content\/uploads\/usu3482\/2025\/11\/logo-gran-color-2-1024x638.jpg 1024w, https:\/\/agora.xtec.cat\/esc-guillemvic\/wp-content\/uploads\/usu3482\/2025\/11\/logo-gran-color-2-300x187.jpg 300w, https:\/\/agora.xtec.cat\/esc-guillemvic\/wp-content\/uploads\/usu3482\/2025\/11\/logo-gran-color-2-768x479.jpg 768w, https:\/\/agora.xtec.cat\/esc-guillemvic\/wp-content\/uploads\/usu3482\/2025\/11\/logo-gran-color-2.jpg 1073w\" sizes=\"auto, (max-width: 360px) 100vw, 360px\" \/><\/a><\/p>\n","protected":false},"excerpt":{"rendered":"<p>El Projecte Educatiu de Centre (PEC) \u00e9s l\u2019element vertebrador del centre i de la seva activitat i, per tant, en determina l\u2019organitzaci\u00f3, la gesti\u00f3 i el funcionament. Aquest document va estar elaborat per l&#8217;Equip Directiu durant el curs 2022 &#8211; 2023 i es va aprovar per claustre el 15 de maig de 2023 i per [&hellip;]<\/p>\n","protected":false},"author":1,"featured_media":0,"parent":22,"menu_order":60,"comment_status":"closed","ping_status":"closed","template":"","meta":{"site-sidebar-layout":"default","site-content-layout":"","ast-site-content-layout":"default","site-content-style":"default","site-sidebar-style":"default","ast-global-header-display":"","ast-banner-title-visibility":"","ast-main-header-display":"","ast-hfb-above-header-display":"","ast-hfb-below-header-display":"","ast-hfb-mobile-header-display":"","site-post-title":"","ast-breadcrumbs-content":"","ast-featured-img":"","footer-sml-layout":"","theme-transparent-header-meta":"","adv-header-id-meta":"","stick-header-meta":"","header-above-stick-meta":"","header-main-stick-meta":"","header-below-stick-meta":"","astra-migrate-meta-layouts":"set","ast-page-background-enabled":"default","ast-page-background-meta":{"desktop":{"background-color":"var(--ast-global-color-4)","background-image":"","background-repeat":"repeat","background-position":"center center","background-size":"auto","background-attachment":"scroll","background-type":"","background-media":"","overlay-type":"","overlay-color":"","overlay-opacity":"","overlay-gradient":""},"tablet":{"background-color":"","background-image":"","background-repeat":"repeat","background-position":"center center","background-size":"auto","background-attachment":"scroll","background-type":"","background-media":"","overlay-type":"","overlay-color":"","overlay-opacity":"","overlay-gradient":""},"mobile":{"background-color":"","background-image":"","background-repeat":"repeat","background-position":"center center","background-size":"auto","background-attachment":"scroll","background-type":"","background-media":"","overlay-type":"","overlay-color":"","overlay-opacity":"","overlay-gradient":""}},"ast-content-background-meta":{"desktop":{"background-color":"var(--ast-global-color-5)","background-image":"","background-repeat":"repeat","background-position":"center center","background-size":"auto","background-attachment":"scroll","background-type":"","background-media":"","overlay-type":"","overlay-color":"","overlay-opacity":"","overlay-gradient":""},"tablet":{"background-color":"var(--ast-global-color-5)","background-image":"","background-repeat":"repeat","background-position":"center center","background-size":"auto","background-attachment":"scroll","background-type":"","background-media":"","overlay-type":"","overlay-color":"","overlay-opacity":"","overlay-gradient":""},"mobile":{"background-color":"var(--ast-global-color-5)","background-image":"","background-repeat":"repeat","background-position":"center center","background-size":"auto","background-attachment":"scroll","background-type":"","background-media":"","overlay-type":"","overlay-color":"","overlay-opacity":"","overlay-gradient":""}},"footnotes":""},"class_list":["post-34","page","type-page","status-publish","hentry"],"post_mailing_queue_ids":[],"_links":{"self":[{"href":"https:\/\/agora.xtec.cat\/esc-guillemvic\/wp-json\/wp\/v2\/pages\/34","targetHints":{"allow":["GET"]}}],"collection":[{"href":"https:\/\/agora.xtec.cat\/esc-guillemvic\/wp-json\/wp\/v2\/pages"}],"about":[{"href":"https:\/\/agora.xtec.cat\/esc-guillemvic\/wp-json\/wp\/v2\/types\/page"}],"author":[{"embeddable":true,"href":"https:\/\/agora.xtec.cat\/esc-guillemvic\/wp-json\/wp\/v2\/users\/1"}],"replies":[{"embeddable":true,"href":"https:\/\/agora.xtec.cat\/esc-guillemvic\/wp-json\/wp\/v2\/comments?post=34"}],"version-history":[{"count":6,"href":"https:\/\/agora.xtec.cat\/esc-guillemvic\/wp-json\/wp\/v2\/pages\/34\/revisions"}],"predecessor-version":[{"id":996,"href":"https:\/\/agora.xtec.cat\/esc-guillemvic\/wp-json\/wp\/v2\/pages\/34\/revisions\/996"}],"up":[{"embeddable":true,"href":"https:\/\/agora.xtec.cat\/esc-guillemvic\/wp-json\/wp\/v2\/pages\/22"}],"wp:attachment":[{"href":"https:\/\/agora.xtec.cat\/esc-guillemvic\/wp-json\/wp\/v2\/media?parent=34"}],"curies":[{"name":"wp","href":"https:\/\/api.w.org\/{rel}","templated":true}]}}