{"id":77,"date":"2014-09-18T14:05:08","date_gmt":"2014-09-18T13:05:08","guid":{"rendered":"http:\/\/agora.xtec.cat\/esc-gueraudejorba\/?page_id=77"},"modified":"2023-02-02T10:48:22","modified_gmt":"2023-02-02T09:48:22","slug":"acollida","status":"publish","type":"page","link":"https:\/\/agora.xtec.cat\/esc-gueraudejorba\/serveis\/acollida\/","title":{"rendered":"Acollida"},"content":{"rendered":"<p>L&#8217;escola ofereix servei d&#8217;acollida matinal de 8 a 9 hores a tots els nens i nenes de l&#8217;escola.<\/p>\n<p>Estaran atesos per l&#8217;Educadora d&#8217;infantil de 1r cicle<\/p>\n<p>Es pot ser usuari fixe o espor\u00e0dic. El servei d&#8217;acollida comen\u00e7ar\u00e0 el primer dia d\u2019escola del curs<\/p>\n<div style=\"text-align: left;\"><strong>Els preus :\u00a0 <\/strong>30\u20ac \/ mes usuaris fixes<\/div>\n<div>\u00a0 \u00a0 \u00a0 \u00a0 \u00a0 \u00a0 \u00a0 \u00a0 \u00a0 \u00a0 \u00a0 5\u20ac \/ dia usuaris espor\u00e0dics<\/div>\n<div style=\"text-align: left;\"><\/div>\n<div><\/div>\n<div><\/div>\n","protected":false},"excerpt":{"rendered":"<p>L&#8217;escola ofereix servei d&#8217;acollida matinal de 8 a 9 hores a tots els nens i nenes de l&#8217;escola.<br \/>\nEstaran atesos per l&#8217;Educadora d&#8217;infantil de 1r cicle<br \/>\nEs pot ser usuari fixe o espor\u00e0dic. El servei d&#8217;acollida comen\u00e7ar\u00e0 el primer dia d\u2019escola del curs<br \/>\nEls preus :\u00a0 30\u20ac \/&hellip;  <a href=\"https:\/\/agora.xtec.cat\/esc-gueraudejorba\/serveis\/acollida\/\" title=\"Read Acollida\">Llegeix m\u00e9s\u00bb<\/a><\/p>\n","protected":false},"author":1,"featured_media":0,"parent":66,"menu_order":2,"comment_status":"closed","ping_status":"closed","template":"page-templates\/side-menu.php","meta":{"_bbp_topic_count":0,"_bbp_reply_count":0,"_bbp_total_topic_count":0,"_bbp_total_reply_count":0,"_bbp_voice_count":0,"_bbp_anonymous_reply_count":0,"_bbp_topic_count_hidden":0,"_bbp_reply_count_hidden":0,"_bbp_forum_subforum_count":0,"footnotes":""},"class_list":["post-77","page","type-page","status-publish","hentry"],"post_mailing_queue_ids":[],"_links":{"self":[{"href":"https:\/\/agora.xtec.cat\/esc-gueraudejorba\/wp-json\/wp\/v2\/pages\/77","targetHints":{"allow":["GET"]}}],"collection":[{"href":"https:\/\/agora.xtec.cat\/esc-gueraudejorba\/wp-json\/wp\/v2\/pages"}],"about":[{"href":"https:\/\/agora.xtec.cat\/esc-gueraudejorba\/wp-json\/wp\/v2\/types\/page"}],"author":[{"embeddable":true,"href":"https:\/\/agora.xtec.cat\/esc-gueraudejorba\/wp-json\/wp\/v2\/users\/1"}],"replies":[{"embeddable":true,"href":"https:\/\/agora.xtec.cat\/esc-gueraudejorba\/wp-json\/wp\/v2\/comments?post=77"}],"version-history":[{"count":4,"href":"https:\/\/agora.xtec.cat\/esc-gueraudejorba\/wp-json\/wp\/v2\/pages\/77\/revisions"}],"predecessor-version":[{"id":4054,"href":"https:\/\/agora.xtec.cat\/esc-gueraudejorba\/wp-json\/wp\/v2\/pages\/77\/revisions\/4054"}],"up":[{"embeddable":true,"href":"https:\/\/agora.xtec.cat\/esc-gueraudejorba\/wp-json\/wp\/v2\/pages\/66"}],"wp:attachment":[{"href":"https:\/\/agora.xtec.cat\/esc-gueraudejorba\/wp-json\/wp\/v2\/media?parent=77"}],"curies":[{"name":"wp","href":"https:\/\/api.w.org\/{rel}","templated":true}]}}