{"id":7,"date":"2014-09-17T15:07:41","date_gmt":"2014-09-17T13:07:41","guid":{"rendered":"http:\/\/agora.xtec.cat\/esc-gueraudejorba\/?page_id=7"},"modified":"2026-01-31T21:10:50","modified_gmt":"2026-01-31T20:10:50","slug":"pagines-dinici","status":"publish","type":"page","link":"https:\/\/agora.xtec.cat\/esc-gueraudejorba\/","title":{"rendered":"PORTADA INICI"},"content":{"rendered":"<h3 style=\"text-align: left;\"><strong>Benvinguts a l&#8217;Escola Guerau de Jorba<\/strong><\/h3>\n<h3 style=\"text-align: left;\">Segueix-nos a<strong> <a href=\"https:\/\/www.instagram.com\/escola_guerau_jorba\/\" target=\"_blank\" rel=\"noopener\">https:\/\/www.instagram.com\/escola_guerau_<\/a><\/strong><\/h3>\n<p>&nbsp;<\/p>\n<table style=\"border-collapse: collapse; width: 100%;\">\n<tbody>\n<tr>\n<td style=\"width: 35.6951%;\">\n<h4 style=\"text-align: center;\"><strong>PREINSCRIPCI\u00d3 CURS 26\/27<\/strong><\/h4>\n<p>La preinscripci\u00f3 del <strong>1r cicle d&#8217;infantil<\/strong> es realitzar\u00e0 en les mateixes dates ja que l&#8217;ensenyament est\u00e0 integrat.<\/p>\n<p>Les jornades de portes obertes es realitzaran <strong>dijous 26 i divendres 27 de febrer de 3 a 2\/4 de 5 de la tarda.<\/strong><\/p>\n<p>Si esteu interessats en participar a les jornades de portes obertes podeu enviar un mail a <a href=\"mailto:a8019678@xtec.cat\">a8019678@xtec.cat<\/a> o trucar al tel\u00e8fon del centre 938094002 o al m\u00f2bil 634791880<\/td>\n<td style=\"width: 64.3049%;\"><img loading=\"lazy\" decoding=\"async\" class=\"alignnone size-full wp-image-6411\" src=\"https:\/\/agora.xtec.cat\/esc-gueraudejorba\/wp-content\/uploads\/usu822\/2026\/01\/poster-web.jpg\" alt=\"\" width=\"833\" height=\"469\" srcset=\"https:\/\/agora.xtec.cat\/esc-gueraudejorba\/wp-content\/uploads\/usu822\/2026\/01\/poster-web.jpg 833w, https:\/\/agora.xtec.cat\/esc-gueraudejorba\/wp-content\/uploads\/usu822\/2026\/01\/poster-web-300x169.jpg 300w, https:\/\/agora.xtec.cat\/esc-gueraudejorba\/wp-content\/uploads\/usu822\/2026\/01\/poster-web-768x432.jpg 768w\" sizes=\"auto, (max-width: 833px) 100vw, 833px\" \/><\/td>\n<\/tr>\n<\/tbody>\n<\/table>\n","protected":false},"excerpt":{"rendered":"<p>Benvinguts a l&#8217;Escola Guerau de Jorba<br \/>\nSegueix-nos a <a href=\"https:\/\/www.instagram.com\/escola_guerau_jorba\/\" target=\"_blank\" rel=\"noopener\">https:\/\/www.instagram.com\/escola_guerau_<\/a><br \/>\n&nbsp;<\/p>\n<p>PREINSCRIPCI\u00d3 CURS 26\/27<br \/>\nLa preinscripci\u00f3 del 1r cicle d&#8217;infantil es realitzar\u00e0 en les mateixes dates ja que l&#8217;ensenyament est\u00e0 integrat.<br \/>\nLes jornades de portes obertes es realitzaran dijous 26 i divendres 27 de febrer de 3 a&hellip;  <a href=\"https:\/\/agora.xtec.cat\/esc-gueraudejorba\/\" title=\"Read PORTADA INICI\">Llegeix m\u00e9s\u00bb<\/a><\/p>\n","protected":false},"author":1,"featured_media":0,"parent":0,"menu_order":1,"comment_status":"closed","ping_status":"closed","template":"page-templates\/front-page.php","meta":{"_bbp_topic_count":0,"_bbp_reply_count":0,"_bbp_total_topic_count":0,"_bbp_total_reply_count":0,"_bbp_voice_count":0,"_bbp_anonymous_reply_count":0,"_bbp_topic_count_hidden":0,"_bbp_reply_count_hidden":0,"_bbp_forum_subforum_count":0,"footnotes":""},"class_list":["post-7","page","type-page","status-publish","hentry"],"post_mailing_queue_ids":[],"_links":{"self":[{"href":"https:\/\/agora.xtec.cat\/esc-gueraudejorba\/wp-json\/wp\/v2\/pages\/7","targetHints":{"allow":["GET"]}}],"collection":[{"href":"https:\/\/agora.xtec.cat\/esc-gueraudejorba\/wp-json\/wp\/v2\/pages"}],"about":[{"href":"https:\/\/agora.xtec.cat\/esc-gueraudejorba\/wp-json\/wp\/v2\/types\/page"}],"author":[{"embeddable":true,"href":"https:\/\/agora.xtec.cat\/esc-gueraudejorba\/wp-json\/wp\/v2\/users\/1"}],"replies":[{"embeddable":true,"href":"https:\/\/agora.xtec.cat\/esc-gueraudejorba\/wp-json\/wp\/v2\/comments?post=7"}],"version-history":[{"count":7,"href":"https:\/\/agora.xtec.cat\/esc-gueraudejorba\/wp-json\/wp\/v2\/pages\/7\/revisions"}],"predecessor-version":[{"id":6415,"href":"https:\/\/agora.xtec.cat\/esc-gueraudejorba\/wp-json\/wp\/v2\/pages\/7\/revisions\/6415"}],"wp:attachment":[{"href":"https:\/\/agora.xtec.cat\/esc-gueraudejorba\/wp-json\/wp\/v2\/media?parent=7"}],"curies":[{"name":"wp","href":"https:\/\/api.w.org\/{rel}","templated":true}]}}