{"id":506,"date":"2019-10-18T11:09:57","date_gmt":"2019-10-18T09:09:57","guid":{"rendered":"https:\/\/agora.xtec.cat\/esc-estudiacasona-les\/?page_id=506"},"modified":"2019-10-25T09:34:52","modified_gmt":"2019-10-25T07:34:52","slug":"istoria","status":"publish","type":"page","link":"https:\/\/agora.xtec.cat\/esc-estudiacasona-les\/istoria\/","title":{"rendered":"Ist\u00f2ria"},"content":{"rendered":"<p style=\"text-align: center;\"><big><big><big><big><strong>UN SHINHAU D&#8217;IST\u00d2RIA<\/strong><big><big><\/big><\/big><\/big><\/big><big><big><\/big><\/big><\/big><\/big><\/p>\n<p>&nbsp;<\/p>\n<p style=\"text-align: justify;\">Era Esc\u00f2la Estudi Alejandro Casona ei ua esc\u00f2la publica, d&#8217;estructura ciclica, que depen deth Departament d&#8217;Educacion dera Generalitat de Catalonha. Ei ubicada en p\u00f2ble de Les, en carr\u00e8r des Banhs, e en ter\u00e7on de Quate L\u00f2cs. Eth p\u00f2ble ei sus ua nautada de 600 m\u00e8tres, atrauessat per arriu Garona, entornejat de nautes montanhes e damb un clima atlantic. Damb ua lengua pr\u00f2pia, era aranesa, a ua poblacion d&#8217;aprupr\u00e8tz 1025 abitants des qu&#8217;era mag\u00e8r part viu deth torisme, com\u00e8r\u00e7 e servicis, donques, era sua situacion geografica, ath costat dera termi\u00e8ra de Fran\u00e7a e era proximitat des pistes d&#8217;esqu\u00ed, atau ac facilite.<\/p>\n<p style=\"text-align: justify;\"><a href=\"https:\/\/agora.xtec.cat\/esc-estudiacasona-les\/wp-content\/uploads\/usu1640\/2019\/10\/P1010012.jpg\"><img loading=\"lazy\" decoding=\"async\" class=\"aligncenter\" src=\"https:\/\/agora.xtec.cat\/esc-estudiacasona-les\/wp-content\/uploads\/usu1640\/2019\/10\/P1010012.jpg\" alt=\"\" width=\"514\" height=\"385\" \/><\/a><br \/>\nEr Ajuntament collabore damb eth personau de servicis: c\u00f2ssos, limpiesa, manteniment des installacions\u2026<\/p>\n<p style=\"text-align: justify;\">Era prum\u00e8ra esc\u00f2la \u00e8re propietat deth municipi e la bastic er Estat damb aportacion municipau er an 1927. Coma institucions complement\u00e0ries ar estudi i auie ua Granja Cooperatiua Escolara, ua imprenta e ua bibliot\u00e8ca Circulanta.<\/p>\n<p style=\"text-align: justify;\"><a href=\"https:\/\/agora.xtec.cat\/esc-estudiacasona-les\/wp-content\/uploads\/usu1640\/2019\/10\/P1010021.jpg\"><img loading=\"lazy\" decoding=\"async\" class=\"aligncenter\" src=\"https:\/\/agora.xtec.cat\/esc-estudiacasona-les\/wp-content\/uploads\/usu1640\/2019\/10\/P1010021.jpg\" alt=\"\" width=\"519\" height=\"389\" \/><\/a><\/p>\n<ul>\n<li style=\"list-style-type: none;\">\n<ul>\n<li style=\"list-style-type: none;\">\n<ul>\n<li>Era Granja Cooperatiua Escolara \u00e8re situada a on ei ara era Resid\u00e8ncia dera Generalitat en uns terrens qu&#8217;\u00e8ren der Ajuntament. Podien formar part d&#8217;aguesta Cooperatiua toti es escolans matriculats en centre, e ex-escolans enquiara edat de 20 ans. \u00c7\u00f2 de m\u00e8s important \u00e8re qu&#8217;es madeishi escolans dirigien e controlauen era Cooperatiua : es auti s\u00f2cis non auien v\u00f2t.<\/li>\n<li style=\"text-align: justify;\">Era imprenta comenc\u00e8c a foncionar en temps dera II Republica. \u00c8re installada en aguest estudi e era sua utilizacion auie un car\u00e0cter d&#8217;ensenhament complementari t\u00e0s escolans e tanben damb finalitats d&#8217;orientacion professionau.<\/li>\n<li style=\"text-align: justify;\">Era bibliot\u00e8ca circulanta se cre\u00e8c, entre d&#8217;auti motius, ent\u00e0 estimular era aficion pera lectura.<\/li>\n<\/ul>\n<\/li>\n<\/ul>\n<\/li>\n<\/ul>\n<p style=\"text-align: justify;\">I auie tres seccions: Pedagogia, Generau e Escolar, e tres grops d&#8217;usuaris: M\u00e8stres, Popular e Infantil. I auie un bibliotecari qu&#8217;\u00e8re un m\u00e8stre de Les, pr&#8217;amor qu&#8217;era bibliot\u00e8ca \u00e8re pla\u00e7ada en n\u00f2ste p\u00f2ble; es libres que se demanauen de deh\u00f2ra deth p\u00f2ble s&#8217;enviauen per correo. I auie un pla\u00e7 ent\u00e0 tornar eth libre que s&#8217;auie deishat e se non tornaue en bon estat calie crompar-ne un aute o ben pagar \u00e7\u00f2 que costaue.<\/p>\n<p style=\"text-align: justify;\"><a href=\"https:\/\/agora.xtec.cat\/esc-estudiacasona-les\/wp-content\/uploads\/usu1640\/2019\/10\/P1010018.jpg\"><img loading=\"lazy\" decoding=\"async\" class=\"aligncenter\" src=\"https:\/\/agora.xtec.cat\/esc-estudiacasona-les\/wp-content\/uploads\/usu1640\/2019\/10\/P1010018.jpg\" alt=\"\" width=\"525\" height=\"394\" \/><\/a><br \/>\nEnt\u00e0 estimular era aficion pera lectura, s&#8217;organizauen concorsi de critica e resumits de lectures liejudes, articles e composicions liter\u00e0ries e d&#8217;investigacion bibliografica, eca. entre es lectors dera bibliot\u00e8ca.<\/p>\n<p><a href=\"https:\/\/agora.xtec.cat\/esc-estudiacasona-les\/wp-content\/uploads\/usu1640\/2019\/10\/F\u00f2to-estudi-antiga.png\"><img loading=\"lazy\" decoding=\"async\" class=\"aligncenter\" src=\"https:\/\/agora.xtec.cat\/esc-estudiacasona-les\/wp-content\/uploads\/usu1640\/2019\/10\/F\u00f2to-estudi-antiga.png\" alt=\"\" width=\"525\" height=\"389\" \/><\/a><\/p>\n<p style=\"text-align: justify;\">Er estudi \u00e8re un edifici damb dues classes, ua t\u00e0 mainatges e ua auta t\u00e0 mainades, dus bur\u00e8us, dus servicis e tanben dues viuendes : ua tath m\u00e8stre e era auta tara m\u00e8stra.<\/p>\n<p style=\"text-align: justify;\">Aguest estudi foncion\u00e8c coma tal enquiar an 1994 qu&#8217;ei quan s&#8217;inaugur\u00e8c eth nau edifici, pla\u00e7at ath costat.<\/p>\n<p><a href=\"https:\/\/agora.xtec.cat\/esc-estudiacasona-les\/wp-content\/uploads\/usu1640\/2019\/10\/Estudi-nau-1994.png\"><img loading=\"lazy\" decoding=\"async\" class=\"aligncenter\" src=\"https:\/\/agora.xtec.cat\/esc-estudiacasona-les\/wp-content\/uploads\/usu1640\/2019\/10\/Estudi-nau-1994.png\" alt=\"\" width=\"641\" height=\"423\" \/><\/a><\/p>\n<p>Ath del\u00e0 d&#8217;estudi era vielha bastissa auec diu\u00e8rses foncions: guarderia, minjador escolar, classes de grops flexibles,\u2026<\/p>\n<p style=\"text-align: justify;\">Alejandro Casona siguec destinat t\u00e0 Les, coma Inspector Escolar peth Ministeri d&#8217;Instruccion Publica er an 1928. Demor\u00e8c pendent tres ans en p\u00f2ble e en aguest temps, ath del\u00e0 dera faena coma Inspector tanben escriuec diferentes \u00f2bres liter\u00e0ries. B\u00e8ra ua d&#8217;eres se represent\u00e8c peth grop de teatre qu&#8217;eth madeish fond\u00e8c: &#8220;El p\u00e1jaro pinto&#8221;. Aguest escrivan ei eth que da n\u00f2m ar actuau estudi.<\/p>\n<p><a href=\"https:\/\/agora.xtec.cat\/esc-estudiacasona-les\/wp-content\/uploads\/usu1640\/2019\/10\/F\u00f2to-e-poesia-Alejandro-Casona.png\"><img loading=\"lazy\" decoding=\"async\" class=\"aligncenter\" src=\"https:\/\/agora.xtec.cat\/esc-estudiacasona-les\/wp-content\/uploads\/usu1640\/2019\/10\/F\u00f2to-e-poesia-Alejandro-Casona.png\" alt=\"\" width=\"572\" height=\"417\" \/><\/a><\/p>\n<p>Er an 2005 se comenc\u00e8c a remodelar er antic edifici e se junh\u00e8c damb era naua bastissa a trau\u00e8rs dera connexion; qued\u00e8c inaugurat er 11 d&#8217;abriu deth 2007.<\/p>\n<p>&nbsp;<\/p>\n<p><a href=\"https:\/\/agora.xtec.cat\/esc-estudiacasona-les\/wp-content\/uploads\/usu1640\/2019\/10\/Vista-aeriana-der-estudi.png\"><img loading=\"lazy\" decoding=\"async\" class=\"aligncenter\" src=\"https:\/\/agora.xtec.cat\/esc-estudiacasona-les\/wp-content\/uploads\/usu1640\/2019\/10\/Vista-aeriana-der-estudi.png\" alt=\"\" width=\"648\" height=\"409\" \/><\/a><\/p>\n","protected":false},"excerpt":{"rendered":"<p>UN SHINHAU D&#8217;IST\u00d2RIA<br \/>\n&nbsp;<br \/>\nEra Esc\u00f2la Estudi Alejandro Casona ei ua esc\u00f2la publica, d&#8217;estructura ciclica, que depen deth Departament d&#8217;Educacion dera Generalitat de Catalonha. Ei ubicada en p\u00f2ble de Les, en carr\u00e8r des Banhs, e en ter\u00e7on de Quate L\u00f2cs. Eth p\u00f2ble ei sus ua nautada de&hellip;  <a href=\"https:\/\/agora.xtec.cat\/esc-estudiacasona-les\/istoria\/\" title=\"Read Ist\u00f2ria\">Llegeix m\u00e9s\u00bb<\/a><\/p>\n","protected":false},"author":1,"featured_media":0,"parent":0,"menu_order":0,"comment_status":"closed","ping_status":"closed","template":"","meta":{"_bbp_topic_count":0,"_bbp_reply_count":0,"_bbp_total_topic_count":0,"_bbp_total_reply_count":0,"_bbp_voice_count":0,"_bbp_anonymous_reply_count":0,"_bbp_topic_count_hidden":0,"_bbp_reply_count_hidden":0,"_bbp_forum_subforum_count":0,"footnotes":""},"class_list":["post-506","page","type-page","status-publish","hentry"],"post_mailing_queue_ids":[],"_links":{"self":[{"href":"https:\/\/agora.xtec.cat\/esc-estudiacasona-les\/wp-json\/wp\/v2\/pages\/506","targetHints":{"allow":["GET"]}}],"collection":[{"href":"https:\/\/agora.xtec.cat\/esc-estudiacasona-les\/wp-json\/wp\/v2\/pages"}],"about":[{"href":"https:\/\/agora.xtec.cat\/esc-estudiacasona-les\/wp-json\/wp\/v2\/types\/page"}],"author":[{"embeddable":true,"href":"https:\/\/agora.xtec.cat\/esc-estudiacasona-les\/wp-json\/wp\/v2\/users\/1"}],"replies":[{"embeddable":true,"href":"https:\/\/agora.xtec.cat\/esc-estudiacasona-les\/wp-json\/wp\/v2\/comments?post=506"}],"version-history":[{"count":4,"href":"https:\/\/agora.xtec.cat\/esc-estudiacasona-les\/wp-json\/wp\/v2\/pages\/506\/revisions"}],"predecessor-version":[{"id":640,"href":"https:\/\/agora.xtec.cat\/esc-estudiacasona-les\/wp-json\/wp\/v2\/pages\/506\/revisions\/640"}],"wp:attachment":[{"href":"https:\/\/agora.xtec.cat\/esc-estudiacasona-les\/wp-json\/wp\/v2\/media?parent=506"}],"curies":[{"name":"wp","href":"https:\/\/api.w.org\/{rel}","templated":true}]}}