{"id":28,"date":"2014-09-18T12:29:35","date_gmt":"2014-09-18T12:29:35","guid":{"rendered":"http:\/\/agora.xtec.cat\/esc-estevecarles-lloret\/\/?page_id=28"},"modified":"2023-05-29T13:25:19","modified_gmt":"2023-05-29T11:25:19","slug":"consell-escolar","status":"publish","type":"page","link":"https:\/\/agora.xtec.cat\/esc-estevecarles-lloret\/la-nostra-escola\/consell-escolar\/","title":{"rendered":"Consell escolar"},"content":{"rendered":"<p>Consell escolar del curs 2022-2023.<\/p>\n<p>D\u2019acord amb la resoluci\u00f3 ENS\/2162\/2016 de 13 de setembre, el consell escolar \u00e9s l\u2019\u00f2rgan de participaci\u00f3 en el control i la gesti\u00f3 de l\u2019escola, presidit per la directora de l\u2019escola, es reunir\u00e0 com a m\u00ednim trimestralment, els dijous a les 17h.<br \/>\nConvocats amb 48 hores d\u2019antelaci\u00f3.<\/p>\n<p><strong>Presidenta\/ Directora<\/strong><br \/>\nMarta Rota<br \/>\nCap d\u2019Estudis<br \/>\nS\u00edlvia Lorente<br \/>\nSecret\u00e0ria<br \/>\nLlu\u00efsa Parrilla<br \/>\n<strong>Representant Ajuntament<\/strong><br \/>\nAlbert Fern\u00e1ndez (regidor d&#8217;educaci\u00f3)<br \/>\n<strong>Re<\/strong><strong>presentants mestres<\/strong><br \/>\nCristina Garrido<br \/>\nClara Andr\u00e9s<br \/>\nLaura Vera<br \/>\nM. \u00c0ngels Garcia<br \/>\nYasmina El Ouarnaghli<br \/>\nM\u00f2nica Arnau<br \/>\n<strong>Representats pares i mares<\/strong><br \/>\nMarel P\u00e9rez<br \/>\nJordi Fornaguera<br \/>\nMaria Catena<br \/>\nMilena Costa<br \/>\nIvan Gonz\u00e1lez<br \/>\nMontserrat Palaudelm\u00e0s<br \/>\n<strong>Representant AMPA<\/strong><br \/>\nRosalia Privitera<br \/>\n<strong>Representant PAS<\/strong><br \/>\nJosep Xapell\u00ed<\/p>\n<p>&nbsp;<\/p>\n","protected":false},"excerpt":{"rendered":"<p>Consell escolar del curs 2022-2023. D\u2019acord amb la resoluci\u00f3 ENS\/2162\/2016 de 13 de setembre, el consell escolar \u00e9s l\u2019\u00f2rgan de participaci\u00f3 en el control i la gesti\u00f3 de l\u2019escola, presidit per la directora de l\u2019escola, es reunir\u00e0 com a m\u00ednim trimestralment, els dijous a les 17h. Convocats amb 48 hores d\u2019antelaci\u00f3. Presidenta\/ Directora Marta Rota [&hellip;]<\/p>\n","protected":false},"author":2,"featured_media":0,"parent":22,"menu_order":30,"comment_status":"closed","ping_status":"closed","template":"page-templates\/side-menu.php","meta":{"_bbp_topic_count":0,"_bbp_reply_count":0,"_bbp_total_topic_count":0,"_bbp_total_reply_count":0,"_bbp_voice_count":0,"_bbp_anonymous_reply_count":0,"_bbp_topic_count_hidden":0,"_bbp_reply_count_hidden":0,"_bbp_forum_subforum_count":0,"site-sidebar-layout":"default","site-content-layout":"","ast-site-content-layout":"","site-content-style":"default","site-sidebar-style":"default","ast-global-header-display":"","ast-banner-title-visibility":"","ast-main-header-display":"","ast-hfb-above-header-display":"","ast-hfb-below-header-display":"","ast-hfb-mobile-header-display":"","site-post-title":"","ast-breadcrumbs-content":"","ast-featured-img":"","footer-sml-layout":"","theme-transparent-header-meta":"","adv-header-id-meta":"","stick-header-meta":"","header-above-stick-meta":"","header-main-stick-meta":"","header-below-stick-meta":"","astra-migrate-meta-layouts":"default","ast-page-background-enabled":"default","ast-page-background-meta":{"desktop":{"background-color":"var(--ast-global-color-5)","background-image":"","background-repeat":"repeat","background-position":"center center","background-size":"auto","background-attachment":"scroll","background-type":"","background-media":"","overlay-type":"","overlay-color":"","overlay-opacity":"","overlay-gradient":""},"tablet":{"background-color":"","background-image":"","background-repeat":"repeat","background-position":"center center","background-size":"auto","background-attachment":"scroll","background-type":"","background-media":"","overlay-type":"","overlay-color":"","overlay-opacity":"","overlay-gradient":""},"mobile":{"background-color":"","background-image":"","background-repeat":"repeat","background-position":"center center","background-size":"auto","background-attachment":"scroll","background-type":"","background-media":"","overlay-type":"","overlay-color":"","overlay-opacity":"","overlay-gradient":""}},"ast-content-background-meta":{"desktop":{"background-color":"var(--ast-global-color-4)","background-image":"","background-repeat":"repeat","background-position":"center center","background-size":"auto","background-attachment":"scroll","background-type":"","background-media":"","overlay-type":"","overlay-color":"","overlay-opacity":"","overlay-gradient":""},"tablet":{"background-color":"var(--ast-global-color-4)","background-image":"","background-repeat":"repeat","background-position":"center center","background-size":"auto","background-attachment":"scroll","background-type":"","background-media":"","overlay-type":"","overlay-color":"","overlay-opacity":"","overlay-gradient":""},"mobile":{"background-color":"var(--ast-global-color-4)","background-image":"","background-repeat":"repeat","background-position":"center center","background-size":"auto","background-attachment":"scroll","background-type":"","background-media":"","overlay-type":"","overlay-color":"","overlay-opacity":"","overlay-gradient":""}},"footnotes":""},"class_list":["post-28","page","type-page","status-publish","hentry"],"post_mailing_queue_ids":[],"_links":{"self":[{"href":"https:\/\/agora.xtec.cat\/esc-estevecarles-lloret\/wp-json\/wp\/v2\/pages\/28","targetHints":{"allow":["GET"]}}],"collection":[{"href":"https:\/\/agora.xtec.cat\/esc-estevecarles-lloret\/wp-json\/wp\/v2\/pages"}],"about":[{"href":"https:\/\/agora.xtec.cat\/esc-estevecarles-lloret\/wp-json\/wp\/v2\/types\/page"}],"author":[{"embeddable":true,"href":"https:\/\/agora.xtec.cat\/esc-estevecarles-lloret\/wp-json\/wp\/v2\/users\/2"}],"replies":[{"embeddable":true,"href":"https:\/\/agora.xtec.cat\/esc-estevecarles-lloret\/wp-json\/wp\/v2\/comments?post=28"}],"version-history":[{"count":4,"href":"https:\/\/agora.xtec.cat\/esc-estevecarles-lloret\/wp-json\/wp\/v2\/pages\/28\/revisions"}],"predecessor-version":[{"id":7253,"href":"https:\/\/agora.xtec.cat\/esc-estevecarles-lloret\/wp-json\/wp\/v2\/pages\/28\/revisions\/7253"}],"up":[{"embeddable":true,"href":"https:\/\/agora.xtec.cat\/esc-estevecarles-lloret\/wp-json\/wp\/v2\/pages\/22"}],"wp:attachment":[{"href":"https:\/\/agora.xtec.cat\/esc-estevecarles-lloret\/wp-json\/wp\/v2\/media?parent=28"}],"curies":[{"name":"wp","href":"https:\/\/api.w.org\/{rel}","templated":true}]}}