{"id":859,"date":"2019-10-24T12:40:50","date_gmt":"2019-10-24T10:40:50","guid":{"rendered":"http:\/\/agora.xtec.cat\/esc-esponella\/?page_id=859"},"modified":"2019-10-25T11:43:22","modified_gmt":"2019-10-25T09:43:22","slug":"educacio-fisica","status":"publish","type":"page","link":"https:\/\/agora.xtec.cat\/esc-esponella\/especialitats\/educacio-fisica\/","title":{"rendered":"M\u00fasica"},"content":{"rendered":"<p>Les classes de m\u00fasica es porten a terme a l&#8217;edifici de la Biblioteca. All\u00e0 la mestra hi t\u00e9 tot el material necessari per dur a terme les seves classes. A m\u00e9s a m\u00e9s tamb\u00e9 disposa d&#8217;una espai prou ampli per quan treballa amb el moviment del cos.<\/p>\n<p>L&#8217;especialista imparteix classes des de P3 fins a 6\u00e8 amb 1h setmanal per cicle.<\/p>\n","protected":false},"excerpt":{"rendered":"<p>Les classes de m\u00fasica es porten a terme a l&#8217;edifici de la Biblioteca. All\u00e0 la mestra hi t\u00e9 tot el material necessari per dur a terme les seves classes. A m\u00e9s a m\u00e9s tamb\u00e9 disposa d&#8217;una espai prou ampli per quan treballa amb el moviment&hellip;  <a href=\"https:\/\/agora.xtec.cat\/esc-esponella\/especialitats\/educacio-fisica\/\" title=\"Read M\u00fasica\">Llegeix m\u00e9s\u00bb<\/a><\/p>\n","protected":false},"author":1,"featured_media":0,"parent":854,"menu_order":30,"comment_status":"closed","ping_status":"closed","template":"page-templates\/side-menu.php","meta":{"_bbp_topic_count":0,"_bbp_reply_count":0,"_bbp_total_topic_count":0,"_bbp_total_reply_count":0,"_bbp_voice_count":0,"_bbp_anonymous_reply_count":0,"_bbp_topic_count_hidden":0,"_bbp_reply_count_hidden":0,"_bbp_forum_subforum_count":0,"footnotes":""},"class_list":["post-859","page","type-page","status-publish","hentry"],"post_mailing_queue_ids":[],"_links":{"self":[{"href":"https:\/\/agora.xtec.cat\/esc-esponella\/wp-json\/wp\/v2\/pages\/859","targetHints":{"allow":["GET"]}}],"collection":[{"href":"https:\/\/agora.xtec.cat\/esc-esponella\/wp-json\/wp\/v2\/pages"}],"about":[{"href":"https:\/\/agora.xtec.cat\/esc-esponella\/wp-json\/wp\/v2\/types\/page"}],"author":[{"embeddable":true,"href":"https:\/\/agora.xtec.cat\/esc-esponella\/wp-json\/wp\/v2\/users\/1"}],"replies":[{"embeddable":true,"href":"https:\/\/agora.xtec.cat\/esc-esponella\/wp-json\/wp\/v2\/comments?post=859"}],"version-history":[{"count":3,"href":"https:\/\/agora.xtec.cat\/esc-esponella\/wp-json\/wp\/v2\/pages\/859\/revisions"}],"predecessor-version":[{"id":955,"href":"https:\/\/agora.xtec.cat\/esc-esponella\/wp-json\/wp\/v2\/pages\/859\/revisions\/955"}],"up":[{"embeddable":true,"href":"https:\/\/agora.xtec.cat\/esc-esponella\/wp-json\/wp\/v2\/pages\/854"}],"wp:attachment":[{"href":"https:\/\/agora.xtec.cat\/esc-esponella\/wp-json\/wp\/v2\/media?parent=859"}],"curies":[{"name":"wp","href":"https:\/\/api.w.org\/{rel}","templated":true}]}}