{"id":854,"date":"2019-10-24T12:36:04","date_gmt":"2019-10-24T10:36:04","guid":{"rendered":"http:\/\/agora.xtec.cat\/esc-esponella\/?page_id=854"},"modified":"2019-10-24T13:12:19","modified_gmt":"2019-10-24T11:12:19","slug":"especialitats","status":"publish","type":"page","link":"https:\/\/agora.xtec.cat\/esc-esponella\/especialitats\/","title":{"rendered":"Especialitats"},"content":{"rendered":"<p>Aqu\u00ed teniu un apartat que inclou el treball de les tres especialitats: angl\u00e8s, educaci\u00f3 f\u00edsica i m\u00fasica.<\/p>\n","protected":false},"excerpt":{"rendered":"<p>Aqu\u00ed teniu un apartat que inclou el treball de les tres especialitats: angl\u00e8s, educaci\u00f3 f\u00edsica i m\u00fasica.<\/p>\n","protected":false},"author":1,"featured_media":0,"parent":0,"menu_order":0,"comment_status":"closed","ping_status":"closed","template":"page-templates\/side-menu.php","meta":{"_bbp_topic_count":0,"_bbp_reply_count":0,"_bbp_total_topic_count":0,"_bbp_total_reply_count":0,"_bbp_voice_count":0,"_bbp_anonymous_reply_count":0,"_bbp_topic_count_hidden":0,"_bbp_reply_count_hidden":0,"_bbp_forum_subforum_count":0,"footnotes":""},"class_list":["post-854","page","type-page","status-publish","hentry"],"post_mailing_queue_ids":[],"_links":{"self":[{"href":"https:\/\/agora.xtec.cat\/esc-esponella\/wp-json\/wp\/v2\/pages\/854","targetHints":{"allow":["GET"]}}],"collection":[{"href":"https:\/\/agora.xtec.cat\/esc-esponella\/wp-json\/wp\/v2\/pages"}],"about":[{"href":"https:\/\/agora.xtec.cat\/esc-esponella\/wp-json\/wp\/v2\/types\/page"}],"author":[{"embeddable":true,"href":"https:\/\/agora.xtec.cat\/esc-esponella\/wp-json\/wp\/v2\/users\/1"}],"replies":[{"embeddable":true,"href":"https:\/\/agora.xtec.cat\/esc-esponella\/wp-json\/wp\/v2\/comments?post=854"}],"version-history":[{"count":2,"href":"https:\/\/agora.xtec.cat\/esc-esponella\/wp-json\/wp\/v2\/pages\/854\/revisions"}],"predecessor-version":[{"id":881,"href":"https:\/\/agora.xtec.cat\/esc-esponella\/wp-json\/wp\/v2\/pages\/854\/revisions\/881"}],"wp:attachment":[{"href":"https:\/\/agora.xtec.cat\/esc-esponella\/wp-json\/wp\/v2\/media?parent=854"}],"curies":[{"name":"wp","href":"https:\/\/api.w.org\/{rel}","templated":true}]}}