{"id":30,"date":"2014-09-18T12:30:23","date_gmt":"2014-09-18T11:30:23","guid":{"rendered":"http:\/\/agora.xtec.cat\/esc-esponella\/?page_id=30"},"modified":"2023-10-29T14:13:41","modified_gmt":"2023-10-29T13:13:41","slug":"instal%c2%b7lacions","status":"publish","type":"page","link":"https:\/\/agora.xtec.cat\/esc-esponella\/lescola\/instal%c2%b7lacions\/","title":{"rendered":"Instal\u00b7lacions"},"content":{"rendered":"<p>L&#8217;escola consta de dos edificis diferenciats: la zona d&#8217;Ed. Infantil i la zona de Prim\u00e0ria.<\/p>\n<p>La zona d&#8217;Ed. Infantil consta de dues aules grans (Llar d&#8217;Infants i I3, I4 i 55), una aula de suport i una zona de lavabos. El pati d&#8217;Ed. Infantil est\u00e0 diferenciat del de Prim\u00e0ria.<\/p>\n<p>La zona de Prim\u00e0ria consta de tres grans aules (CI, CM i CS), una aula petitona que \u00e9s l&#8217;aula d&#8217;angl\u00e8s, una altra aula mitjana per fer desdoblements, l&#8217;aula d&#8217;inform\u00e0tica, la sala de mestres i despatx de direcci\u00f3, una zona de lavabos i el menjador i la cuina.<\/p>\n<p>A la zona exterior de Prim\u00e0ria hi ha una pista poliesportiva, una zona enjardinada i tamb\u00e9 una zona de jocs.<\/p>\n<p>L&#8217;escola tamb\u00e9 pot fer \u00fas en horari lectiu de dos equipaments municipals: el Local Social (est\u00e0 enganxat a la zona d&#8217;esbarjo de Prim\u00e0ria) i l&#8217;antiga Llar d&#8217;Infants que \u00e9s on s&#8217;hi fa la m\u00fasica i tamb\u00e9 hi tenim una petita biblioteca.<\/p>\n","protected":false},"excerpt":{"rendered":"<p>L&#8217;escola consta de dos edificis diferenciats: la zona d&#8217;Ed. Infantil i la zona de Prim\u00e0ria.<br \/>\nLa zona d&#8217;Ed. Infantil consta de dues aules grans (Llar d&#8217;Infants i I3, I4 i 55), una aula de suport i una zona de lavabos. El pati d&#8217;Ed. Infantil est\u00e0 diferenciat&hellip;  <a href=\"https:\/\/agora.xtec.cat\/esc-esponella\/lescola\/instal%c2%b7lacions\/\" title=\"Read Instal\u00b7lacions\">Llegeix m\u00e9s\u00bb<\/a><\/p>\n","protected":false},"author":1,"featured_media":0,"parent":22,"menu_order":40,"comment_status":"closed","ping_status":"closed","template":"page-templates\/side-menu.php","meta":{"_bbp_topic_count":0,"_bbp_reply_count":0,"_bbp_total_topic_count":0,"_bbp_total_reply_count":0,"_bbp_voice_count":0,"_bbp_anonymous_reply_count":0,"_bbp_topic_count_hidden":0,"_bbp_reply_count_hidden":0,"_bbp_forum_subforum_count":0,"footnotes":""},"class_list":["post-30","page","type-page","status-publish","hentry"],"post_mailing_queue_ids":[],"_links":{"self":[{"href":"https:\/\/agora.xtec.cat\/esc-esponella\/wp-json\/wp\/v2\/pages\/30","targetHints":{"allow":["GET"]}}],"collection":[{"href":"https:\/\/agora.xtec.cat\/esc-esponella\/wp-json\/wp\/v2\/pages"}],"about":[{"href":"https:\/\/agora.xtec.cat\/esc-esponella\/wp-json\/wp\/v2\/types\/page"}],"author":[{"embeddable":true,"href":"https:\/\/agora.xtec.cat\/esc-esponella\/wp-json\/wp\/v2\/users\/1"}],"replies":[{"embeddable":true,"href":"https:\/\/agora.xtec.cat\/esc-esponella\/wp-json\/wp\/v2\/comments?post=30"}],"version-history":[{"count":5,"href":"https:\/\/agora.xtec.cat\/esc-esponella\/wp-json\/wp\/v2\/pages\/30\/revisions"}],"predecessor-version":[{"id":6271,"href":"https:\/\/agora.xtec.cat\/esc-esponella\/wp-json\/wp\/v2\/pages\/30\/revisions\/6271"}],"up":[{"embeddable":true,"href":"https:\/\/agora.xtec.cat\/esc-esponella\/wp-json\/wp\/v2\/pages\/22"}],"wp:attachment":[{"href":"https:\/\/agora.xtec.cat\/esc-esponella\/wp-json\/wp\/v2\/media?parent=30"}],"curies":[{"name":"wp","href":"https:\/\/api.w.org\/{rel}","templated":true}]}}