{"id":1194,"date":"2021-01-19T15:41:49","date_gmt":"2021-01-19T14:41:49","guid":{"rendered":"https:\/\/agora.xtec.cat\/esc-elvalles\/?page_id=1194"},"modified":"2023-12-05T10:19:50","modified_gmt":"2023-12-05T09:19:50","slug":"maletes-viatgeres","status":"publish","type":"page","link":"https:\/\/agora.xtec.cat\/esc-elvalles\/projecte-educatiu\/catala\/maletes-viatgeres\/","title":{"rendered":"Maletes viatgeres"},"content":{"rendered":"<p><span style=\"font-weight: 400;\">Les maletes viatgeres s\u00f3n unes maletes\/bosses amb materials de biblioteca adequats a una edat determinada i que els alumnes s\u2019emporten a casa durant una setmana per llegir, mirar, compartint una estona amb la fam\u00edlia.<\/span><\/p>\n<p><span style=\"font-weight: 400;\">Les tutores de I3 a 3r prepararan una petita bossa\/maleta amb diferents tipus\u00a0 de lectures (conte, c\u00f2mic, revista&#8230;)<\/span>. <span style=\"font-weight: 400;\">Setmanalment se l\u2019emportar<\/span><span style=\"font-family: inherit; font-size: 1em;\">\u00e0 un infant\u00a0 a casa seva per compartir aquestes lectures amb la seva fam\u00edlia. La lectura permet a les fam\u00edlies i infants gaudir de la companyia m\u00fatua i \u00e9s un excel\u00b7lent moment per aprendre i ensenyar.<\/span><\/p>\n<p><span style=\"font-family: inherit; font-size: 1em;\"> S\u2019hi posar\u00e0\u00a0 una petita llibreteta on els\/les alumnes i les fam\u00edlies poden fer comentaris\u00a0 sobre les lectures (qu\u00e8 els ha agradat m\u00e9s, qu\u00e8 han apr\u00e8s, a qu\u00e8 els recorda,\u00a0 alguna recomanaci\u00f3&#8230;), dibuixos, etc&#8230;<\/span><\/p>\n<p>Esperem que aquestes lectures compartides us agradin i us animin per continuar llegint en fam\u00edlia.<\/p>\n<p>Les maletes us arribaran un divendres i les heu de tornar el dimecres seg\u00fcent. \u00c9s molt important que la torneu el dia que toqui.<\/p>\n<p>La maleta viatgera \u00e9s una molt bona idea de passar algun temps gaudint de la companyia dels pares i mares, avis, germans\u2026 llegint, gaudint del televisor apagat, amb els llibres a la m\u00e0. Llibres per comentar, per imaginar, per aprendre, per gaudir\u2026<strong>Una bona manera de fomentar la lectura i d\u2019implicar-vos com a fam\u00edlies i participar en la formaci\u00f3 dels vostres infants.\u00a0<\/strong><\/p>\n<p>&nbsp;<\/p>\n<p>Els<span style=\"color: #ff0000;\">\u00a0<span style=\"color: #000000;\">objectius<\/span><\/span>\u00a0d\u2019aquesta activitat s\u00f3n:<\/p>\n<p>\u00b7\u00a0 Contribuir a la presa de consci\u00e8ncia de l\u2019important paper que t\u00e9 la fam\u00edlia en el foment de la lectura.<\/p>\n<p>\u00b7\u00a0 Afavorir el desenvolupament de l\u2019h\u00e0bit lector en l\u2019alumnat del centre.<\/p>\n<p>.\u00a0 Promoure el gust per la lectura.<\/p>\n<p>\u00b7 Con\u00e8ixer llibres recomanats adients per educar millor els fills\/es.<\/p>\n<p>.\u00a0 Ajudar a establir un vincle afectiu entre adults i infants a trav\u00e9s de la lectura.<\/p>\n<p>.\u00a0 Potenciar l&#8217;atenci\u00f3 i la mem\u00f2ria.<\/p>\n<p>.\u00a0 Facilitar l&#8217;expressi\u00f3 de les pr\u00f2pies emocions.<\/p>\n<p>.\u00a0 Afermar l&#8217;autoestima de l&#8217;alumnat.<\/p>\n<p>.\u00a0 Afavorir l&#8217;enriquiment de l&#8217;expressi\u00f3 oral.<\/p>\n","protected":false},"excerpt":{"rendered":"<p>Les maletes viatgeres s\u00f3n unes maletes\/bosses amb materials de biblioteca adequats a una edat determinada i que els alumnes s\u2019emporten a casa durant una setmana per llegir, mirar, compartint una estona amb la fam\u00edlia.<br \/>\nLes tutores de I3 a 3r prepararan una petita bossa\/maleta amb diferents&hellip;  <a href=\"https:\/\/agora.xtec.cat\/esc-elvalles\/projecte-educatiu\/catala\/maletes-viatgeres\/\" title=\"Read Maletes viatgeres\">Llegeix m\u00e9s\u00bb<\/a><\/p>\n","protected":false},"author":1,"featured_media":0,"parent":1188,"menu_order":0,"comment_status":"closed","ping_status":"closed","template":"page-templates\/side-menu.php","meta":{"_bbp_topic_count":0,"_bbp_reply_count":0,"_bbp_total_topic_count":0,"_bbp_total_reply_count":0,"_bbp_voice_count":0,"_bbp_anonymous_reply_count":0,"_bbp_topic_count_hidden":0,"_bbp_reply_count_hidden":0,"_bbp_forum_subforum_count":0,"footnotes":""},"class_list":["post-1194","page","type-page","status-publish","hentry"],"post_mailing_queue_ids":[],"_links":{"self":[{"href":"https:\/\/agora.xtec.cat\/esc-elvalles\/wp-json\/wp\/v2\/pages\/1194","targetHints":{"allow":["GET"]}}],"collection":[{"href":"https:\/\/agora.xtec.cat\/esc-elvalles\/wp-json\/wp\/v2\/pages"}],"about":[{"href":"https:\/\/agora.xtec.cat\/esc-elvalles\/wp-json\/wp\/v2\/types\/page"}],"author":[{"embeddable":true,"href":"https:\/\/agora.xtec.cat\/esc-elvalles\/wp-json\/wp\/v2\/users\/1"}],"replies":[{"embeddable":true,"href":"https:\/\/agora.xtec.cat\/esc-elvalles\/wp-json\/wp\/v2\/comments?post=1194"}],"version-history":[{"count":6,"href":"https:\/\/agora.xtec.cat\/esc-elvalles\/wp-json\/wp\/v2\/pages\/1194\/revisions"}],"predecessor-version":[{"id":1940,"href":"https:\/\/agora.xtec.cat\/esc-elvalles\/wp-json\/wp\/v2\/pages\/1194\/revisions\/1940"}],"up":[{"embeddable":true,"href":"https:\/\/agora.xtec.cat\/esc-elvalles\/wp-json\/wp\/v2\/pages\/1188"}],"wp:attachment":[{"href":"https:\/\/agora.xtec.cat\/esc-elvalles\/wp-json\/wp\/v2\/media?parent=1194"}],"curies":[{"name":"wp","href":"https:\/\/api.w.org\/{rel}","templated":true}]}}